64.90.164.110 - - [11/Mar/2010:16:00:01 -0800] "GET / HTTP/1.0" 200 686 "-" "Mozilla/4.0 (compatible; MSIE 6.0; Windows NT 5.1)" "www.webmaster-showcase.net"
58.61.164.39 - - [11/Mar/2010:16:00:04 -0800] "GET /nav.php HTTP/1.1" 200 4763 "http://www.webmaster-showcase.net/" "Mozilla/4.0 (compatible; MSIE 6.0; Windows NT 5.1)" "www.webmaster-showcase.net"
58.61.164.39 - - [11/Mar/2010:16:00:05 -0800] "GET /main.php HTTP/1.1" 200 5445 "http://www.webmaster-showcase.net/" "Mozilla/4.0 (compatible; MSIE 6.0; Windows NT 5.1)" "www.webmaster-showcase.net"
94.102.63.11 - - [11/Mar/2010:16:00:05 -0800] "POST /phpBB2/posting.php?sid=616ff3e2b72702c3315a99e3473af4f1 HTTP/1.1" 404 579 "http://www.sindaesung.com/guest/process.php" "Mozilla/4.0 (compatible; MSIE 5.01; Windows NT 5.0)" "www.webmaster-showcase.net"
209.235.254.107 - - [11/Mar/2010:16:00:10 -0800] "GET / HTTP/1.0" 200 686 "-" "Mozilla/4.0 (compatible; MSIE 6.0; Windows NT 5.1)" "www.webmaster-showcase.net"
64.120.227.34 - - [11/Mar/2010:16:00:21 -0800] "POST /phpBB2/posting.php?sid=616ff3e2b72702c3315a99e3473af4f1 HTTP/1.1" 404 579 "http://www.sindaesung.com/guest/process.php" "Mozilla/4.0 (compatible; MSIE 5.01; Windows NT 5.0)" "www.webmaster-showcase.net"
64.120.232.58 - - [11/Mar/2010:16:00:48 -0800] "POST /phpBB2/posting.php?sid=616ff3e2b72702c3315a99e3473af4f1 HTTP/1.1" 404 579 "http://www.sindaesung.com/guest/process.php" "Mozilla/4.0 (compatible; MSIE 5.01; Windows NT 5.0)" "www.webmaster-showcase.net"
94.102.63.11 - - [11/Mar/2010:16:00:52 -0800] "POST /phpBB2/posting.php?sid=616ff3e2b72702c3315a99e3473af4f1 HTTP/1.1" 404 579 "http://www.sindaesung.com/guest/process.php" "Mozilla/4.0 (compatible; MSIE 5.01; Windows NT 5.0)" "www.webmaster-showcase.net"
64.120.227.34 - - [11/Mar/2010:16:00:59 -0800] "POST /phpBB2/posting.php?sid=616ff3e2b72702c3315a99e3473af4f1 HTTP/1.1" 404 579 "http://www.sindaesung.com/guest/process.php" "Mozilla/4.0 (compatible; MSIE 5.01; Windows NT 5.0)" "www.webmaster-showcase.net"
64.120.232.58 - - [11/Mar/2010:16:01:17 -0800] "POST /phpBB2/posting.php?sid=616ff3e2b72702c3315a99e3473af4f1 HTTP/1.1" 404 579 "http://www.sindaesung.com/guest/process.php" "Mozilla/4.0 (compatible; MSIE 5.01; Windows NT 5.0)" "www.webmaster-showcase.net"
94.102.63.11 - - [11/Mar/2010:16:01:26 -0800] "POST /phpBB2/posting.php?sid=616ff3e2b72702c3315a99e3473af4f1 HTTP/1.1" 404 579 "http://www.sindaesung.com/guest/process.php" "Mozilla/4.0 (compatible; MSIE 5.01; Windows NT 5.0)" "www.webmaster-showcase.net"
64.120.227.34 - - [11/Mar/2010:16:01:37 -0800] "POST /phpBB2/posting.php?sid=616ff3e2b72702c3315a99e3473af4f1 HTTP/1.1" 404 579 "http://www.sindaesung.com/guest/process.php" "Mozilla/4.0 (compatible; MSIE 5.01; Windows NT 5.0)" "www.webmaster-showcase.net"
64.120.232.58 - - [11/Mar/2010:16:01:39 -0800] "POST /phpBB2/posting.php?sid=616ff3e2b72702c3315a99e3473af4f1 HTTP/1.1" 404 579 "http://www.sindaesung.com/guest/process.php" "Mozilla/4.0 (compatible; MSIE 5.01; Windows NT 5.0)" "www.webmaster-showcase.net"
65.39.140.138 - - [11/Mar/2010:16:02:03 -0800] "GET / HTTP/1.0" 200 686 "-" "Mozilla/4.0 (compatible; MSIE 6.0; Windows NT 5.1)" "www.webmaster-showcase.net"
64.120.232.58 - - [11/Mar/2010:16:02:07 -0800] "POST /phpBB2/posting.php?sid=616ff3e2b72702c3315a99e3473af4f1 HTTP/1.1" 404 579 "http://www.sindaesung.com/guest/process.php" "Mozilla/4.0 (compatible; MSIE 5.01; Windows NT 5.0)" "www.webmaster-showcase.net"
94.102.63.11 - - [11/Mar/2010:16:02:08 -0800] "POST /phpBB2/posting.php?sid=616ff3e2b72702c3315a99e3473af4f1 HTTP/1.1" 404 579 "http://www.sindaesung.com/guest/process.php" "Mozilla/4.0 (compatible; MSIE 5.01; Windows NT 5.0)" "www.webmaster-showcase.net"
64.120.227.34 - - [11/Mar/2010:16:02:20 -0800] "POST /phpBB2/posting.php?sid=616ff3e2b72702c3315a99e3473af4f1 HTTP/1.1" 404 579 "http://www.sindaesung.com/guest/process.php" "Mozilla/4.0 (compatible; MSIE 5.01; Windows NT 5.0)" "www.webmaster-showcase.net"
64.120.232.58 - - [11/Mar/2010:16:02:32 -0800] "POST /phpBB2/posting.php?sid=616ff3e2b72702c3315a99e3473af4f1 HTTP/1.1" 404 579 "http://www.sindaesung.com/guest/process.php" "Mozilla/4.0 (compatible; MSIE 5.01; Windows NT 5.0)" "www.webmaster-showcase.net"
94.102.63.11 - - [11/Mar/2010:16:02:47 -0800] "POST /phpBB2/posting.php?sid=616ff3e2b72702c3315a99e3473af4f1 HTTP/1.1" 404 579 "http://www.sindaesung.com/guest/process.php" "Mozilla/4.0 (compatible; MSIE 5.01; Windows NT 5.0)" "www.webmaster-showcase.net"
64.120.227.34 - - [11/Mar/2010:16:03:05 -0800] "POST /phpBB2/posting.php?sid=616ff3e2b72702c3315a99e3473af4f1 HTTP/1.1" 404 579 "http://www.sindaesung.com/guest/process.php" "Mozilla/4.0 (compatible; MSIE 5.01; Windows NT 5.0)" "www.webmaster-showcase.net"
64.120.232.58 - - [11/Mar/2010:16:03:08 -0800] "POST /phpBB2/posting.php?sid=616ff3e2b72702c3315a99e3473af4f1 HTTP/1.1" 404 579 "http://www.sindaesung.com/guest/process.php" "Mozilla/4.0 (compatible; MSIE 5.01; Windows NT 5.0)" "www.webmaster-showcase.net"
94.102.63.11 - - [11/Mar/2010:16:03:27 -0800] "POST /phpBB2/posting.php?sid=616ff3e2b72702c3315a99e3473af4f1 HTTP/1.1" 404 579 "http://www.sindaesung.com/guest/process.php" "Mozilla/4.0 (compatible; MSIE 5.01; Windows NT 5.0)" "www.webmaster-showcase.net"
69.20.70.31 - - [11/Mar/2010:16:03:34 -0800] "GET / HTTP/1.0" 200 686 "-" "Mozilla/4.0 (compatible; MSIE 6.0; Windows NT 5.1)" "www.webmaster-showcase.net"
64.120.232.58 - - [11/Mar/2010:16:03:35 -0800] "POST /phpBB2/posting.php?sid=616ff3e2b72702c3315a99e3473af4f1 HTTP/1.1" 404 579 "http://www.sindaesung.com/guest/process.php" "Mozilla/4.0 (compatible; MSIE 5.01; Windows NT 5.0)" "www.webmaster-showcase.net"
64.120.227.34 - - [11/Mar/2010:16:03:45 -0800] "POST /phpBB2/posting.php?sid=616ff3e2b72702c3315a99e3473af4f1 HTTP/1.1" 404 579 "http://www.sindaesung.com/guest/process.php" "Mozilla/4.0 (compatible; MSIE 5.01; Windows NT 5.0)" "www.webmaster-showcase.net"
207.46.199.52 - - [11/Mar/2010:16:03:57 -0800] "GET /robots.txt HTTP/1.1" 404 571 "-" "msnbot/2.0b (+http://search.msn.com/msnbot.htm)" "www.webmaster-showcase.net"
65.17.253.220 - - [11/Mar/2010:16:04:04 -0800] "GET / HTTP/1.0" 200 686 "-" "Mozilla/4.0 (compatible; MSIE 6.0; Windows NT 5.1)" "www.webmaster-showcase.net"
64.120.232.58 - - [11/Mar/2010:16:04:06 -0800] "POST /phpBB2/posting.php?sid=616ff3e2b72702c3315a99e3473af4f1 HTTP/1.1" 404 579 "http://www.sindaesung.com/guest/process.php" "Mozilla/4.0 (compatible; MSIE 5.01; Windows NT 5.0)" "www.webmaster-showcase.net"
94.102.63.11 - - [11/Mar/2010:16:04:08 -0800] "POST /phpBB2/posting.php?sid=616ff3e2b72702c3315a99e3473af4f1 HTTP/1.1" 404 579 "http://www.sindaesung.com/guest/process.php" "Mozilla/4.0 (compatible; MSIE 5.01; Windows NT 5.0)" "www.webmaster-showcase.net"
64.120.227.34 - - [11/Mar/2010:16:04:25 -0800] "POST /phpBB2/posting.php?sid=616ff3e2b72702c3315a99e3473af4f1 HTTP/1.1" 404 579 "http://www.sindaesung.com/guest/process.php" "Mozilla/4.0 (compatible; MSIE 5.01; Windows NT 5.0)" "www.webmaster-showcase.net"
64.120.232.58 - - [11/Mar/2010:16:04:30 -0800] "POST /phpBB2/posting.php?sid=616ff3e2b72702c3315a99e3473af4f1 HTTP/1.1" 404 579 "http://www.sindaesung.com/guest/process.php" "Mozilla/4.0 (compatible; MSIE 5.01; Windows NT 5.0)" "www.webmaster-showcase.net"
94.102.63.11 - - [11/Mar/2010:16:04:55 -0800] "POST /phpBB2/posting.php?sid=616ff3e2b72702c3315a99e3473af4f1 HTTP/1.1" 404 579 "http://www.sindaesung.com/guest/process.php" "Mozilla/4.0 (compatible; MSIE 5.01; Windows NT 5.0)" "www.webmaster-showcase.net"
64.120.232.58 - - [11/Mar/2010:16:05:01 -0800] "POST /phpBB2/posting.php?sid=616ff3e2b72702c3315a99e3473af4f1 HTTP/1.1" 404 579 "http://www.sindaesung.com/guest/process.php" "Mozilla/4.0 (compatible; MSIE 5.01; Windows NT 5.0)" "www.webmaster-showcase.net"
64.120.227.34 - - [11/Mar/2010:16:05:04 -0800] "POST /phpBB2/posting.php?sid=616ff3e2b72702c3315a99e3473af4f1 HTTP/1.1" 404 579 "http://www.sindaesung.com/guest/process.php" "Mozilla/4.0 (compatible; MSIE 5.01; Windows NT 5.0)" "www.webmaster-showcase.net"
64.120.232.58 - - [11/Mar/2010:16:05:20 -0800] "POST /phpBB2/posting.php?sid=616ff3e2b72702c3315a99e3473af4f1 HTTP/1.1" 404 579 "http://www.sindaesung.com/guest/process.php" "Mozilla/4.0 (compatible; MSIE 5.01; Windows NT 5.0)" "www.webmaster-showcase.net"
94.102.63.11 - - [11/Mar/2010:16:05:33 -0800] "POST /phpBB2/posting.php?sid=616ff3e2b72702c3315a99e3473af4f1 HTTP/1.1" 404 579 "http://www.sindaesung.com/guest/process.php" "Mozilla/4.0 (compatible; MSIE 5.01; Windows NT 5.0)" "www.webmaster-showcase.net"
64.120.227.34 - - [11/Mar/2010:16:05:47 -0800] "POST /phpBB2/posting.php?sid=616ff3e2b72702c3315a99e3473af4f1 HTTP/1.1" 404 579 "http://www.sindaesung.com/guest/process.php" "Mozilla/4.0 (compatible; MSIE 5.01; Windows NT 5.0)" "www.webmaster-showcase.net"
64.120.232.58 - - [11/Mar/2010:16:05:50 -0800] "POST /phpBB2/posting.php?sid=616ff3e2b72702c3315a99e3473af4f1 HTTP/1.1" 404 579 "http://www.sindaesung.com/guest/process.php" "Mozilla/4.0 (compatible; MSIE 5.01; Windows NT 5.0)" "www.webmaster-showcase.net"
94.102.63.11 - - [11/Mar/2010:16:06:14 -0800] "POST /phpBB2/posting.php?sid=616ff3e2b72702c3315a99e3473af4f1 HTTP/1.1" 404 579 "http://www.sindaesung.com/guest/process.php" "Mozilla/4.0 (compatible; MSIE 5.01; Windows NT 5.0)" "www.webmaster-showcase.net"
64.120.232.58 - - [11/Mar/2010:16:06:23 -0800] "POST /phpBB2/posting.php?sid=616ff3e2b72702c3315a99e3473af4f1 HTTP/1.1" 404 579 "http://www.sindaesung.com/guest/process.php" "Mozilla/4.0 (compatible; MSIE 5.01; Windows NT 5.0)" "www.webmaster-showcase.net"
64.120.227.34 - - [11/Mar/2010:16:06:23 -0800] "POST /phpBB2/posting.php?sid=616ff3e2b72702c3315a99e3473af4f1 HTTP/1.1" 404 579 "http://www.sindaesung.com/guest/process.php" "Mozilla/4.0 (compatible; MSIE 5.01; Windows NT 5.0)" "www.webmaster-showcase.net"
94.102.63.11 - - [11/Mar/2010:16:06:52 -0800] "POST /phpBB2/posting.php?sid=616ff3e2b72702c3315a99e3473af4f1 HTTP/1.1" 404 579 "http://www.sindaesung.com/guest/process.php" "Mozilla/4.0 (compatible; MSIE 5.01; Windows NT 5.0)" "www.webmaster-showcase.net"
64.120.232.58 - - [11/Mar/2010:16:06:56 -0800] "POST /phpBB2/posting.php?sid=616ff3e2b72702c3315a99e3473af4f1 HTTP/1.1" 404 579 "http://www.sindaesung.com/guest/process.php" "Mozilla/4.0 (compatible; MSIE 5.01; Windows NT 5.0)" "www.webmaster-showcase.net"
208.109.21.238 - - [11/Mar/2010:16:07:02 -0800] "GET / HTTP/1.0" 200 686 "-" "Mozilla/4.0 (compatible; MSIE 6.0; Windows NT 5.1)" "www.webmaster-showcase.net"
64.120.227.34 - - [11/Mar/2010:16:07:06 -0800] "POST /phpBB2/posting.php?sid=616ff3e2b72702c3315a99e3473af4f1 HTTP/1.1" 404 579 "http://www.sindaesung.com/guest/process.php" "Mozilla/4.0 (compatible; MSIE 5.01; Windows NT 5.0)" "www.webmaster-showcase.net"
64.120.232.58 - - [11/Mar/2010:16:07:26 -0800] "POST /phpBB2/posting.php?sid=616ff3e2b72702c3315a99e3473af4f1 HTTP/1.1" 404 579 "http://www.sindaesung.com/guest/process.php" "Mozilla/4.0 (compatible; MSIE 5.01; Windows NT 5.0)" "www.webmaster-showcase.net"
94.102.63.11 - - [11/Mar/2010:16:07:34 -0800] "POST /phpBB2/posting.php?sid=616ff3e2b72702c3315a99e3473af4f1 HTTP/1.1" 404 579 "http://www.sindaesung.com/guest/process.php" "Mozilla/4.0 (compatible; MSIE 5.01; Windows NT 5.0)" "www.webmaster-showcase.net"
64.120.227.34 - - [11/Mar/2010:16:07:56 -0800] "POST /phpBB2/posting.php?sid=616ff3e2b72702c3315a99e3473af4f1 HTTP/1.1" 404 579 "http://www.sindaesung.com/guest/process.php" "Mozilla/4.0 (compatible; MSIE 5.01; Windows NT 5.0)" "www.webmaster-showcase.net"
64.120.232.58 - - [11/Mar/2010:16:07:58 -0800] "POST /phpBB2/posting.php?sid=616ff3e2b72702c3315a99e3473af4f1 HTTP/1.1" 404 579 "http://www.sindaesung.com/guest/process.php" "Mozilla/4.0 (compatible; MSIE 5.01; Windows NT 5.0)" "www.webmaster-showcase.net"
64.120.232.58 - - [11/Mar/2010:16:08:17 -0800] "POST /phpBB2/posting.php?sid=616ff3e2b72702c3315a99e3473af4f1 HTTP/1.1" 404 579 "http://www.sindaesung.com/guest/process.php" "Mozilla/4.0 (compatible; MSIE 5.01; Windows NT 5.0)" "www.webmaster-showcase.net"
94.102.63.11 - - [11/Mar/2010:16:08:17 -0800] "POST /phpBB2/posting.php?sid=616ff3e2b72702c3315a99e3473af4f1 HTTP/1.1" 404 579 "http://www.sindaesung.com/guest/process.php" "Mozilla/4.0 (compatible; MSIE 5.01; Windows NT 5.0)" "www.webmaster-showcase.net"
64.120.227.34 - - [11/Mar/2010:16:08:28 -0800] "POST /phpBB2/posting.php?sid=616ff3e2b72702c3315a99e3473af4f1 HTTP/1.1" 404 579 "http://www.sindaesung.com/guest/process.php" "Mozilla/4.0 (compatible; MSIE 5.01; Windows NT 5.0)" "www.webmaster-showcase.net"
212.95.226.66 - - [11/Mar/2010:16:08:34 -0800] "GET / HTTP/1.0" 200 686 "-" "Mozilla/4.0 (compatible; MSIE 6.0; Windows NT 5.1)" "www.webmaster-showcase.net"
115.124.102.102 - - [11/Mar/2010:16:08:37 -0800] "GET /logs/showfile.php/access_100202.log//components/com_joomlalib/standalone/stubjambo.php?baseDir=http://geo.metodist.ru/images/id? HTTP/1.1" 200 1595 "-" "libwww-perl/5.820" "webmaster-showcase.net"
94.102.63.11 - - [11/Mar/2010:16:08:55 -0800] "POST /phpBB2/posting.php?sid=616ff3e2b72702c3315a99e3473af4f1 HTTP/1.1" 404 579 "http://www.sindaesung.com/guest/process.php" "Mozilla/4.0 (compatible; MSIE 5.01; Windows NT 5.0)" "www.webmaster-showcase.net"
64.120.232.58 - - [11/Mar/2010:16:08:57 -0800] "POST /phpBB2/posting.php?sid=616ff3e2b72702c3315a99e3473af4f1 HTTP/1.1" 404 579 "http://www.sindaesung.com/guest/process.php" "Mozilla/4.0 (compatible; MSIE 5.01; Windows NT 5.0)" "www.webmaster-showcase.net"
64.120.227.34 - - [11/Mar/2010:16:09:09 -0800] "POST /phpBB2/posting.php?sid=616ff3e2b72702c3315a99e3473af4f1 HTTP/1.1" 404 579 "http://www.sindaesung.com/guest/process.php" "Mozilla/4.0 (compatible; MSIE 5.01; Windows NT 5.0)" "www.webmaster-showcase.net"
64.120.232.58 - - [11/Mar/2010:16:09:30 -0800] "POST /phpBB2/posting.php?sid=616ff3e2b72702c3315a99e3473af4f1 HTTP/1.1" 404 579 "http://www.sindaesung.com/guest/process.php" "Mozilla/4.0 (compatible; MSIE 5.01; Windows NT 5.0)" "www.webmaster-showcase.net"
94.102.63.11 - - [11/Mar/2010:16:09:31 -0800] "POST /phpBB2/posting.php?sid=616ff3e2b72702c3315a99e3473af4f1 HTTP/1.1" 404 579 "http://www.sindaesung.com/guest/process.php" "Mozilla/4.0 (compatible; MSIE 5.01; Windows NT 5.0)" "www.webmaster-showcase.net"
78.108.178.135 - - [11/Mar/2010:16:09:41 -0800] "GET /phpBB2/posting.php?mode=reply&t=28913 HTTP/1.1" 404 579 "http://www.webmaster-showcase.net/phpBB2/viewtopic.php?t=28913&start=?t=28913&postdays=0&postorder=asc&start=30" "Mozilla/4.0 (compatible; MSIE 6.0; Windows NT 5.0)" "www.webmaster-showcase.net"
195.229.236.215 - - [11/Mar/2010:16:09:44 -0800] "POST /phpBB2/posting.php HTTP/1.1" 404 579 "http://www.webmaster-showcase.net/phpBB2/posting.php?mode=reply&t=28913" "Mozilla/4.0 (compatible; MSIE 6.0; Windows NT 5.1)" "www.webmaster-showcase.net"
64.120.227.34 - - [11/Mar/2010:16:09:50 -0800] "POST /phpBB2/posting.php?sid=616ff3e2b72702c3315a99e3473af4f1 HTTP/1.1" 404 579 "http://www.sindaesung.com/guest/process.php" "Mozilla/4.0 (compatible; MSIE 5.01; Windows NT 5.0)" "www.webmaster-showcase.net"
64.120.232.58 - - [11/Mar/2010:16:09:51 -0800] "POST /phpBB2/posting.php?sid=616ff3e2b72702c3315a99e3473af4f1 HTTP/1.1" 404 579 "http://www.sindaesung.com/guest/process.php" "Mozilla/4.0 (compatible; MSIE 5.01; Windows NT 5.0)" "www.webmaster-showcase.net"
94.102.63.11 - - [11/Mar/2010:16:10:12 -0800] "POST /phpBB2/posting.php?sid=616ff3e2b72702c3315a99e3473af4f1 HTTP/1.1" 404 579 "http://www.sindaesung.com/guest/process.php" "Mozilla/4.0 (compatible; MSIE 5.01; Windows NT 5.0)" "www.webmaster-showcase.net"
64.120.232.58 - - [11/Mar/2010:16:10:19 -0800] "POST /phpBB2/posting.php?sid=616ff3e2b72702c3315a99e3473af4f1 HTTP/1.1" 404 579 "http://www.sindaesung.com/guest/process.php" "Mozilla/4.0 (compatible; MSIE 5.01; Windows NT 5.0)" "www.webmaster-showcase.net"
64.120.227.34 - - [11/Mar/2010:16:10:32 -0800] "POST /phpBB2/posting.php?sid=616ff3e2b72702c3315a99e3473af4f1 HTTP/1.1" 404 579 "http://www.sindaesung.com/guest/process.php" "Mozilla/4.0 (compatible; MSIE 5.01; Windows NT 5.0)" "www.webmaster-showcase.net"
64.120.232.58 - - [11/Mar/2010:16:10:53 -0800] "POST /phpBB2/posting.php?sid=616ff3e2b72702c3315a99e3473af4f1 HTTP/1.1" 404 579 "http://www.sindaesung.com/guest/process.php" "Mozilla/4.0 (compatible; MSIE 5.01; Windows NT 5.0)" "www.webmaster-showcase.net"
94.102.63.11 - - [11/Mar/2010:16:10:55 -0800] "POST /phpBB2/posting.php?sid=616ff3e2b72702c3315a99e3473af4f1 HTTP/1.1" 404 579 "http://www.sindaesung.com/guest/process.php" "Mozilla/4.0 (compatible; MSIE 5.01; Windows NT 5.0)" "www.webmaster-showcase.net"
62.149.226.208 - - [11/Mar/2010:16:11:03 -0800] "GET / HTTP/1.0" 200 686 "-" "Mozilla/4.0 (compatible; MSIE 6.0; Windows NT 5.1)" "www.webmaster-showcase.net"
207.46.199.49 - - [11/Mar/2010:16:11:07 -0800] "GET /nav.php HTTP/1.1" 200 4763 "-" "msnbot/2.0b (+http://search.msn.com/msnbot.htm)" "www.webmaster-showcase.net"
64.120.227.34 - - [11/Mar/2010:16:11:12 -0800] "POST /phpBB2/posting.php?sid=616ff3e2b72702c3315a99e3473af4f1 HTTP/1.1" 404 579 "http://www.sindaesung.com/guest/process.php" "Mozilla/4.0 (compatible; MSIE 5.01; Windows NT 5.0)" "www.webmaster-showcase.net"
64.120.232.58 - - [11/Mar/2010:16:11:20 -0800] "POST /phpBB2/posting.php?sid=616ff3e2b72702c3315a99e3473af4f1 HTTP/1.1" 404 579 "http://www.sindaesung.com/guest/process.php" "Mozilla/4.0 (compatible; MSIE 5.01; Windows NT 5.0)" "www.webmaster-showcase.net"
94.102.63.11 - - [11/Mar/2010:16:11:34 -0800] "POST /phpBB2/posting.php?sid=616ff3e2b72702c3315a99e3473af4f1 HTTP/1.1" 404 579 "http://www.sindaesung.com/guest/process.php" "Mozilla/4.0 (compatible; MSIE 5.01; Windows NT 5.0)" "www.webmaster-showcase.net"
64.120.227.34 - - [11/Mar/2010:16:12:01 -0800] "POST /phpBB2/posting.php?sid=616ff3e2b72702c3315a99e3473af4f1 HTTP/1.1" 404 579 "http://www.sindaesung.com/guest/process.php" "Mozilla/4.0 (compatible; MSIE 5.01; Windows NT 5.0)" "www.webmaster-showcase.net"
94.102.63.11 - - [11/Mar/2010:16:12:12 -0800] "POST /phpBB2/posting.php?sid=616ff3e2b72702c3315a99e3473af4f1 HTTP/1.1" 404 579 "http://www.sindaesung.com/guest/process.php" "Mozilla/4.0 (compatible; MSIE 5.01; Windows NT 5.0)" "www.webmaster-showcase.net"
64.120.232.58 - - [11/Mar/2010:16:12:36 -0800] "POST /phpBB2/posting.php?sid=616ff3e2b72702c3315a99e3473af4f1 HTTP/1.1" 404 579 "http://www.sindaesung.com/guest/process.php" "Mozilla/4.0 (compatible; MSIE 5.01; Windows NT 5.0)" "www.webmaster-showcase.net"
64.120.227.34 - - [11/Mar/2010:16:12:44 -0800] "POST /phpBB2/posting.php?sid=616ff3e2b72702c3315a99e3473af4f1 HTTP/1.1" 404 579 "http://www.sindaesung.com/guest/process.php" "Mozilla/4.0 (compatible; MSIE 5.01; Windows NT 5.0)" "www.webmaster-showcase.net"
94.102.63.11 - - [11/Mar/2010:16:12:57 -0800] "POST /phpBB2/posting.php?sid=616ff3e2b72702c3315a99e3473af4f1 HTTP/1.1" 404 579 "http://www.sindaesung.com/guest/process.php" "Mozilla/4.0 (compatible; MSIE 5.01; Windows NT 5.0)" "www.webmaster-showcase.net"
64.120.232.58 - - [11/Mar/2010:16:13:12 -0800] "POST /phpBB2/posting.php?sid=616ff3e2b72702c3315a99e3473af4f1 HTTP/1.1" 404 579 "http://www.sindaesung.com/guest/process.php" "Mozilla/4.0 (compatible; MSIE 5.01; Windows NT 5.0)" "www.webmaster-showcase.net"
64.120.227.34 - - [11/Mar/2010:16:13:23 -0800] "POST /phpBB2/posting.php?sid=616ff3e2b72702c3315a99e3473af4f1 HTTP/1.1" 404 579 "http://www.sindaesung.com/guest/process.php" "Mozilla/4.0 (compatible; MSIE 5.01; Windows NT 5.0)" "www.webmaster-showcase.net"
94.102.63.11 - - [11/Mar/2010:16:13:38 -0800] "POST /phpBB2/posting.php?sid=616ff3e2b72702c3315a99e3473af4f1 HTTP/1.1" 404 579 "http://www.sindaesung.com/guest/process.php" "Mozilla/4.0 (compatible; MSIE 5.01; Windows NT 5.0)" "www.webmaster-showcase.net"
64.120.232.58 - - [11/Mar/2010:16:13:44 -0800] "POST /phpBB2/posting.php?sid=616ff3e2b72702c3315a99e3473af4f1 HTTP/1.1" 404 579 "http://www.sindaesung.com/guest/process.php" "Mozilla/4.0 (compatible; MSIE 5.01; Windows NT 5.0)" "www.webmaster-showcase.net"
64.120.227.34 - - [11/Mar/2010:16:14:02 -0800] "POST /phpBB2/posting.php?sid=616ff3e2b72702c3315a99e3473af4f1 HTTP/1.1" 404 579 "http://www.sindaesung.com/guest/process.php" "Mozilla/4.0 (compatible; MSIE 5.01; Windows NT 5.0)" "www.webmaster-showcase.net"
64.120.232.58 - - [11/Mar/2010:16:14:04 -0800] "POST /phpBB2/posting.php?sid=616ff3e2b72702c3315a99e3473af4f1 HTTP/1.1" 404 579 "http://www.sindaesung.com/guest/process.php" "Mozilla/4.0 (compatible; MSIE 5.01; Windows NT 5.0)" "www.webmaster-showcase.net"
96.9.132.197 - - [11/Mar/2010:16:14:17 -0800] "GET ////skin/board/moviefl/download.php?board_skin_path=http://www.noin9191.com/ams/ammember/fx29id1.txt?? HTTP/1.1" 404 591 "-" "Mozilla/5.0" "webmaster-showcase.net"
96.9.132.197 - - [11/Mar/2010:16:14:17 -0800] "GET /logs/////skin/board/moviefl/download.php?board_skin_path=http://www.noin9191.com/ams/ammember/fx29id1.txt?? HTTP/1.1" 404 597 "-" "Mozilla/5.0" "webmaster-showcase.net"
96.9.132.197 - - [11/Mar/2010:16:14:17 -0800] "GET /logs/showfile.php/////skin/board/moviefl/download.php?board_skin_path=http://www.noin9191.com/ams/ammember/fx29id1.txt?? HTTP/1.1" 200 1595 "-" "Mozilla/5.0" "webmaster-showcase.net"
96.9.132.197 - - [11/Mar/2010:16:14:17 -0800] "GET /logs/showfile.php/access_100212.log%20%20/////skin/board/moviefl/download.php?board_skin_path=http://www.noin9191.com/ams/ammember/fx29id1.txt?? HTTP/1.1" 200 1595 "-" "Mozilla/5.0" "webmaster-showcase.net"
94.102.63.11 - - [11/Mar/2010:16:14:18 -0800] "POST /phpBB2/posting.php?sid=616ff3e2b72702c3315a99e3473af4f1 HTTP/1.1" 404 579 "http://www.sindaesung.com/guest/process.php" "Mozilla/4.0 (compatible; MSIE 5.01; Windows NT 5.0)" "www.webmaster-showcase.net"
96.9.132.197 - - [11/Mar/2010:16:14:20 -0800] "GET /logs/////skin/board/moviefl/download.php?board_skin_path=http://www.noin9191.com/ams/ammember/fx29id1.txt?? HTTP/1.1" 404 601 "-" "Mozilla/5.0" "www.webmaster-showcase.net"
96.9.132.197 - - [11/Mar/2010:16:14:20 -0800] "GET ////skin/board/moviefl/download.php?board_skin_path=http://www.noin9191.com/ams/ammember/fx29id1.txt?? HTTP/1.0" 404 579 "-" "Mozilla/5.0" "www.webmaster-showcase.net"
96.9.132.197 - - [11/Mar/2010:16:14:20 -0800] "GET /logs/showfile.php/access_100209.log%20%20/////skin/board/moviefl/download.php?board_skin_path=http://www.noin9191.com/ams/ammember/fx29id1.txt?? HTTP/1.1" 200 1595 "-" "Mozilla/5.0" "www.webmaster-showcase.net"
96.9.132.197 - - [11/Mar/2010:16:14:21 -0800] "GET /logs/showfile.php/////skin/board/moviefl/download.php?board_skin_path=http://www.noin9191.com/ams/ammember/fx29id1.txt?? HTTP/1.1" 200 1595 "-" "Mozilla/5.0" "www.webmaster-showcase.net"
64.120.232.58 - - [11/Mar/2010:16:14:36 -0800] "POST /phpBB2/posting.php?sid=616ff3e2b72702c3315a99e3473af4f1 HTTP/1.1" 404 579 "http://www.sindaesung.com/guest/process.php" "Mozilla/4.0 (compatible; MSIE 5.01; Windows NT 5.0)" "www.webmaster-showcase.net"
64.120.227.34 - - [11/Mar/2010:16:14:40 -0800] "POST /phpBB2/posting.php?sid=616ff3e2b72702c3315a99e3473af4f1 HTTP/1.1" 404 579 "http://www.sindaesung.com/guest/process.php" "Mozilla/4.0 (compatible; MSIE 5.01; Windows NT 5.0)" "www.webmaster-showcase.net"
64.90.164.110 - - [11/Mar/2010:16:15:01 -0800] "GET / HTTP/1.0" 200 686 "-" "Mozilla/4.0 (compatible; MSIE 6.0; Windows NT 5.1)" "www.webmaster-showcase.net"
94.102.63.11 - - [11/Mar/2010:16:15:03 -0800] "POST /phpBB2/posting.php?sid=616ff3e2b72702c3315a99e3473af4f1 HTTP/1.1" 404 579 "http://www.sindaesung.com/guest/process.php" "Mozilla/4.0 (compatible; MSIE 5.01; Windows NT 5.0)" "www.webmaster-showcase.net"
64.120.232.58 - - [11/Mar/2010:16:15:04 -0800] "POST /phpBB2/posting.php?sid=616ff3e2b72702c3315a99e3473af4f1 HTTP/1.1" 404 579 "http://www.sindaesung.com/guest/process.php" "Mozilla/4.0 (compatible; MSIE 5.01; Windows NT 5.0)" "www.webmaster-showcase.net"
209.235.254.107 - - [11/Mar/2010:16:15:10 -0800] "GET / HTTP/1.0" 200 686 "-" "Mozilla/4.0 (compatible; MSIE 6.0; Windows NT 5.1)" "www.webmaster-showcase.net"
165.132.30.11 - - [11/Mar/2010:16:15:22 -0800] "GET /components/com_joomlalib/standalone/stubjambo.php?baseDir=http://www.ingenieriacomercial.com/list/respon1.txt? HTTP/1.1" 404 610 "-" "Mozilla/5.0" "www.webmaster-showcase.net"
165.132.30.11 - - [11/Mar/2010:16:15:22 -0800] "GET /logs//components/com_joomlalib/standalone/stubjambo.php?baseDir=http://www.ingenieriacomercial.com/list/respon1.txt? HTTP/1.1" 404 616 "-" "Mozilla/5.0" "www.webmaster-showcase.net"
165.132.30.11 - - [11/Mar/2010:16:15:23 -0800] "GET /logs/showfile.php//components/com_joomlalib/standalone/stubjambo.php?baseDir=http://www.ingenieriacomercial.com/list/respon1.txt? HTTP/1.1" 200 1595 "-" "Mozilla/5.0" "www.webmaster-showcase.net"
64.120.227.34 - - [11/Mar/2010:16:15:26 -0800] "POST /phpBB2/posting.php?sid=616ff3e2b72702c3315a99e3473af4f1 HTTP/1.1" 404 579 "http://www.sindaesung.com/guest/process.php" "Mozilla/4.0 (compatible; MSIE 5.01; Windows NT 5.0)" "www.webmaster-showcase.net"
165.132.30.11 - - [11/Mar/2010:16:15:26 -0800] "GET /logs/showfile.php/access.log//components/com_joomlalib/standalone/stubjambo.php?baseDir=http://www.ingenieriacomercial.com/list/respon1.txt? HTTP/1.1" 200 1595 "-" "Mozilla/5.0" "www.webmaster-showcase.net"
64.120.232.58 - - [11/Mar/2010:16:15:32 -0800] "POST /phpBB2/posting.php?sid=616ff3e2b72702c3315a99e3473af4f1 HTTP/1.1" 404 579 "http://www.sindaesung.com/guest/process.php" "Mozilla/4.0 (compatible; MSIE 5.01; Windows NT 5.0)" "www.webmaster-showcase.net"
165.132.30.11 - - [11/Mar/2010:16:15:39 -0800] "GET /components/com_joomlalib/standalone/stubjambo.php?baseDir=http://www.ingenieriacomercial.com/list/respon1.txt? HTTP/1.1" 404 606 "-" "Mozilla/5.0" "webmaster-showcase.net"
165.132.30.11 - - [11/Mar/2010:16:15:39 -0800] "GET /logs/showfile.php//components/com_joomlalib/standalone/stubjambo.php?baseDir=http://www.ingenieriacomercial.com/list/respon1.txt? HTTP/1.1" 200 1595 "-" "Mozilla/5.0" "webmaster-showcase.net"
165.132.30.11 - - [11/Mar/2010:16:15:39 -0800] "GET /logs//components/com_joomlalib/standalone/stubjambo.php?baseDir=http://www.ingenieriacomercial.com/list/respon1.txt? HTTP/1.1" 404 612 "-" "Mozilla/5.0" "webmaster-showcase.net"
165.132.30.11 - - [11/Mar/2010:16:15:39 -0800] "GET /logs/showfile.php/access_100221.log//components/com_joomlalib/standalone/stubjambo.php?baseDir=http://www.ingenieriacomercial.com/list/respon1.txt? HTTP/1.1" 200 1595 "-" "Mozilla/5.0" "webmaster-showcase.net"
165.132.30.11 - - [11/Mar/2010:16:15:41 -0800] "GET /logs/showfile.php//components/com_joomlalib/standalone/stubjambo.php?baseDir=http://www.ingenieriacomercial.com/list/respon1.txt? HTTP/1.1" 200 1595 "-" "Mozilla/5.0" "www.webmaster-showcase.net"
165.132.30.11 - - [11/Mar/2010:16:15:41 -0800] "GET /components/com_joomlalib/standalone/stubjambo.php?baseDir=http://www.ingenieriacomercial.com/list/respon1.txt? HTTP/1.1" 404 610 "-" "Mozilla/5.0" "www.webmaster-showcase.net"
165.132.30.11 - - [11/Mar/2010:16:15:41 -0800] "GET /logs/showfile.php/access.log//components/com_joomlalib/standalone/stubjambo.php?baseDir=http://www.ingenieriacomercial.com/list/respon1.txt? HTTP/1.1" 200 1595 "-" "Mozilla/5.0" "www.webmaster-showcase.net"
165.132.30.11 - - [11/Mar/2010:16:15:41 -0800] "GET /logs//components/com_joomlalib/standalone/stubjambo.php?baseDir=http://www.ingenieriacomercial.com/list/respon1.txt? HTTP/1.1" 404 616 "-" "Mozilla/5.0" "www.webmaster-showcase.net"
94.102.63.11 - - [11/Mar/2010:16:15:42 -0800] "POST /phpBB2/posting.php?sid=616ff3e2b72702c3315a99e3473af4f1 HTTP/1.1" 404 579 "http://www.sindaesung.com/guest/process.php" "Mozilla/4.0 (compatible; MSIE 5.01; Windows NT 5.0)" "www.webmaster-showcase.net"
203.250.124.252 - - [11/Mar/2010:16:15:44 -0800] "GET /components/com_joomlalib/standalone/stubjambo.php?baseDir=http://www.ingenieriacomercial.com/list/respon1.txt? HTTP/1.1" 404 606 "-" "Mozilla/5.0" "webmaster-showcase.net"
203.250.124.252 - - [11/Mar/2010:16:15:44 -0800] "GET /logs//components/com_joomlalib/standalone/stubjambo.php?baseDir=http://www.ingenieriacomercial.com/list/respon1.txt? HTTP/1.1" 404 612 "-" "Mozilla/5.0" "webmaster-showcase.net"
203.250.124.252 - - [11/Mar/2010:16:15:44 -0800] "GET /logs/showfile.php/access_100221.log//components/com_joomlalib/standalone/stubjambo.php?baseDir=http://www.ingenieriacomercial.com/list/respon1.txt? HTTP/1.1" 200 1595 "-" "Mozilla/5.0" "webmaster-showcase.net"
203.250.124.252 - - [11/Mar/2010:16:15:44 -0800] "GET /logs/showfile.php//components/com_joomlalib/standalone/stubjambo.php?baseDir=http://www.ingenieriacomercial.com/list/respon1.txt? HTTP/1.1" 200 1595 "-" "Mozilla/5.0" "webmaster-showcase.net"
64.120.232.58 - - [11/Mar/2010:16:15:58 -0800] "POST /phpBB2/posting.php?sid=616ff3e2b72702c3315a99e3473af4f1 HTTP/1.1" 404 579 "http://www.sindaesung.com/guest/process.php" "Mozilla/4.0 (compatible; MSIE 5.01; Windows NT 5.0)" "www.webmaster-showcase.net"
64.120.227.34 - - [11/Mar/2010:16:16:11 -0800] "POST /phpBB2/posting.php?sid=616ff3e2b72702c3315a99e3473af4f1 HTTP/1.1" 404 579 "http://www.sindaesung.com/guest/process.php" "Mozilla/4.0 (compatible; MSIE 5.01; Windows NT 5.0)" "www.webmaster-showcase.net"
94.102.63.11 - - [11/Mar/2010:16:16:19 -0800] "POST /phpBB2/posting.php?sid=616ff3e2b72702c3315a99e3473af4f1 HTTP/1.1" 404 579 "http://www.sindaesung.com/guest/process.php" "Mozilla/4.0 (compatible; MSIE 5.01; Windows NT 5.0)" "www.webmaster-showcase.net"
165.132.30.11 - - [11/Mar/2010:16:16:27 -0800] "GET /components/com_joomlalib/standalone/stubjambo.php?baseDir=http://www.ingenieriacomercial.com/list/respon1.txt? HTTP/1.1" 404 606 "-" "Mozilla/5.0" "webmaster-showcase.net"
165.132.30.11 - - [11/Mar/2010:16:16:27 -0800] "GET /logs/showfile.php/access_100221.log//components/com_joomlalib/standalone/stubjambo.php?baseDir=http://www.ingenieriacomercial.com/list/respon1.txt? HTTP/1.1" 200 1595 "-" "Mozilla/5.0" "webmaster-showcase.net"
165.132.30.11 - - [11/Mar/2010:16:16:27 -0800] "GET /logs//components/com_joomlalib/standalone/stubjambo.php?baseDir=http://www.ingenieriacomercial.com/list/respon1.txt? HTTP/1.1" 404 612 "-" "Mozilla/5.0" "webmaster-showcase.net"
165.132.30.11 - - [11/Mar/2010:16:16:27 -0800] "GET /logs/showfile.php//components/com_joomlalib/standalone/stubjambo.php?baseDir=http://www.ingenieriacomercial.com/list/respon1.txt? HTTP/1.1" 200 1595 "-" "Mozilla/5.0" "webmaster-showcase.net"
64.120.232.58 - - [11/Mar/2010:16:16:32 -0800] "POST /phpBB2/posting.php?sid=616ff3e2b72702c3315a99e3473af4f1 HTTP/1.1" 404 579 "http://www.sindaesung.com/guest/process.php" "Mozilla/4.0 (compatible; MSIE 5.01; Windows NT 5.0)" "www.webmaster-showcase.net"
64.120.227.34 - - [11/Mar/2010:16:16:46 -0800] "POST /phpBB2/posting.php?sid=616ff3e2b72702c3315a99e3473af4f1 HTTP/1.1" 404 579 "http://www.sindaesung.com/guest/process.php" "Mozilla/4.0 (compatible; MSIE 5.01; Windows NT 5.0)" "www.webmaster-showcase.net"
96.9.132.197 - - [11/Mar/2010:16:16:50 -0800] "GET /logs/showfile.php/////skin/board/moviefl/download.php?board_skin_path=http://www.noin9191.com/ams/ammember/fx29id1.txt?? HTTP/1.1" 200 1595 "-" "Mozilla/5.0" "webmaster-showcase.net"
96.9.132.197 - - [11/Mar/2010:16:16:51 -0800] "GET /logs/////skin/board/moviefl/download.php?board_skin_path=http://www.noin9191.com/ams/ammember/fx29id1.txt?? HTTP/1.1" 404 597 "-" "Mozilla/5.0" "webmaster-showcase.net"
96.9.132.197 - - [11/Mar/2010:16:16:51 -0800] "GET ////skin/board/moviefl/download.php?board_skin_path=http://www.noin9191.com/ams/ammember/fx29id1.txt?? HTTP/1.1" 404 591 "-" "Mozilla/5.0" "webmaster-showcase.net"
96.9.132.197 - - [11/Mar/2010:16:16:52 -0800] "GET /logs/showfile.php/access_100209.log/////skin/board/moviefl/download.php?board_skin_path=http://www.noin9191.com/ams/ammember/fx29id1.txt?? HTTP/1.1" 200 1595 "-" "Mozilla/5.0" "www.webmaster-showcase.net"
96.9.132.197 - - [11/Mar/2010:16:16:52 -0800] "GET /logs/showfile.php/access_100212.log/////skin/board/moviefl/download.php?board_skin_path=http://www.noin9191.com/ams/ammember/fx29id1.txt?? HTTP/1.1" 200 1595 "-" "Mozilla/5.0" "webmaster-showcase.net"
96.9.132.197 - - [11/Mar/2010:16:16:52 -0800] "GET /logs/showfile.php/////skin/board/moviefl/download.php?board_skin_path=http://www.noin9191.com/ams/ammember/fx29id1.txt?? HTTP/1.1" 200 1595 "-" "Mozilla/5.0" "www.webmaster-showcase.net"
96.9.132.197 - - [11/Mar/2010:16:16:52 -0800] "GET /logs/////skin/board/moviefl/download.php?board_skin_path=http://www.noin9191.com/ams/ammember/fx29id1.txt?? HTTP/1.1" 404 601 "-" "Mozilla/5.0" "www.webmaster-showcase.net"
96.9.132.197 - - [11/Mar/2010:16:16:52 -0800] "GET ////skin/board/moviefl/download.php?board_skin_path=http://www.noin9191.com/ams/ammember/fx29id1.txt?? HTTP/1.1" 404 595 "-" "Mozilla/5.0" "www.webmaster-showcase.net"
94.102.63.11 - - [11/Mar/2010:16:16:58 -0800] "POST /phpBB2/posting.php?sid=616ff3e2b72702c3315a99e3473af4f1 HTTP/1.1" 404 579 "http://www.sindaesung.com/guest/process.php" "Mozilla/4.0 (compatible; MSIE 5.01; Windows NT 5.0)" "www.webmaster-showcase.net"
64.120.232.58 - - [11/Mar/2010:16:17:02 -0800] "POST /phpBB2/posting.php?sid=616ff3e2b72702c3315a99e3473af4f1 HTTP/1.1" 404 579 "http://www.sindaesung.com/guest/process.php" "Mozilla/4.0 (compatible; MSIE 5.01; Windows NT 5.0)" "www.webmaster-showcase.net"
65.39.140.138 - - [11/Mar/2010:16:17:03 -0800] "GET / HTTP/1.0" 200 686 "-" "Mozilla/4.0 (compatible; MSIE 6.0; Windows NT 5.1)" "www.webmaster-showcase.net"
165.132.30.11 - - [11/Mar/2010:16:17:17 -0800] "GET /components/com_joomlalib/standalone/stubjambo.php?baseDir=http://www.ingenieriacomercial.com/list/respon1.txt? HTTP/1.1" 404 606 "-" "Mozilla/5.0" "webmaster-showcase.net"
165.132.30.11 - - [11/Mar/2010:16:17:17 -0800] "GET /logs//components/com_joomlalib/standalone/stubjambo.php?baseDir=http://www.ingenieriacomercial.com/list/respon1.txt? HTTP/1.1" 404 612 "-" "Mozilla/5.0" "webmaster-showcase.net"
165.132.30.11 - - [11/Mar/2010:16:17:17 -0800] "GET /logs/showfile.php/access_100221.log%20%20//components/com_joomlalib/standalone/stubjambo.php?baseDir=http://www.ingenieriacomercial.com/list/respon1.txt? HTTP/1.1" 200 1595 "-" "Mozilla/5.0" "webmaster-showcase.net"
165.132.30.11 - - [11/Mar/2010:16:17:17 -0800] "GET /logs/showfile.php//components/com_joomlalib/standalone/stubjambo.php?baseDir=http://www.ingenieriacomercial.com/list/respon1.txt? HTTP/1.1" 200 1595 "-" "Mozilla/5.0" "webmaster-showcase.net"
64.120.232.58 - - [11/Mar/2010:16:17:26 -0800] "POST /phpBB2/posting.php?sid=616ff3e2b72702c3315a99e3473af4f1 HTTP/1.1" 404 579 "http://www.sindaesung.com/guest/process.php" "Mozilla/4.0 (compatible; MSIE 5.01; Windows NT 5.0)" "www.webmaster-showcase.net"
64.120.227.34 - - [11/Mar/2010:16:17:31 -0800] "POST /phpBB2/posting.php?sid=616ff3e2b72702c3315a99e3473af4f1 HTTP/1.1" 404 579 "http://www.sindaesung.com/guest/process.php" "Mozilla/4.0 (compatible; MSIE 5.01; Windows NT 5.0)" "www.webmaster-showcase.net"
94.102.63.11 - - [11/Mar/2010:16:17:40 -0800] "POST /phpBB2/posting.php?sid=616ff3e2b72702c3315a99e3473af4f1 HTTP/1.1" 404 579 "http://www.sindaesung.com/guest/process.php" "Mozilla/4.0 (compatible; MSIE 5.01; Windows NT 5.0)" "www.webmaster-showcase.net"
78.108.178.135 - - [11/Mar/2010:16:17:57 -0800] "GET /phpBB2/posting.php?mode=reply&t=28324 HTTP/1.1" 404 579 "http://www.webmaster-showcase.net/phpBB2/viewtopic.php?t=28324&start=?t=28324&postdays=0&postorder=asc&start=60" "Mozilla/4.0 (compatible; MSIE 6.0; Windows NT 5.0)" "www.webmaster-showcase.net"
94.141.50.82 - - [11/Mar/2010:16:17:58 -0800] "POST /phpBB2/posting.php HTTP/1.1" 404 579 "http://www.webmaster-showcase.net/phpBB2/posting.php?mode=reply&t=28324" "Mozilla/4.0 (compatible; MSIE 6.0; Windows NT 5.1)" "www.webmaster-showcase.net"
64.120.227.34 - - [11/Mar/2010:16:18:11 -0800] "POST /phpBB2/posting.php?sid=616ff3e2b72702c3315a99e3473af4f1 HTTP/1.1" 404 579 "http://www.sindaesung.com/guest/process.php" "Mozilla/4.0 (compatible; MSIE 5.01; Windows NT 5.0)" "www.webmaster-showcase.net"
64.120.232.58 - - [11/Mar/2010:16:18:14 -0800] "POST /phpBB2/posting.php?sid=616ff3e2b72702c3315a99e3473af4f1 HTTP/1.1" 404 579 "http://www.sindaesung.com/guest/process.php" "Mozilla/4.0 (compatible; MSIE 5.01; Windows NT 5.0)" "www.webmaster-showcase.net"
94.102.63.11 - - [11/Mar/2010:16:18:21 -0800] "POST /phpBB2/posting.php?sid=616ff3e2b72702c3315a99e3473af4f1 HTTP/1.1" 404 579 "http://www.sindaesung.com/guest/process.php" "Mozilla/4.0 (compatible; MSIE 5.01; Windows NT 5.0)" "www.webmaster-showcase.net"
64.120.232.58 - - [11/Mar/2010:16:18:23 -0800] "POST /phpBB2/posting.php?sid=616ff3e2b72702c3315a99e3473af4f1 HTTP/1.1" 404 579 "http://www.sindaesung.com/guest/process.php" "Mozilla/4.0 (compatible; MSIE 5.01; Windows NT 5.0)" "www.webmaster-showcase.net"
69.20.70.31 - - [11/Mar/2010:16:18:34 -0800] "GET / HTTP/1.0" 200 686 "-" "Mozilla/4.0 (compatible; MSIE 6.0; Windows NT 5.1)" "www.webmaster-showcase.net"
64.120.227.34 - - [11/Mar/2010:16:18:52 -0800] "POST /phpBB2/posting.php?sid=616ff3e2b72702c3315a99e3473af4f1 HTTP/1.1" 404 579 "http://www.sindaesung.com/guest/process.php" "Mozilla/4.0 (compatible; MSIE 5.01; Windows NT 5.0)" "www.webmaster-showcase.net"
64.120.232.58 - - [11/Mar/2010:16:18:54 -0800] "POST /phpBB2/posting.php?sid=616ff3e2b72702c3315a99e3473af4f1 HTTP/1.1" 404 579 "http://www.sindaesung.com/guest/process.php" "Mozilla/4.0 (compatible; MSIE 5.01; Windows NT 5.0)" "www.webmaster-showcase.net"
94.102.63.11 - - [11/Mar/2010:16:19:02 -0800] "POST /phpBB2/posting.php?sid=616ff3e2b72702c3315a99e3473af4f1 HTTP/1.1" 404 579 "http://www.sindaesung.com/guest/process.php" "Mozilla/4.0 (compatible; MSIE 5.01; Windows NT 5.0)" "www.webmaster-showcase.net"
65.17.253.220 - - [11/Mar/2010:16:19:04 -0800] "GET / HTTP/1.0" 200 686 "-" "Mozilla/4.0 (compatible; MSIE 6.0; Windows NT 5.1)" "www.webmaster-showcase.net"
64.120.232.58 - - [11/Mar/2010:16:19:26 -0800] "POST /phpBB2/posting.php?sid=616ff3e2b72702c3315a99e3473af4f1 HTTP/1.1" 404 579 "http://www.sindaesung.com/guest/process.php" "Mozilla/4.0 (compatible; MSIE 5.01; Windows NT 5.0)" "www.webmaster-showcase.net"
64.120.227.34 - - [11/Mar/2010:16:19:30 -0800] "POST /phpBB2/posting.php?sid=616ff3e2b72702c3315a99e3473af4f1 HTTP/1.1" 404 579 "http://www.sindaesung.com/guest/process.php" "Mozilla/4.0 (compatible; MSIE 5.01; Windows NT 5.0)" "www.webmaster-showcase.net"
94.102.63.11 - - [11/Mar/2010:16:19:34 -0800] "POST /phpBB2/posting.php?sid=616ff3e2b72702c3315a99e3473af4f1 HTTP/1.1" 404 579 "http://www.sindaesung.com/guest/process.php" "Mozilla/4.0 (compatible; MSIE 5.01; Windows NT 5.0)" "www.webmaster-showcase.net"
64.120.232.58 - - [11/Mar/2010:16:19:46 -0800] "POST /phpBB2/posting.php?sid=616ff3e2b72702c3315a99e3473af4f1 HTTP/1.1" 404 579 "http://www.sindaesung.com/guest/process.php" "Mozilla/4.0 (compatible; MSIE 5.01; Windows NT 5.0)" "www.webmaster-showcase.net"
64.120.227.34 - - [11/Mar/2010:16:20:04 -0800] "POST /phpBB2/posting.php?sid=616ff3e2b72702c3315a99e3473af4f1 HTTP/1.1" 404 579 "http://www.sindaesung.com/guest/process.php" "Mozilla/4.0 (compatible; MSIE 5.01; Windows NT 5.0)" "www.webmaster-showcase.net"
94.102.63.11 - - [11/Mar/2010:16:20:18 -0800] "POST /phpBB2/posting.php?sid=616ff3e2b72702c3315a99e3473af4f1 HTTP/1.1" 404 579 "http://www.sindaesung.com/guest/process.php" "Mozilla/4.0 (compatible; MSIE 5.01; Windows NT 5.0)" "www.webmaster-showcase.net"
64.120.232.58 - - [11/Mar/2010:16:20:20 -0800] "POST /phpBB2/posting.php?sid=616ff3e2b72702c3315a99e3473af4f1 HTTP/1.1" 404 579 "http://www.sindaesung.com/guest/process.php" "Mozilla/4.0 (compatible; MSIE 5.01; Windows NT 5.0)" "www.webmaster-showcase.net"
165.132.30.11 - - [11/Mar/2010:16:20:23 -0800] "GET /components/com_joomlalib/standalone/stubjambo.php?baseDir=http://www.ingenieriacomercial.com/list/respon1.txt? HTTP/1.1" 404 606 "-" "Mozilla/5.0" "webmaster-showcase.net"
165.132.30.11 - - [11/Mar/2010:16:20:23 -0800] "GET /logs//components/com_joomlalib/standalone/stubjambo.php?baseDir=http://www.ingenieriacomercial.com/list/respon1.txt? HTTP/1.1" 404 612 "-" "Mozilla/5.0" "webmaster-showcase.net"
165.132.30.11 - - [11/Mar/2010:16:20:23 -0800] "GET /logs/showfile.php/access_100221.log%20%20//components/com_joomlalib/standalone/stubjambo.php?baseDir=http://www.ingenieriacomercial.com/list/respon1.txt? HTTP/1.1" 200 1595 "-" "Mozilla/5.0" "webmaster-showcase.net"
165.132.30.11 - - [11/Mar/2010:16:20:23 -0800] "GET /logs/showfile.php//components/com_joomlalib/standalone/stubjambo.php?baseDir=http://www.ingenieriacomercial.com/list/respon1.txt? HTTP/1.1" 200 1595 "-" "Mozilla/5.0" "webmaster-showcase.net"
64.120.232.58 - - [11/Mar/2010:16:20:48 -0800] "POST /phpBB2/posting.php?sid=616ff3e2b72702c3315a99e3473af4f1 HTTP/1.1" 404 579 "http://www.sindaesung.com/guest/process.php" "Mozilla/4.0 (compatible; MSIE 5.01; Windows NT 5.0)" "www.webmaster-showcase.net"
64.120.227.34 - - [11/Mar/2010:16:20:52 -0800] "POST /phpBB2/posting.php?sid=616ff3e2b72702c3315a99e3473af4f1 HTTP/1.1" 404 579 "http://www.sindaesung.com/guest/process.php" "Mozilla/4.0 (compatible; MSIE 5.01; Windows NT 5.0)" "www.webmaster-showcase.net"
94.102.63.11 - - [11/Mar/2010:16:21:00 -0800] "POST /phpBB2/posting.php?sid=616ff3e2b72702c3315a99e3473af4f1 HTTP/1.1" 404 579 "http://www.sindaesung.com/guest/process.php" "Mozilla/4.0 (compatible; MSIE 5.01; Windows NT 5.0)" "www.webmaster-showcase.net"
64.120.232.58 - - [11/Mar/2010:16:21:23 -0800] "POST /phpBB2/posting.php?sid=616ff3e2b72702c3315a99e3473af4f1 HTTP/1.1" 404 579 "http://www.sindaesung.com/guest/process.php" "Mozilla/4.0 (compatible; MSIE 5.01; Windows NT 5.0)" "www.webmaster-showcase.net"
64.120.227.34 - - [11/Mar/2010:16:21:32 -0800] "POST /phpBB2/posting.php?sid=616ff3e2b72702c3315a99e3473af4f1 HTTP/1.1" 404 579 "http://www.sindaesung.com/guest/process.php" "Mozilla/4.0 (compatible; MSIE 5.01; Windows NT 5.0)" "www.webmaster-showcase.net"
94.102.63.11 - - [11/Mar/2010:16:21:40 -0800] "POST /phpBB2/posting.php?sid=616ff3e2b72702c3315a99e3473af4f1 HTTP/1.1" 404 579 "http://www.sindaesung.com/guest/process.php" "Mozilla/4.0 (compatible; MSIE 5.01; Windows NT 5.0)" "www.webmaster-showcase.net"
64.120.232.58 - - [11/Mar/2010:16:21:48 -0800] "POST /phpBB2/posting.php?sid=616ff3e2b72702c3315a99e3473af4f1 HTTP/1.1" 404 579 "http://www.sindaesung.com/guest/process.php" "Mozilla/4.0 (compatible; MSIE 5.01; Windows NT 5.0)" "www.webmaster-showcase.net"
208.109.21.238 - - [11/Mar/2010:16:22:03 -0800] "GET / HTTP/1.0" 200 686 "-" "Mozilla/4.0 (compatible; MSIE 6.0; Windows NT 5.1)" "www.webmaster-showcase.net"
64.120.232.58 - - [11/Mar/2010:16:22:15 -0800] "POST /phpBB2/posting.php?sid=616ff3e2b72702c3315a99e3473af4f1 HTTP/1.1" 404 579 "http://www.sindaesung.com/guest/process.php" "Mozilla/4.0 (compatible; MSIE 5.01; Windows NT 5.0)" "www.webmaster-showcase.net"
94.102.63.11 - - [11/Mar/2010:16:22:24 -0800] "POST /phpBB2/posting.php?sid=616ff3e2b72702c3315a99e3473af4f1 HTTP/1.1" 404 579 "http://www.sindaesung.com/guest/process.php" "Mozilla/4.0 (compatible; MSIE 5.01; Windows NT 5.0)" "www.webmaster-showcase.net"
64.120.232.58 - - [11/Mar/2010:16:22:46 -0800] "POST /phpBB2/posting.php?sid=616ff3e2b72702c3315a99e3473af4f1 HTTP/1.1" 404 579 "http://www.sindaesung.com/guest/process.php" "Mozilla/4.0 (compatible; MSIE 5.01; Windows NT 5.0)" "www.webmaster-showcase.net"
64.120.227.34 - - [11/Mar/2010:16:22:52 -0800] "POST /phpBB2/posting.php?sid=616ff3e2b72702c3315a99e3473af4f1 HTTP/1.1" 404 579 "http://www.sindaesung.com/guest/process.php" "Mozilla/4.0 (compatible; MSIE 5.01; Windows NT 5.0)" "www.webmaster-showcase.net"
203.250.124.252 - - [11/Mar/2010:16:22:55 -0800] "GET /components/com_joomlalib/standalone/stubjambo.php?baseDir=http://www.ingenieriacomercial.com/list/respon1.txt? HTTP/1.1" 404 606 "-" "Mozilla/5.0" "webmaster-showcase.net"
203.250.124.252 - - [11/Mar/2010:16:22:55 -0800] "GET /logs//components/com_joomlalib/standalone/stubjambo.php?baseDir=http://www.ingenieriacomercial.com/list/respon1.txt? HTTP/1.1" 404 612 "-" "Mozilla/5.0" "webmaster-showcase.net"
203.250.124.252 - - [11/Mar/2010:16:22:55 -0800] "GET /logs/showfile.php/access_100221.log%20%20//components/com_joomlalib/standalone/stubjambo.php?baseDir=http://www.ingenieriacomercial.com/list/respon1.txt? HTTP/1.1" 200 1595 "-" "Mozilla/5.0" "webmaster-showcase.net"
203.250.124.252 - - [11/Mar/2010:16:22:55 -0800] "GET /logs/showfile.php//components/com_joomlalib/standalone/stubjambo.php?baseDir=http://www.ingenieriacomercial.com/list/respon1.txt? HTTP/1.1" 200 1595 "-" "Mozilla/5.0" "webmaster-showcase.net"
94.102.63.11 - - [11/Mar/2010:16:23:02 -0800] "POST /phpBB2/posting.php?sid=616ff3e2b72702c3315a99e3473af4f1 HTTP/1.1" 404 579 "http://www.sindaesung.com/guest/process.php" "Mozilla/4.0 (compatible; MSIE 5.01; Windows NT 5.0)" "www.webmaster-showcase.net"
64.120.232.58 - - [11/Mar/2010:16:23:13 -0800] "POST /phpBB2/posting.php?sid=616ff3e2b72702c3315a99e3473af4f1 HTTP/1.1" 404 579 "http://www.sindaesung.com/guest/process.php" "Mozilla/4.0 (compatible; MSIE 5.01; Windows NT 5.0)" "www.webmaster-showcase.net"
58.61.164.141 - - [11/Mar/2010:16:23:28 -0800] "GET / HTTP/1.1" 200 686 "-" "Mozilla/4.0 (compatible; MSIE 6.0; Windows NT 5.1)" "www.webmaster-showcase.net"
64.120.227.34 - - [11/Mar/2010:16:23:32 -0800] "POST /phpBB2/posting.php?sid=616ff3e2b72702c3315a99e3473af4f1 HTTP/1.1" 404 579 "http://www.sindaesung.com/guest/process.php" "Mozilla/4.0 (compatible; MSIE 5.01; Windows NT 5.0)" "www.webmaster-showcase.net"
212.95.226.66 - - [11/Mar/2010:16:23:34 -0800] "GET / HTTP/1.0" 200 686 "-" "Mozilla/4.0 (compatible; MSIE 6.0; Windows NT 5.1)" "www.webmaster-showcase.net"
94.102.63.11 - - [11/Mar/2010:16:23:39 -0800] "POST /phpBB2/posting.php?sid=616ff3e2b72702c3315a99e3473af4f1 HTTP/1.1" 404 579 "http://www.sindaesung.com/guest/process.php" "Mozilla/4.0 (compatible; MSIE 5.01; Windows NT 5.0)" "www.webmaster-showcase.net"
64.120.232.58 - - [11/Mar/2010:16:23:51 -0800] "POST /phpBB2/posting.php?sid=616ff3e2b72702c3315a99e3473af4f1 HTTP/1.1" 404 579 "http://www.sindaesung.com/guest/process.php" "Mozilla/4.0 (compatible; MSIE 5.01; Windows NT 5.0)" "www.webmaster-showcase.net"
64.120.227.34 - - [11/Mar/2010:16:24:10 -0800] "POST /phpBB2/posting.php?sid=616ff3e2b72702c3315a99e3473af4f1 HTTP/1.1" 404 579 "http://www.sindaesung.com/guest/process.php" "Mozilla/4.0 (compatible; MSIE 5.01; Windows NT 5.0)" "www.webmaster-showcase.net"
58.61.164.141 - - [11/Mar/2010:16:24:22 -0800] "GET /nav.php HTTP/1.1" 200 4763 "http://www.webmaster-showcase.net/" "Mozilla/4.0 (compatible; MSIE 6.0; Windows NT 5.1)" "www.webmaster-showcase.net"
94.102.63.11 - - [11/Mar/2010:16:24:23 -0800] "POST /phpBB2/posting.php?sid=616ff3e2b72702c3315a99e3473af4f1 HTTP/1.1" 404 579 "http://www.sindaesung.com/guest/process.php" "Mozilla/4.0 (compatible; MSIE 5.01; Windows NT 5.0)" "www.webmaster-showcase.net"
58.61.164.141 - - [11/Mar/2010:16:24:23 -0800] "GET /main.php HTTP/1.1" 200 5272 "http://www.webmaster-showcase.net/" "Mozilla/4.0 (compatible; MSIE 6.0; Windows NT 5.1)" "www.webmaster-showcase.net"
64.120.232.58 - - [11/Mar/2010:16:24:38 -0800] "POST /phpBB2/posting.php?sid=616ff3e2b72702c3315a99e3473af4f1 HTTP/1.1" 404 579 "http://www.sindaesung.com/guest/process.php" "Mozilla/4.0 (compatible; MSIE 5.01; Windows NT 5.0)" "www.webmaster-showcase.net"
64.120.227.34 - - [11/Mar/2010:16:24:54 -0800] "POST /phpBB2/posting.php?sid=616ff3e2b72702c3315a99e3473af4f1 HTTP/1.1" 404 579 "http://www.sindaesung.com/guest/process.php" "Mozilla/4.0 (compatible; MSIE 5.01; Windows NT 5.0)" "www.webmaster-showcase.net"
94.102.63.11 - - [11/Mar/2010:16:25:06 -0800] "POST /phpBB2/posting.php?sid=616ff3e2b72702c3315a99e3473af4f1 HTTP/1.1" 404 579 "http://www.sindaesung.com/guest/process.php" "Mozilla/4.0 (compatible; MSIE 5.01; Windows NT 5.0)" "www.webmaster-showcase.net"
64.120.232.58 - - [11/Mar/2010:16:25:15 -0800] "POST /phpBB2/posting.php?sid=616ff3e2b72702c3315a99e3473af4f1 HTTP/1.1" 404 579 "http://www.sindaesung.com/guest/process.php" "Mozilla/4.0 (compatible; MSIE 5.01; Windows NT 5.0)" "www.webmaster-showcase.net"
64.120.227.34 - - [11/Mar/2010:16:25:37 -0800] "POST /phpBB2/posting.php?sid=616ff3e2b72702c3315a99e3473af4f1 HTTP/1.1" 404 579 "http://www.sindaesung.com/guest/process.php" "Mozilla/4.0 (compatible; MSIE 5.01; Windows NT 5.0)" "www.webmaster-showcase.net"
64.120.232.58 - - [11/Mar/2010:16:25:47 -0800] "POST /phpBB2/posting.php?sid=616ff3e2b72702c3315a99e3473af4f1 HTTP/1.1" 404 579 "http://www.sindaesung.com/guest/process.php" "Mozilla/4.0 (compatible; MSIE 5.01; Windows NT 5.0)" "www.webmaster-showcase.net"
94.102.63.11 - - [11/Mar/2010:16:25:53 -0800] "POST /phpBB2/posting.php?sid=616ff3e2b72702c3315a99e3473af4f1 HTTP/1.1" 404 579 "http://www.sindaesung.com/guest/process.php" "Mozilla/4.0 (compatible; MSIE 5.01; Windows NT 5.0)" "www.webmaster-showcase.net"
62.149.226.208 - - [11/Mar/2010:16:26:03 -0800] "GET / HTTP/1.0" 200 686 "-" "Mozilla/4.0 (compatible; MSIE 6.0; Windows NT 5.1)" "www.webmaster-showcase.net"
64.120.227.34 - - [11/Mar/2010:16:26:12 -0800] "POST /phpBB2/posting.php?sid=616ff3e2b72702c3315a99e3473af4f1 HTTP/1.1" 404 579 "http://www.sindaesung.com/guest/process.php" "Mozilla/4.0 (compatible; MSIE 5.01; Windows NT 5.0)" "www.webmaster-showcase.net"
64.120.232.58 - - [11/Mar/2010:16:26:13 -0800] "POST /phpBB2/posting.php?sid=616ff3e2b72702c3315a99e3473af4f1 HTTP/1.1" 404 579 "http://www.sindaesung.com/guest/process.php" "Mozilla/4.0 (compatible; MSIE 5.01; Windows NT 5.0)" "www.webmaster-showcase.net"
94.102.63.11 - - [11/Mar/2010:16:26:28 -0800] "POST /phpBB2/posting.php?sid=616ff3e2b72702c3315a99e3473af4f1 HTTP/1.1" 404 579 "http://www.sindaesung.com/guest/process.php" "Mozilla/4.0 (compatible; MSIE 5.01; Windows NT 5.0)" "www.webmaster-showcase.net"
